{"id":99457,"date":"2021-11-13T00:31:44","date_gmt":"2021-11-13T00:31:44","guid":{"rendered":"https:\/\/espak.ee\/epood\/?post_type=product&#038;p=99457"},"modified":"2024-09-30T08:41:53","modified_gmt":"2024-09-30T05:41:53","slug":"klaasvill-isover-rkl-facade-30-3012001800mm","status":"publish","type":"product","link":"https:\/\/espak.ee\/epood\/toode\/klaasvill-isover-rkl-facade-30-3012001800mm\/","title":{"rendered":"KLAASVILL ISOVER RKL FACADE 30 30*1200*1800MM"},"content":{"rendered":"<div class=\"row\"  id=\"row-1105855495\">\n\n\t<div id=\"col-1511921490\" class=\"col medium-9 small-12 large-9\"  >\n\t\t\t\t<div class=\"col-inner\"  >\n\t\t\t\n\t\t\t\n<h3>Klaasvill ISOVER RKL FACADE<\/h3>\n<p>ISOVER RKL FACADE (endine tootenimetus RKL-31 FACADE) on kombineeritud soojustus- ja tuulet\u00f5kkeplaat, mis on v\u00e4lja t\u00f6\u00f6tatud niiskustehniliselt keerukate tingimuste jaoks. ISOVER RKL FACADE sobib kasutamiseks ka renoveerimislahenduse juures vanade piirete t\u00e4iendavaks v\u00e4lispidiseks lisasoojustamiseks. FACADE pinnakate on veeauru v\u00e4ga h\u00e4sti l\u00e4bilaskev, tagades samal ajal vihmavee- ja tuuletiheduse. FACADE toode suudab taluda otsest UV-kiirgust 6 kuu jooksul kaotamata oma omadusi tingimustes, kus l\u00f5plik fassaadiviimistlus on veel paigaldamata. Toode on mittep\u00f5lev ning omab parimat isolatsiooniv\u00f5imet mineraalvillast tuulet\u00f5kketoodete seas (lambda 0,031 W\/mK). <\/p>\n<p><strong>Kasutamine<\/strong><br \/>\nISOVER RKL FACADE tooteid kasutatakse peamiselt tuulet\u00f5kkeks ja t\u00e4iendavaks soojusisolatsiooniks v\u00e4lisseintes, p\u00f6\u00f6ningutel ja tuulutatavates p\u00f5randaalustes. Toodet kasutatakse uusehitistes v\u00f5i renoveeritavates hoonetes nii k\u00f5rghoonete kui ka v\u00e4iksemate elamute puhul. Kuna Facade pinnakate laseb kergesti veeauru v\u00e4ljapoole, siis toode on sobiv v\u00e4lispidiseks lisasoojustamiseks renoveerimislahendustes. RKL FACADE on mittep\u00f5lev ning tuld mittelevitav. Tuleohutuse klass on A2-s1,d0, toode sobib kasutamiseks ehitistes ja selle osades, mille tuleohutusklass on TP1 (tulekindel) ja TP2 (tuld takistav) ning ka TP3 (tuldkartev). Plaatide pikemas k\u00fcljes olev punnsoon\u00fchendus tagab plaatide omavahelistele liitkohtadele tuulekindla ning k\u00fclmasillavaba \u00fchenduse. RKL FACADE plaatide k\u00f5ik omavahelised \u00fchenduskohad tuleb t\u00e4iendavalt tihendada s\u00fcsteemi kuuluva FACADE tihendusteibiga. ISOVER RKL FACADE tootel on UV-kindlus 6 kuud. Ilma l\u00f5plikku fassaadikihti paigaldamata s\u00e4ilivad toote omadused otsese ilmastiku k\u00e4es 6 kuu jooksul. S\u00fcsteemi kuuluv ISOVER FACADE Tape tihenduslindil on samuti UV-kindlus 6 kuud.<\/p>\n<p><strong>Paigaldus<\/strong><br \/>\nKonstruktsiooni p\u00f5hisoojustus tuleb paigaldada karkassi vahele kuivades tingimustes ning projekteerija juhiseid j\u00e4rgides. ISOVER RKL FACADE kinnitatakse hoone karkassile kas m\u00fc\u00fcrisidemete, laiemate alusseibide (kruvidele) v\u00f5i distantspukside abil. M\u00fc\u00fcrisidemete v\u00f5i muude kinnitusvahendite kulu on ligikaudu 4-6 tk\/m\u00b2 ja kinnitusdetailide omavaheline samm m\u00f6\u00f6da karkassi on ca 600 mm. Varuv\u00e4ljap\u00e4\u00e4sude, seinaredelite ning muude fassaadile kinnituvate lisakoormuste puhul on kinnitite omavaheline samm tihedam &#8211; 300 mm. Tuulet\u00f5kkeplaatide peale paigaldatavad tuulutusliistud kinnitatakse puitkarkasshoonete puhul \u00fcldjuhul kruvidega kui tuulet\u00f5kkeplaatide paksused on vahemikus 50-100 mm. 25 ja 30 mm paksuste tuulet\u00f5kkeplaatide puhul v\u00f5ib kasutada kinnitamiseks ehitusnaelu. Tuulet\u00f5kkeplaatide paksusega 75 ja 100 mm k\u00fclmasillavabaks kinnitamiseks on olemas RKL Termofix paigalduskomplektid. Konstruktsiooni tuulepidavuse tagamiseks tuleb RKL FACADE plaatide k\u00f5ik omavahelised liitekohad tihendada FACADE 60 mm laiuse teibiga. Hoone v\u00e4lisnurkades kasutatakse laiemat FACADE 90 mm teipi, mis tagab kriitilisele kohale kindlama tuuletiheduse. Plaatide omavaheliste \u00fchenduskohtade tihendamine teibiga tuleb teostada samal p\u00e4eval, kui toimub plaatide paigaldamine. Seel\u00e4bi v\u00e4lditakse v\u00f5imalikku niiskuse tungimist plaatide vahele ning v\u00f5imalust, et tugev tuul hakkaks spetsiaalkatet lahti rebima. Et tagada teibile hea nakkuvus aluspinnaga peavad teibitavad plaadi pinnad olema puhtad (tolmuvabad) ja kuivad ning \u00f5hutemperatuur peab olema v\u00e4hemalt -5\u00b0C. K\u00fclmades tingimustes tuleb teibitavat aluspinda eelnevalt soojendada, samuti peab hoolitsema selle eest, et tihendusteip ise omaks piisavat temperatuuri. Kui paigaldamise temperatuur on alla +5 \u00b0 C, tuleb teipi k\u00f5vemini vastu aluspinda suruda parema nakkumise saavutamiseks. Tihendusteip saavutab parima nakkuvuse m\u00f5ni minut p\u00e4rast paigaldamist. Teibi kulu arvestus 1 m\u00b2 tuulet\u00f5kkeplaadi kohta: 1,4 jm teipi 1200&#215;1800 mm plaadi puhul ja 1,2 jm teipi 1200x3000mm plaadi puhul. Teibi kulule lisandub avat\u00e4idete \u00fcmberm\u00f5\u00f5t! Kohtades, kus tuulet\u00f5kkeplaat liitub muude konstruktsioonidega, tuleb tuulet\u00f5kkeplaadi ning konstruktsioonide liitmiseks\/tihendamiseks kasutada ilmastikukindlat neutraalsilikooni, mis tagab elastse \u00fchenduse.<\/p>\n<p><strong>Ladustamistingimused<\/strong><br \/>\nToodete ja pakendite k\u00e4sitlemisel tuleb j\u00e4rgida pakendil v\u00f5i tootja spetsiaalses kasutusjuhendis esitatud juhiseid. Ladustamisel kaitsta sademete eest.<\/p>\n\t\t<\/div>\n\t\t\t\t\t<\/div>\n\n\t\n\n\t<div id=\"col-724209300\" class=\"col medium-3 small-12 large-3\"  >\n\t\t\t\t<div class=\"col-inner\"  >\n\t\t\t\n\t\t\t\n\t<div id=\"gap-1857142653\" class=\"gap-element clearfix\" style=\"display:block; height:auto;\">\n\t\t\n<style>\n#gap-1857142653 {\n  padding-top: 30px;\n}\n<\/style>\n\t<\/div>\n\t\n<h3>Ohutuskaart<\/h3>\n<p><a href=\"https:\/\/espak.ee\/epood\/wp-content\/uploads\/2021\/11\/Glasswool_S-G_Finland_OY_et-1.pdf\"target=\"_blank\" rel=\"noopener noreferrer\"><i class=\"far fa-file-pdf\"><\/i> Ohutuskaart (PDF)<\/a><\/p>\n<h3>K\u00e4sitsemise juhised<\/h3>\n<p><a href=\"https:\/\/espak.ee\/epood\/wp-content\/uploads\/2021\/11\/kasitsemise_juhised-1.pdf\"target=\"_blank\" rel=\"noopener noreferrer\"><i class=\"far fa-file-pdf\"><\/i> K\u00e4sitsemise juhised (PDF)<\/a><\/p>\n<h3>Soojustuste tabel<\/h3>\n<p><a href=\"https:\/\/espak.ee\/epood\/wp-content\/uploads\/2023\/03\/isover_toodete_soojustakistuste_tabel_0.pdf\"target=\"_blank\" rel=\"noopener noreferrer\"><i class=\"far fa-file-pdf\"><\/i> Soojustuste tabel (PDF)<\/a><\/p>\n<h3>DoP<\/h3>\n<p><a href=\"https:\/\/espak.ee\/epood\/wp-content\/uploads\/2021\/11\/RKL-31_FACADE_DoP.pdf\"target=\"_blank\" rel=\"noopener noreferrer\"><i class=\"far fa-file-pdf\"><\/i> DoP (PDF)<\/a><\/p>\n<div class=\"is-divider divider clearfix\" ><\/div>\n<p><strong>\u00dcksikasjalikuma n\u00f5u saamiseks v\u00f5tke \u00fchendust:<br \/><\/strong>SAINT-GOBAIN EESTI AS<br \/>Peterburi tee 75<br \/>Tallinn, 11415<br \/>Telefon: +372 6209 510<\/p>\n<div class=\"is-divider divider clearfix\" ><\/div>\n\t\t<\/div>\n\t\t\t\t\t<\/div>\n\n\t\n<\/div>\n","protected":false},"excerpt":{"rendered":"","protected":false},"featured_media":161662,"comment_status":"closed","ping_status":"closed","template":"","meta":[],"product_brand":[],"product_cat":[4212,2718,3510,2697],"product_tag":[],"class_list":{"0":"post-99457","1":"product","2":"type-product","3":"status-publish","4":"has-post-thumbnail","6":"product_cat-eri-ja-tehniline-klaasvill","7":"product_cat-isolatsioonimaterjalid","8":"product_cat-klaasvill","9":"product_cat-uldehitus","10":"pa_kaubamark-saint-gobain-ehitustooted-as","12":"first","13":"instock","14":"sale","15":"taxable","16":"shipping-taxable","17":"purchasable","18":"product-type-simple"},"yoast_head":"<!-- This site is optimized with the Yoast SEO plugin v26.9 - https:\/\/yoast.com\/product\/yoast-seo-wordpress\/ -->\n<title>KLAASVILL ISOVER RKL FACADE 30 30*1200*1800MM - Espak E-pood<\/title>\n<meta name=\"robots\" content=\"index, follow, max-snippet:-1, max-image-preview:large, max-video-preview:-1\" \/>\n<link rel=\"canonical\" href=\"https:\/\/espak.ee\/epood\/toode\/klaasvill-isover-rkl-facade-30-3012001800mm\/\" \/>\n<meta property=\"og:locale\" content=\"et_EE\" \/>\n<meta property=\"og:type\" content=\"article\" \/>\n<meta property=\"og:title\" content=\"KLAASVILL ISOVER RKL FACADE 30 30*1200*1800MM - Espak E-pood\" \/>\n<meta property=\"og:url\" content=\"https:\/\/espak.ee\/epood\/toode\/klaasvill-isover-rkl-facade-30-3012001800mm\/\" \/>\n<meta property=\"og:site_name\" content=\"Espak E-pood\" \/>\n<meta property=\"article:modified_time\" content=\"2024-09-30T05:41:53+00:00\" \/>\n<meta property=\"og:image\" content=\"https:\/\/espak.ee\/epood\/wp-content\/uploads\/2021\/11\/rkl-facade.jpg\" \/>\n\t<meta property=\"og:image:width\" content=\"800\" \/>\n\t<meta property=\"og:image:height\" content=\"800\" \/>\n\t<meta property=\"og:image:type\" content=\"image\/jpeg\" \/>\n<meta name=\"twitter:card\" content=\"summary_large_image\" \/>\n<meta name=\"twitter:label1\" content=\"Est. reading time\" \/>\n\t<meta name=\"twitter:data1\" content=\"3 minutit\" \/>\n<script type=\"application\/ld+json\" class=\"yoast-schema-graph\">{\"@context\":\"https:\/\/schema.org\",\"@graph\":[{\"@type\":\"WebPage\",\"@id\":\"https:\/\/espak.ee\/epood\/toode\/klaasvill-isover-rkl-facade-30-3012001800mm\/\",\"url\":\"https:\/\/espak.ee\/epood\/toode\/klaasvill-isover-rkl-facade-30-3012001800mm\/\",\"name\":\"KLAASVILL ISOVER RKL FACADE 30 30*1200*1800MM - Espak E-pood\",\"isPartOf\":{\"@id\":\"https:\/\/espak.ee\/epood\/#website\"},\"primaryImageOfPage\":{\"@id\":\"https:\/\/espak.ee\/epood\/toode\/klaasvill-isover-rkl-facade-30-3012001800mm\/#primaryimage\"},\"image\":{\"@id\":\"https:\/\/espak.ee\/epood\/toode\/klaasvill-isover-rkl-facade-30-3012001800mm\/#primaryimage\"},\"thumbnailUrl\":\"https:\/\/espak.ee\/epood\/wp-content\/uploads\/2021\/11\/rkl-facade.jpg\",\"datePublished\":\"2021-11-13T00:31:44+00:00\",\"dateModified\":\"2024-09-30T05:41:53+00:00\",\"breadcrumb\":{\"@id\":\"https:\/\/espak.ee\/epood\/toode\/klaasvill-isover-rkl-facade-30-3012001800mm\/#breadcrumb\"},\"inLanguage\":\"et\",\"potentialAction\":[{\"@type\":\"ReadAction\",\"target\":[\"https:\/\/espak.ee\/epood\/toode\/klaasvill-isover-rkl-facade-30-3012001800mm\/\"]}]},{\"@type\":\"ImageObject\",\"inLanguage\":\"et\",\"@id\":\"https:\/\/espak.ee\/epood\/toode\/klaasvill-isover-rkl-facade-30-3012001800mm\/#primaryimage\",\"url\":\"https:\/\/espak.ee\/epood\/wp-content\/uploads\/2021\/11\/rkl-facade.jpg\",\"contentUrl\":\"https:\/\/espak.ee\/epood\/wp-content\/uploads\/2021\/11\/rkl-facade.jpg\",\"width\":800,\"height\":800},{\"@type\":\"BreadcrumbList\",\"@id\":\"https:\/\/espak.ee\/epood\/toode\/klaasvill-isover-rkl-facade-30-3012001800mm\/#breadcrumb\",\"itemListElement\":[{\"@type\":\"ListItem\",\"position\":1,\"name\":\"Home\",\"item\":\"https:\/\/espak.ee\/epood\/\"},{\"@type\":\"ListItem\",\"position\":2,\"name\":\"Tootevalik\",\"item\":\"https:\/\/espak.ee\/epood\/tootevalik\/\"},{\"@type\":\"ListItem\",\"position\":3,\"name\":\"KLAASVILL ISOVER RKL FACADE 30 30*1200*1800MM\"}]},{\"@type\":\"WebSite\",\"@id\":\"https:\/\/espak.ee\/epood\/#website\",\"url\":\"https:\/\/espak.ee\/epood\/\",\"name\":\"Espak E-pood\",\"description\":\"\",\"potentialAction\":[{\"@type\":\"SearchAction\",\"target\":{\"@type\":\"EntryPoint\",\"urlTemplate\":\"https:\/\/espak.ee\/epood\/?s={search_term_string}\"},\"query-input\":{\"@type\":\"PropertyValueSpecification\",\"valueRequired\":true,\"valueName\":\"search_term_string\"}}],\"inLanguage\":\"et\"}]}<\/script>\n<!-- \/ Yoast SEO plugin. -->","yoast_head_json":{"title":"KLAASVILL ISOVER RKL FACADE 30 30*1200*1800MM - Espak E-pood","robots":{"index":"index","follow":"follow","max-snippet":"max-snippet:-1","max-image-preview":"max-image-preview:large","max-video-preview":"max-video-preview:-1"},"canonical":"https:\/\/espak.ee\/epood\/toode\/klaasvill-isover-rkl-facade-30-3012001800mm\/","og_locale":"et_EE","og_type":"article","og_title":"KLAASVILL ISOVER RKL FACADE 30 30*1200*1800MM - Espak E-pood","og_url":"https:\/\/espak.ee\/epood\/toode\/klaasvill-isover-rkl-facade-30-3012001800mm\/","og_site_name":"Espak E-pood","article_modified_time":"2024-09-30T05:41:53+00:00","og_image":[{"width":800,"height":800,"url":"https:\/\/espak.ee\/epood\/wp-content\/uploads\/2021\/11\/rkl-facade.jpg","type":"image\/jpeg"}],"twitter_card":"summary_large_image","twitter_misc":{"Est. reading time":"3 minutit"},"schema":{"@context":"https:\/\/schema.org","@graph":[{"@type":"WebPage","@id":"https:\/\/espak.ee\/epood\/toode\/klaasvill-isover-rkl-facade-30-3012001800mm\/","url":"https:\/\/espak.ee\/epood\/toode\/klaasvill-isover-rkl-facade-30-3012001800mm\/","name":"KLAASVILL ISOVER RKL FACADE 30 30*1200*1800MM - Espak E-pood","isPartOf":{"@id":"https:\/\/espak.ee\/epood\/#website"},"primaryImageOfPage":{"@id":"https:\/\/espak.ee\/epood\/toode\/klaasvill-isover-rkl-facade-30-3012001800mm\/#primaryimage"},"image":{"@id":"https:\/\/espak.ee\/epood\/toode\/klaasvill-isover-rkl-facade-30-3012001800mm\/#primaryimage"},"thumbnailUrl":"https:\/\/espak.ee\/epood\/wp-content\/uploads\/2021\/11\/rkl-facade.jpg","datePublished":"2021-11-13T00:31:44+00:00","dateModified":"2024-09-30T05:41:53+00:00","breadcrumb":{"@id":"https:\/\/espak.ee\/epood\/toode\/klaasvill-isover-rkl-facade-30-3012001800mm\/#breadcrumb"},"inLanguage":"et","potentialAction":[{"@type":"ReadAction","target":["https:\/\/espak.ee\/epood\/toode\/klaasvill-isover-rkl-facade-30-3012001800mm\/"]}]},{"@type":"ImageObject","inLanguage":"et","@id":"https:\/\/espak.ee\/epood\/toode\/klaasvill-isover-rkl-facade-30-3012001800mm\/#primaryimage","url":"https:\/\/espak.ee\/epood\/wp-content\/uploads\/2021\/11\/rkl-facade.jpg","contentUrl":"https:\/\/espak.ee\/epood\/wp-content\/uploads\/2021\/11\/rkl-facade.jpg","width":800,"height":800},{"@type":"BreadcrumbList","@id":"https:\/\/espak.ee\/epood\/toode\/klaasvill-isover-rkl-facade-30-3012001800mm\/#breadcrumb","itemListElement":[{"@type":"ListItem","position":1,"name":"Home","item":"https:\/\/espak.ee\/epood\/"},{"@type":"ListItem","position":2,"name":"Tootevalik","item":"https:\/\/espak.ee\/epood\/tootevalik\/"},{"@type":"ListItem","position":3,"name":"KLAASVILL ISOVER RKL FACADE 30 30*1200*1800MM"}]},{"@type":"WebSite","@id":"https:\/\/espak.ee\/epood\/#website","url":"https:\/\/espak.ee\/epood\/","name":"Espak E-pood","description":"","potentialAction":[{"@type":"SearchAction","target":{"@type":"EntryPoint","urlTemplate":"https:\/\/espak.ee\/epood\/?s={search_term_string}"},"query-input":{"@type":"PropertyValueSpecification","valueRequired":true,"valueName":"search_term_string"}}],"inLanguage":"et"}]}},"_links":{"self":[{"href":"https:\/\/espak.ee\/epood\/wp-json\/wp\/v2\/product\/99457","targetHints":{"allow":["GET"]}}],"collection":[{"href":"https:\/\/espak.ee\/epood\/wp-json\/wp\/v2\/product"}],"about":[{"href":"https:\/\/espak.ee\/epood\/wp-json\/wp\/v2\/types\/product"}],"replies":[{"embeddable":true,"href":"https:\/\/espak.ee\/epood\/wp-json\/wp\/v2\/comments?post=99457"}],"wp:featuredmedia":[{"embeddable":true,"href":"https:\/\/espak.ee\/epood\/wp-json\/wp\/v2\/media\/161662"}],"wp:attachment":[{"href":"https:\/\/espak.ee\/epood\/wp-json\/wp\/v2\/media?parent=99457"}],"wp:term":[{"taxonomy":"product_brand","embeddable":true,"href":"https:\/\/espak.ee\/epood\/wp-json\/wp\/v2\/product_brand?post=99457"},{"taxonomy":"product_cat","embeddable":true,"href":"https:\/\/espak.ee\/epood\/wp-json\/wp\/v2\/product_cat?post=99457"},{"taxonomy":"product_tag","embeddable":true,"href":"https:\/\/espak.ee\/epood\/wp-json\/wp\/v2\/product_tag?post=99457"}],"curies":[{"name":"wp","href":"https:\/\/api.w.org\/{rel}","templated":true}]}}