{"id":99441,"date":"2021-11-12T22:24:48","date_gmt":"2021-11-12T22:24:48","guid":{"rendered":"https:\/\/espak.ee\/epood\/?post_type=product&#038;p=99441"},"modified":"2024-09-30T09:02:51","modified_gmt":"2024-09-30T06:02:51","slug":"klaasvill-isover-vkl-13-1312002700mm","status":"publish","type":"product","link":"https:\/\/espak.ee\/epood\/toode\/klaasvill-isover-vkl-13-1312002700mm\/","title":{"rendered":"KLAASVILL ISOVER VKL 13 13*1200*2700MM"},"content":{"rendered":"<div class=\"row\"  id=\"row-1378956893\">\n\n\t<div id=\"col-1148244686\" class=\"col medium-9 small-12 large-9\"  >\n\t\t\t\t<div class=\"col-inner\"  >\n\t\t\t\n\t\t\t\n<h3>Klaasvill ISOVER VKL<\/h3>\n<p>ISOVER VKL on j\u00e4ik pinnakatteta isolatsiooniplaat, mida kasutatakse peamiselt kombineeritud isolatsiooni- ja tuulet\u00f5kkeplaadina v\u00e4lisseintes, p\u00f6\u00f6ningutel ja ventileeritud alusp\u00f5randates. Toode on sobiv kasutamiseks nii uusehitustel kui ka remontt\u00f6\u00f6del. Sobib kasutada ka sammum\u00fcra isolatsiooniplaadina. <\/p>\n<p><strong>Kasutamine<\/strong><br \/>\nISOVER VKL-i kasutatakse peamiselt kombineeritud isolatsiooni- ja tuulet\u00f5kkeplaadina v\u00e4lisseintes, p\u00f6\u00f6ningutel ja ventileeritud alusp\u00f5randates. Toode on sobiv kasutamiseks nii uusehitustel kui ka remondit\u00f6\u00f6del. Sobib kasutada ka sammum\u00fcra isolatsiooniplaadina. Eriti sobib ISOVER VKL metallkarkassiga konstruktsioonide (n\u00e4iteks t\u00f6\u00f6stushooned) soojusisolatsiooniks ja tuulet\u00f5kkeks, aga ka k\u00fclmasilla katkestamiseks. <\/p>\n<p><strong>Paigaldus<\/strong><br \/>\nTuulet\u00f5kkeplaatide omavahelised liitekohad peavad j\u00e4\u00e4ma tuulutus\u00f5hule l\u00e4bitungimatuks, et tuulutus\u00f5hk ei puhuks liikuma villa kiudude vahel seisvat \u00f5hku, mis tagabki villade soojapidavuse. ISOVER VKL kinnitatakse karkassipostidele alusseibide ja naelte v\u00f5i kruvide abil. Tuulet\u00f5kkeplaadid paigaldatakse soovituslikult nii, et nende pikemate k\u00fclgede liitekohad j\u00e4\u00e4ksid puitkarkassi peale. VKL13 plaatide omavahelised horisontaalsed liitekohad, mis ei j\u00e4\u00e4 karkassi peale, tihendatakse enne plaatide kokkusurumist elastse ning ilmastikukindla ehitusmastiksiga (n\u00e4iteks neutraalsilikoon NA), et tagada plaatide omavahelisele \u00fchenduskohale kestev tuuletihedus. Tuulet\u00f5kkeplaate VKL 13 ei tohi teipida, kuna teip ei j\u00e4\u00e4 nende pinnale p\u00fcsima ning hiljem plaatidelt \u00e4ra kukkudes v\u00f5ib teip tuulutuskanali hoopiski ummistada ning tuulutus\u00f5hk ei p\u00e4\u00e4se liikuma. Liitekohtade tihendamiseks soovitame kasutada neutraalset ehitusmastiksit. Mastiksi riba l\u00e4bim\u00f5\u00f5t peaks olema 4-6 mm ja kanda tuulet\u00f5kkeplaadi servale paigaldusaegselt. <\/p>\n<p><strong>Ladustamistingimused<\/strong><br \/>\nToodete ja pakendite k\u00e4sitlemisel tuleb j\u00e4rgida pakendil v\u00f5i tootja spetsiaalses kasutusjuhendis esitatud juhiseid. Ladustamisel kaitsta sademete eest.<\/p>\n\t\t<\/div>\n\t\t\t\t\t<\/div>\n\n\t\n\n\t<div id=\"col-1334015397\" class=\"col medium-3 small-12 large-3\"  >\n\t\t\t\t<div class=\"col-inner\"  >\n\t\t\t\n\t\t\t\n\t<div id=\"gap-1499666057\" class=\"gap-element clearfix\" style=\"display:block; height:auto;\">\n\t\t\n<style>\n#gap-1499666057 {\n  padding-top: 30px;\n}\n<\/style>\n\t<\/div>\n\t\n<h3>Tooteleht<\/h3>\n<p><a href=\"https:\/\/espak.ee\/epood\/wp-content\/uploads\/2021\/11\/ISOVER_VKL.pdf\"target=\"_blank\" rel=\"noopener noreferrer\"><i class=\"far fa-file-pdf\"><\/i> Tooteleht (PDF)<\/a><\/p>\n<h3>Vario isolatsioonis\u00fcsteem<\/h3>\n<p><a href=\"https:\/\/espak.ee\/epood\/wp-content\/uploads\/2021\/11\/vario_brosuur.pdf\"target=\"_blank\" rel=\"noopener noreferrer\"><i class=\"far fa-file-pdf\"><\/i> Vario isolatsioonis\u00fcsteem (PDF)<\/a><\/p>\n<h3>Ohutuskaart<\/h3>\n<p><a href=\"https:\/\/espak.ee\/epood\/wp-content\/uploads\/2021\/11\/Glasswool_S-G_Finland_OY_et-1.pdf\"target=\"_blank\" rel=\"noopener noreferrer\"><i class=\"far fa-file-pdf\"><\/i> Ohutuskaart (PDF)<\/a><\/p>\n<h3>K\u00e4sitsemise juhised<\/h3>\n<p><a href=\"https:\/\/espak.ee\/epood\/wp-content\/uploads\/2021\/11\/kasitsemise_juhised-1.pdf\"target=\"_blank\" rel=\"noopener noreferrer\"><i class=\"far fa-file-pdf\"><\/i> K\u00e4sitsemise juhised (PDF)<\/a><\/p>\n<h3>Soojustuste tabel<\/h3>\n<p><a href=\"https:\/\/espak.ee\/epood\/wp-content\/uploads\/2023\/03\/isover_toodete_soojustakistuste_tabel_0.pdf\"target=\"_blank\" rel=\"noopener noreferrer\"><i class=\"far fa-file-pdf\"><\/i> Soojustuste tabel (PDF)<\/a><\/p>\n<h3>DoP<\/h3>\n<p><a href=\"https:\/\/espak.ee\/epood\/wp-content\/uploads\/2021\/11\/ISOVER_VKL-1.pdf\"target=\"_blank\" rel=\"noopener noreferrer\"><i class=\"far fa-file-pdf\"><\/i> DoP (PDF)<\/a><\/p>\n<div class=\"is-divider divider clearfix\" ><\/div>\n<p><strong>\u00dcksikasjalikuma n\u00f5u saamiseks v\u00f5tke \u00fchendust:<br \/><\/strong>SAINT-GOBAIN EESTI AS<br \/>Peterburi tee 75<br \/>Tallinn, 11415<br \/>Telefon: +372 6209 510<\/p>\n<div class=\"is-divider divider clearfix\" ><\/div>\n\t\t<\/div>\n\t\t\t\t\t<\/div>\n\n\t\n<\/div>\n","protected":false},"excerpt":{"rendered":"","protected":false},"featured_media":161700,"comment_status":"closed","ping_status":"closed","template":"","meta":[],"product_brand":[],"product_cat":[4212,2718,3510,2697],"product_tag":[],"class_list":{"0":"post-99441","1":"product","2":"type-product","3":"status-publish","4":"has-post-thumbnail","6":"product_cat-eri-ja-tehniline-klaasvill","7":"product_cat-isolatsioonimaterjalid","8":"product_cat-klaasvill","9":"product_cat-uldehitus","10":"pa_kaubamark-saint-gobain-ehitustooted-as","12":"first","13":"instock","14":"sale","15":"taxable","16":"shipping-taxable","17":"purchasable","18":"product-type-simple"},"yoast_head":"<!-- This site is optimized with the Yoast SEO plugin v26.9 - https:\/\/yoast.com\/product\/yoast-seo-wordpress\/ -->\n<title>KLAASVILL ISOVER VKL 13 13*1200*2700MM - Espak E-pood<\/title>\n<meta name=\"robots\" content=\"index, follow, max-snippet:-1, max-image-preview:large, max-video-preview:-1\" \/>\n<link rel=\"canonical\" href=\"https:\/\/espak.ee\/epood\/toode\/klaasvill-isover-vkl-13-1312002700mm\/\" \/>\n<meta property=\"og:locale\" content=\"et_EE\" \/>\n<meta property=\"og:type\" content=\"article\" \/>\n<meta property=\"og:title\" content=\"KLAASVILL ISOVER VKL 13 13*1200*2700MM - Espak E-pood\" \/>\n<meta property=\"og:url\" content=\"https:\/\/espak.ee\/epood\/toode\/klaasvill-isover-vkl-13-1312002700mm\/\" \/>\n<meta property=\"og:site_name\" content=\"Espak E-pood\" \/>\n<meta property=\"article:modified_time\" content=\"2024-09-30T06:02:51+00:00\" \/>\n<meta property=\"og:image\" content=\"https:\/\/espak.ee\/epood\/wp-content\/uploads\/2021\/11\/VKL.jpg\" \/>\n\t<meta property=\"og:image:width\" content=\"800\" \/>\n\t<meta property=\"og:image:height\" content=\"800\" \/>\n\t<meta property=\"og:image:type\" content=\"image\/jpeg\" \/>\n<meta name=\"twitter:card\" content=\"summary_large_image\" \/>\n<meta name=\"twitter:label1\" content=\"Est. reading time\" \/>\n\t<meta name=\"twitter:data1\" content=\"2 minutit\" \/>\n<script type=\"application\/ld+json\" class=\"yoast-schema-graph\">{\"@context\":\"https:\/\/schema.org\",\"@graph\":[{\"@type\":\"WebPage\",\"@id\":\"https:\/\/espak.ee\/epood\/toode\/klaasvill-isover-vkl-13-1312002700mm\/\",\"url\":\"https:\/\/espak.ee\/epood\/toode\/klaasvill-isover-vkl-13-1312002700mm\/\",\"name\":\"KLAASVILL ISOVER VKL 13 13*1200*2700MM - Espak E-pood\",\"isPartOf\":{\"@id\":\"https:\/\/espak.ee\/epood\/#website\"},\"primaryImageOfPage\":{\"@id\":\"https:\/\/espak.ee\/epood\/toode\/klaasvill-isover-vkl-13-1312002700mm\/#primaryimage\"},\"image\":{\"@id\":\"https:\/\/espak.ee\/epood\/toode\/klaasvill-isover-vkl-13-1312002700mm\/#primaryimage\"},\"thumbnailUrl\":\"https:\/\/espak.ee\/epood\/wp-content\/uploads\/2021\/11\/VKL.jpg\",\"datePublished\":\"2021-11-12T22:24:48+00:00\",\"dateModified\":\"2024-09-30T06:02:51+00:00\",\"breadcrumb\":{\"@id\":\"https:\/\/espak.ee\/epood\/toode\/klaasvill-isover-vkl-13-1312002700mm\/#breadcrumb\"},\"inLanguage\":\"et\",\"potentialAction\":[{\"@type\":\"ReadAction\",\"target\":[\"https:\/\/espak.ee\/epood\/toode\/klaasvill-isover-vkl-13-1312002700mm\/\"]}]},{\"@type\":\"ImageObject\",\"inLanguage\":\"et\",\"@id\":\"https:\/\/espak.ee\/epood\/toode\/klaasvill-isover-vkl-13-1312002700mm\/#primaryimage\",\"url\":\"https:\/\/espak.ee\/epood\/wp-content\/uploads\/2021\/11\/VKL.jpg\",\"contentUrl\":\"https:\/\/espak.ee\/epood\/wp-content\/uploads\/2021\/11\/VKL.jpg\",\"width\":800,\"height\":800},{\"@type\":\"BreadcrumbList\",\"@id\":\"https:\/\/espak.ee\/epood\/toode\/klaasvill-isover-vkl-13-1312002700mm\/#breadcrumb\",\"itemListElement\":[{\"@type\":\"ListItem\",\"position\":1,\"name\":\"Home\",\"item\":\"https:\/\/espak.ee\/epood\/\"},{\"@type\":\"ListItem\",\"position\":2,\"name\":\"Tootevalik\",\"item\":\"https:\/\/espak.ee\/epood\/tootevalik\/\"},{\"@type\":\"ListItem\",\"position\":3,\"name\":\"KLAASVILL ISOVER VKL 13 13*1200*2700MM\"}]},{\"@type\":\"WebSite\",\"@id\":\"https:\/\/espak.ee\/epood\/#website\",\"url\":\"https:\/\/espak.ee\/epood\/\",\"name\":\"Espak E-pood\",\"description\":\"\",\"potentialAction\":[{\"@type\":\"SearchAction\",\"target\":{\"@type\":\"EntryPoint\",\"urlTemplate\":\"https:\/\/espak.ee\/epood\/?s={search_term_string}\"},\"query-input\":{\"@type\":\"PropertyValueSpecification\",\"valueRequired\":true,\"valueName\":\"search_term_string\"}}],\"inLanguage\":\"et\"}]}<\/script>\n<!-- \/ Yoast SEO plugin. -->","yoast_head_json":{"title":"KLAASVILL ISOVER VKL 13 13*1200*2700MM - Espak E-pood","robots":{"index":"index","follow":"follow","max-snippet":"max-snippet:-1","max-image-preview":"max-image-preview:large","max-video-preview":"max-video-preview:-1"},"canonical":"https:\/\/espak.ee\/epood\/toode\/klaasvill-isover-vkl-13-1312002700mm\/","og_locale":"et_EE","og_type":"article","og_title":"KLAASVILL ISOVER VKL 13 13*1200*2700MM - Espak E-pood","og_url":"https:\/\/espak.ee\/epood\/toode\/klaasvill-isover-vkl-13-1312002700mm\/","og_site_name":"Espak E-pood","article_modified_time":"2024-09-30T06:02:51+00:00","og_image":[{"width":800,"height":800,"url":"https:\/\/espak.ee\/epood\/wp-content\/uploads\/2021\/11\/VKL.jpg","type":"image\/jpeg"}],"twitter_card":"summary_large_image","twitter_misc":{"Est. reading time":"2 minutit"},"schema":{"@context":"https:\/\/schema.org","@graph":[{"@type":"WebPage","@id":"https:\/\/espak.ee\/epood\/toode\/klaasvill-isover-vkl-13-1312002700mm\/","url":"https:\/\/espak.ee\/epood\/toode\/klaasvill-isover-vkl-13-1312002700mm\/","name":"KLAASVILL ISOVER VKL 13 13*1200*2700MM - Espak E-pood","isPartOf":{"@id":"https:\/\/espak.ee\/epood\/#website"},"primaryImageOfPage":{"@id":"https:\/\/espak.ee\/epood\/toode\/klaasvill-isover-vkl-13-1312002700mm\/#primaryimage"},"image":{"@id":"https:\/\/espak.ee\/epood\/toode\/klaasvill-isover-vkl-13-1312002700mm\/#primaryimage"},"thumbnailUrl":"https:\/\/espak.ee\/epood\/wp-content\/uploads\/2021\/11\/VKL.jpg","datePublished":"2021-11-12T22:24:48+00:00","dateModified":"2024-09-30T06:02:51+00:00","breadcrumb":{"@id":"https:\/\/espak.ee\/epood\/toode\/klaasvill-isover-vkl-13-1312002700mm\/#breadcrumb"},"inLanguage":"et","potentialAction":[{"@type":"ReadAction","target":["https:\/\/espak.ee\/epood\/toode\/klaasvill-isover-vkl-13-1312002700mm\/"]}]},{"@type":"ImageObject","inLanguage":"et","@id":"https:\/\/espak.ee\/epood\/toode\/klaasvill-isover-vkl-13-1312002700mm\/#primaryimage","url":"https:\/\/espak.ee\/epood\/wp-content\/uploads\/2021\/11\/VKL.jpg","contentUrl":"https:\/\/espak.ee\/epood\/wp-content\/uploads\/2021\/11\/VKL.jpg","width":800,"height":800},{"@type":"BreadcrumbList","@id":"https:\/\/espak.ee\/epood\/toode\/klaasvill-isover-vkl-13-1312002700mm\/#breadcrumb","itemListElement":[{"@type":"ListItem","position":1,"name":"Home","item":"https:\/\/espak.ee\/epood\/"},{"@type":"ListItem","position":2,"name":"Tootevalik","item":"https:\/\/espak.ee\/epood\/tootevalik\/"},{"@type":"ListItem","position":3,"name":"KLAASVILL ISOVER VKL 13 13*1200*2700MM"}]},{"@type":"WebSite","@id":"https:\/\/espak.ee\/epood\/#website","url":"https:\/\/espak.ee\/epood\/","name":"Espak E-pood","description":"","potentialAction":[{"@type":"SearchAction","target":{"@type":"EntryPoint","urlTemplate":"https:\/\/espak.ee\/epood\/?s={search_term_string}"},"query-input":{"@type":"PropertyValueSpecification","valueRequired":true,"valueName":"search_term_string"}}],"inLanguage":"et"}]}},"_links":{"self":[{"href":"https:\/\/espak.ee\/epood\/wp-json\/wp\/v2\/product\/99441","targetHints":{"allow":["GET"]}}],"collection":[{"href":"https:\/\/espak.ee\/epood\/wp-json\/wp\/v2\/product"}],"about":[{"href":"https:\/\/espak.ee\/epood\/wp-json\/wp\/v2\/types\/product"}],"replies":[{"embeddable":true,"href":"https:\/\/espak.ee\/epood\/wp-json\/wp\/v2\/comments?post=99441"}],"wp:featuredmedia":[{"embeddable":true,"href":"https:\/\/espak.ee\/epood\/wp-json\/wp\/v2\/media\/161700"}],"wp:attachment":[{"href":"https:\/\/espak.ee\/epood\/wp-json\/wp\/v2\/media?parent=99441"}],"wp:term":[{"taxonomy":"product_brand","embeddable":true,"href":"https:\/\/espak.ee\/epood\/wp-json\/wp\/v2\/product_brand?post=99441"},{"taxonomy":"product_cat","embeddable":true,"href":"https:\/\/espak.ee\/epood\/wp-json\/wp\/v2\/product_cat?post=99441"},{"taxonomy":"product_tag","embeddable":true,"href":"https:\/\/espak.ee\/epood\/wp-json\/wp\/v2\/product_tag?post=99441"}],"curies":[{"name":"wp","href":"https:\/\/api.w.org\/{rel}","templated":true}]}}