{"id":99159,"date":"2021-11-10T06:04:20","date_gmt":"2021-11-10T06:04:20","guid":{"rendered":"https:\/\/espak.ee\/epood\/?post_type=product&#038;p=99159"},"modified":"2025-10-14T21:31:47","modified_gmt":"2025-10-14T18:31:47","slug":"kahepoolne-teip-tesa-pro-valistingimustesse-5m19mm","status":"publish","type":"product","link":"https:\/\/espak.ee\/epood\/toode\/kahepoolne-teip-tesa-pro-valistingimustesse-5m19mm\/","title":{"rendered":"KAHEPOOLNE TEIP TESA PRO V\u00c4LISTINGIMUSTESSE 5M*19MM"},"content":{"rendered":"<div class=\"row\"  id=\"row-654249721\">\n\n\t<div id=\"col-1648280647\" class=\"col medium-9 small-12 large-9\"  >\n\t\t\t\t<div class=\"col-inner\"  >\n\t\t\t\n\t\t\t\n<h3>tesa\u00ae PRO 66751 MOUNTING OUTDOOR kahepoolne teip 5mx19mm<\/h3>\n<p>Tesa PRO Mounting Outdoor muudab professionaalsete k\u00e4sit\u00f6\u00f6liste v\u00e4litingimustes tehtavad t\u00f6\u00f6d kiiremaks ja lihtsamaks. Teip kinnitub oma tugeva ja usaldusv\u00e4\u00e4rse kleepev\u00f5imega eriti keerulistele pindadele, nagu plaadid, tellised, metall ja k\u00f5vad plastid. Selle UV-, vee- ja temperatuurikindla teibiga saavutate kauakestva kleepuvuse ja kinnitate kindlalt oma klientidele olulised v\u00e4listingimustes kasutatavad esemed, n\u00e4iteks kirjakastid v\u00f5i majanumbrid.<\/p>\n<div class=\"message-box relative\" style=\"padding-top:15px;padding-bottom:15px;\"><div class=\"message-box-bg-image bg-fill fill\" ><\/div><div class=\"message-box-bg-overlay bg-fill fill\" ><\/div><div class=\"container relative\"><div class=\"inner last-reset\">\n<div class=\"row align-middle align-center\"  id=\"row-1075762027\">\n\n\t<div id=\"col-829427255\" class=\"col small-12 large-12\"  >\n\t\t\t\t<div class=\"col-inner text-left\"  >\n\t\t\t\n\t\t\t\n<h4>Omadused<\/h4>\n<div class=\"row\"  id=\"row-2062331873\">\n\n\t<div id=\"col-1169959911\" class=\"col medium-6 small-12 large-6\"  >\n\t\t\t\t<div class=\"col-inner\"  >\n\t\t\t\n\t\t\t\n<p><i class=\"fa fa-check fa-2x\"><\/i> <strong> Tugev, ilmastikukindel kahepoolne teip \u2013 mitmesuguste esemete kinnitamiseks v\u00e4listingimustes<\/strong><\/p>\n\t\t<\/div>\n\t\t\t\t\n<style>\n#col-1169959911 > .col-inner {\n  margin: 0px 0px 15px 0px;\n}\n<\/style>\n\t<\/div>\n\n\t\n\n\t<div id=\"col-1683690102\" class=\"col medium-6 small-12 large-6\"  >\n\t\t\t\t<div class=\"col-inner\"  >\n\t\t\t\n\t\t\t\n<p><i class=\"fa fa-check fa-2x\"><\/i> <strong> Temperatuurikindel <\/strong><\/p>\n\t\t<\/div>\n\t\t\t\t\n<style>\n#col-1683690102 > .col-inner {\n  margin: 0px 0px 15px 0px;\n}\n<\/style>\n\t<\/div>\n\n\t\n<\/div>\n\t\t<\/div>\n\t\t\t\t\t<\/div>\n\n\t\n<\/div>\n<\/div><\/div><\/div>\n\t<div id=\"gap-2098962995\" class=\"gap-element clearfix\" style=\"display:block; height:auto;\">\n\t\t\n<style>\n#gap-2098962995 {\n  padding-top: 30px;\n}\n<\/style>\n\t<\/div>\n\t\n<h3>Kasutamise \u00fcksikasjad<\/h3>\n<p><strong>P\u00f5hifunktsioonid:<\/strong> Tugev ja vastupidav: Teip tesa PRO Mounting Outdoor on esmane kinnituslahenduste valik esemete lihtsaks ja stabiilseks seinale kinnitamiseks \u00f5ues \u2013 UV-, vee- ja temperatuurikindel.<br \/>\nV\u00e4liskasutuseks m\u00f5eldud teip suudab hoida kuni 1 kg 10 cm teibi kohta \u2013 kuni 10 mm paksuste lamedate esemete jaoks \u2013 sobib enamiku siledate, piisavalt kindlate pindade jaoks \u2013 kinnitub plaatide, metalli ja enamiku plastide k\u00fclge.<br \/>\nIdeaalne v\u00e4liseks kasutamiseks: Tugev kahepoolne kinnitusteip turvaliseks v\u00e4liskinnituseks, nt maja numbrid, kirjakastid ja palju muud.<br \/>\nLihtne kasutada: Kinnitusteibi saab l\u00f5igata \u00fcksikuteks v\u00e4ikesteks v\u00f5i suurteks t\u00fckkideks, et saada optimaalse suurusega kleeplint.<br \/>\nKinnitusteibi t\u00e4ieliku hoidmisv\u00f5ime v\u00e4ljakujunemiseks peab ese ja pind olema tolmust, mustusest ja rasvast puhas.<br \/>\nKinnitage teip esmalt karedamale pinnale. Kandke peale vertikaalsete ribadena ja kogu eseme v\u00f5i pinna ulatuses.<br \/>\nVajutage tugevalt v\u00e4hemalt viis sekundit. Eemaldage kaitsekile ja katmata liimipinda puudutamata asetage sellele ese ning hoidke seda tugevalt v\u00e4hemalt viis sekundit.<br \/>\nKuna kinnitusteibid on ette n\u00e4htud p\u00fcsivaks kasutamiseks, v\u00f5ivad materjalij\u00e4\u00e4gid objektile kinni j\u00e4\u00e4da. Proovige need eemaldada tesa liimij\u00e4\u00e4kide eemaldajaga.\n<\/p>\n\t\t<\/div>\n\t\t\t\t\t<\/div>\n\n\t\n\n\t<div id=\"col-340277523\" class=\"col medium-3 small-12 large-3\"  >\n\t\t\t\t<div class=\"col-inner\"  >\n\t\t\t\n\t\t\t\n<h3>Tootekataloogid<\/h3>\n<p><a href=\"https:\/\/espak.ee\/epood\/wp-content\/uploads\/2021\/11\/EST_TESA_323686-010_Craftsmen_Mounting_Salessheet_screen.pdf\" target=\"_blank\" rel=\"noopener noreferrer\"><i class=\"far fa-file-pdf\"><\/i> Tootekataloog (PDF)<\/a><br \/>\n<a href=\"https:\/\/espak.ee\/epood\/wp-content\/uploads\/2021\/11\/EST_TESA_323686-011_Craftsmen_Mounting_Broschuere_EPI_UK_x4_screen.pdf\" target=\"_blank\" rel=\"noopener noreferrer\"><i class=\"far fa-file-pdf\"><\/i> Tootekataloog 2 (PDF)<\/a><\/p>\n<p><strong>\u00dcksikasjalikuma n\u00f5u saamiseks v\u00f5tke \u00fchendust:<br \/><\/strong>tesa tape UAB<br \/>Sepise 1<br \/>11415<br \/>Tallinn<br \/>+372 6401 366<\/p>\n<div class=\"is-divider divider clearfix\" ><\/div>\n\t\t<\/div>\n\t\t\t\t\t<\/div>\n\n\t\n<\/div>\n","protected":false},"excerpt":{"rendered":"","protected":false},"featured_media":100385,"comment_status":"closed","ping_status":"closed","template":"","meta":[],"product_brand":[],"product_cat":[2909,2908,2907,2683],"product_tag":[],"class_list":{"0":"post-99159","1":"product","2":"type-product","3":"status-publish","4":"has-post-thumbnail","6":"product_cat-eriotstarbelised-teibid","7":"product_cat-teibid","8":"product_cat-teibid-ja-armeerimismaterjalid","9":"product_cat-viimistluskaubad","10":"pa_kaubamark-tesa-as","12":"first","13":"outofstock","14":"sale","15":"taxable","16":"shipping-taxable","17":"purchasable","18":"product-type-simple"},"yoast_head":"<!-- This site is optimized with the Yoast SEO plugin v26.9 - https:\/\/yoast.com\/product\/yoast-seo-wordpress\/ -->\n<title>KAHEPOOLNE TEIP TESA PRO V\u00c4LISTINGIMUSTESSE 5M*19MM - Espak E-pood<\/title>\n<meta name=\"robots\" content=\"index, follow, max-snippet:-1, max-image-preview:large, max-video-preview:-1\" \/>\n<link rel=\"canonical\" href=\"https:\/\/espak.ee\/epood\/toode\/kahepoolne-teip-tesa-pro-valistingimustesse-5m19mm\/\" \/>\n<meta property=\"og:locale\" content=\"et_EE\" \/>\n<meta property=\"og:type\" content=\"article\" \/>\n<meta property=\"og:title\" content=\"KAHEPOOLNE TEIP TESA PRO V\u00c4LISTINGIMUSTESSE 5M*19MM - Espak E-pood\" \/>\n<meta property=\"og:url\" content=\"https:\/\/espak.ee\/epood\/toode\/kahepoolne-teip-tesa-pro-valistingimustesse-5m19mm\/\" \/>\n<meta property=\"og:site_name\" content=\"Espak E-pood\" \/>\n<meta property=\"article:modified_time\" content=\"2025-10-14T18:31:47+00:00\" \/>\n<meta property=\"og:image\" content=\"https:\/\/espak.ee\/epood\/wp-content\/uploads\/2021\/11\/66751.jpg\" \/>\n\t<meta property=\"og:image:width\" content=\"1000\" \/>\n\t<meta property=\"og:image:height\" content=\"1000\" \/>\n\t<meta property=\"og:image:type\" content=\"image\/jpeg\" \/>\n<meta name=\"twitter:card\" content=\"summary_large_image\" \/>\n<meta name=\"twitter:label1\" content=\"Est. reading time\" \/>\n\t<meta name=\"twitter:data1\" content=\"2 minutit\" \/>\n<script type=\"application\/ld+json\" class=\"yoast-schema-graph\">{\"@context\":\"https:\/\/schema.org\",\"@graph\":[{\"@type\":\"WebPage\",\"@id\":\"https:\/\/espak.ee\/epood\/toode\/kahepoolne-teip-tesa-pro-valistingimustesse-5m19mm\/\",\"url\":\"https:\/\/espak.ee\/epood\/toode\/kahepoolne-teip-tesa-pro-valistingimustesse-5m19mm\/\",\"name\":\"KAHEPOOLNE TEIP TESA PRO V\u00c4LISTINGIMUSTESSE 5M*19MM - Espak E-pood\",\"isPartOf\":{\"@id\":\"https:\/\/espak.ee\/epood\/#website\"},\"primaryImageOfPage\":{\"@id\":\"https:\/\/espak.ee\/epood\/toode\/kahepoolne-teip-tesa-pro-valistingimustesse-5m19mm\/#primaryimage\"},\"image\":{\"@id\":\"https:\/\/espak.ee\/epood\/toode\/kahepoolne-teip-tesa-pro-valistingimustesse-5m19mm\/#primaryimage\"},\"thumbnailUrl\":\"https:\/\/espak.ee\/epood\/wp-content\/uploads\/2021\/11\/66751.jpg\",\"datePublished\":\"2021-11-10T06:04:20+00:00\",\"dateModified\":\"2025-10-14T18:31:47+00:00\",\"breadcrumb\":{\"@id\":\"https:\/\/espak.ee\/epood\/toode\/kahepoolne-teip-tesa-pro-valistingimustesse-5m19mm\/#breadcrumb\"},\"inLanguage\":\"et\",\"potentialAction\":[{\"@type\":\"ReadAction\",\"target\":[\"https:\/\/espak.ee\/epood\/toode\/kahepoolne-teip-tesa-pro-valistingimustesse-5m19mm\/\"]}]},{\"@type\":\"ImageObject\",\"inLanguage\":\"et\",\"@id\":\"https:\/\/espak.ee\/epood\/toode\/kahepoolne-teip-tesa-pro-valistingimustesse-5m19mm\/#primaryimage\",\"url\":\"https:\/\/espak.ee\/epood\/wp-content\/uploads\/2021\/11\/66751.jpg\",\"contentUrl\":\"https:\/\/espak.ee\/epood\/wp-content\/uploads\/2021\/11\/66751.jpg\",\"width\":1000,\"height\":1000},{\"@type\":\"BreadcrumbList\",\"@id\":\"https:\/\/espak.ee\/epood\/toode\/kahepoolne-teip-tesa-pro-valistingimustesse-5m19mm\/#breadcrumb\",\"itemListElement\":[{\"@type\":\"ListItem\",\"position\":1,\"name\":\"Home\",\"item\":\"https:\/\/espak.ee\/epood\/\"},{\"@type\":\"ListItem\",\"position\":2,\"name\":\"Tootevalik\",\"item\":\"https:\/\/espak.ee\/epood\/tootevalik\/\"},{\"@type\":\"ListItem\",\"position\":3,\"name\":\"KAHEPOOLNE TEIP TESA PRO V\u00c4LISTINGIMUSTESSE 5M*19MM\"}]},{\"@type\":\"WebSite\",\"@id\":\"https:\/\/espak.ee\/epood\/#website\",\"url\":\"https:\/\/espak.ee\/epood\/\",\"name\":\"Espak E-pood\",\"description\":\"\",\"potentialAction\":[{\"@type\":\"SearchAction\",\"target\":{\"@type\":\"EntryPoint\",\"urlTemplate\":\"https:\/\/espak.ee\/epood\/?s={search_term_string}\"},\"query-input\":{\"@type\":\"PropertyValueSpecification\",\"valueRequired\":true,\"valueName\":\"search_term_string\"}}],\"inLanguage\":\"et\"}]}<\/script>\n<!-- \/ Yoast SEO plugin. -->","yoast_head_json":{"title":"KAHEPOOLNE TEIP TESA PRO V\u00c4LISTINGIMUSTESSE 5M*19MM - Espak E-pood","robots":{"index":"index","follow":"follow","max-snippet":"max-snippet:-1","max-image-preview":"max-image-preview:large","max-video-preview":"max-video-preview:-1"},"canonical":"https:\/\/espak.ee\/epood\/toode\/kahepoolne-teip-tesa-pro-valistingimustesse-5m19mm\/","og_locale":"et_EE","og_type":"article","og_title":"KAHEPOOLNE TEIP TESA PRO V\u00c4LISTINGIMUSTESSE 5M*19MM - Espak E-pood","og_url":"https:\/\/espak.ee\/epood\/toode\/kahepoolne-teip-tesa-pro-valistingimustesse-5m19mm\/","og_site_name":"Espak E-pood","article_modified_time":"2025-10-14T18:31:47+00:00","og_image":[{"width":1000,"height":1000,"url":"https:\/\/espak.ee\/epood\/wp-content\/uploads\/2021\/11\/66751.jpg","type":"image\/jpeg"}],"twitter_card":"summary_large_image","twitter_misc":{"Est. reading time":"2 minutit"},"schema":{"@context":"https:\/\/schema.org","@graph":[{"@type":"WebPage","@id":"https:\/\/espak.ee\/epood\/toode\/kahepoolne-teip-tesa-pro-valistingimustesse-5m19mm\/","url":"https:\/\/espak.ee\/epood\/toode\/kahepoolne-teip-tesa-pro-valistingimustesse-5m19mm\/","name":"KAHEPOOLNE TEIP TESA PRO V\u00c4LISTINGIMUSTESSE 5M*19MM - Espak E-pood","isPartOf":{"@id":"https:\/\/espak.ee\/epood\/#website"},"primaryImageOfPage":{"@id":"https:\/\/espak.ee\/epood\/toode\/kahepoolne-teip-tesa-pro-valistingimustesse-5m19mm\/#primaryimage"},"image":{"@id":"https:\/\/espak.ee\/epood\/toode\/kahepoolne-teip-tesa-pro-valistingimustesse-5m19mm\/#primaryimage"},"thumbnailUrl":"https:\/\/espak.ee\/epood\/wp-content\/uploads\/2021\/11\/66751.jpg","datePublished":"2021-11-10T06:04:20+00:00","dateModified":"2025-10-14T18:31:47+00:00","breadcrumb":{"@id":"https:\/\/espak.ee\/epood\/toode\/kahepoolne-teip-tesa-pro-valistingimustesse-5m19mm\/#breadcrumb"},"inLanguage":"et","potentialAction":[{"@type":"ReadAction","target":["https:\/\/espak.ee\/epood\/toode\/kahepoolne-teip-tesa-pro-valistingimustesse-5m19mm\/"]}]},{"@type":"ImageObject","inLanguage":"et","@id":"https:\/\/espak.ee\/epood\/toode\/kahepoolne-teip-tesa-pro-valistingimustesse-5m19mm\/#primaryimage","url":"https:\/\/espak.ee\/epood\/wp-content\/uploads\/2021\/11\/66751.jpg","contentUrl":"https:\/\/espak.ee\/epood\/wp-content\/uploads\/2021\/11\/66751.jpg","width":1000,"height":1000},{"@type":"BreadcrumbList","@id":"https:\/\/espak.ee\/epood\/toode\/kahepoolne-teip-tesa-pro-valistingimustesse-5m19mm\/#breadcrumb","itemListElement":[{"@type":"ListItem","position":1,"name":"Home","item":"https:\/\/espak.ee\/epood\/"},{"@type":"ListItem","position":2,"name":"Tootevalik","item":"https:\/\/espak.ee\/epood\/tootevalik\/"},{"@type":"ListItem","position":3,"name":"KAHEPOOLNE TEIP TESA PRO V\u00c4LISTINGIMUSTESSE 5M*19MM"}]},{"@type":"WebSite","@id":"https:\/\/espak.ee\/epood\/#website","url":"https:\/\/espak.ee\/epood\/","name":"Espak E-pood","description":"","potentialAction":[{"@type":"SearchAction","target":{"@type":"EntryPoint","urlTemplate":"https:\/\/espak.ee\/epood\/?s={search_term_string}"},"query-input":{"@type":"PropertyValueSpecification","valueRequired":true,"valueName":"search_term_string"}}],"inLanguage":"et"}]}},"_links":{"self":[{"href":"https:\/\/espak.ee\/epood\/wp-json\/wp\/v2\/product\/99159","targetHints":{"allow":["GET"]}}],"collection":[{"href":"https:\/\/espak.ee\/epood\/wp-json\/wp\/v2\/product"}],"about":[{"href":"https:\/\/espak.ee\/epood\/wp-json\/wp\/v2\/types\/product"}],"replies":[{"embeddable":true,"href":"https:\/\/espak.ee\/epood\/wp-json\/wp\/v2\/comments?post=99159"}],"wp:featuredmedia":[{"embeddable":true,"href":"https:\/\/espak.ee\/epood\/wp-json\/wp\/v2\/media\/100385"}],"wp:attachment":[{"href":"https:\/\/espak.ee\/epood\/wp-json\/wp\/v2\/media?parent=99159"}],"wp:term":[{"taxonomy":"product_brand","embeddable":true,"href":"https:\/\/espak.ee\/epood\/wp-json\/wp\/v2\/product_brand?post=99159"},{"taxonomy":"product_cat","embeddable":true,"href":"https:\/\/espak.ee\/epood\/wp-json\/wp\/v2\/product_cat?post=99159"},{"taxonomy":"product_tag","embeddable":true,"href":"https:\/\/espak.ee\/epood\/wp-json\/wp\/v2\/product_tag?post=99159"}],"curies":[{"name":"wp","href":"https:\/\/api.w.org\/{rel}","templated":true}]}}