{"id":92244,"date":"2021-08-24T04:37:04","date_gmt":"2021-08-24T04:37:04","guid":{"rendered":"https:\/\/espak.ee\/epood\/?post_type=product&#038;p=92244"},"modified":"2025-09-26T10:56:58","modified_gmt":"2025-09-26T07:56:58","slug":"kompressor-einhell-tc-ac-190-of-set","status":"publish","type":"product","link":"https:\/\/espak.ee\/epood\/toode\/kompressor-einhell-tc-ac-190-of-set\/","title":{"rendered":"KOMPRESSOR EINHELL TC-AC 190 OF SET"},"content":{"rendered":"<div class=\"row\"  id=\"row-2144480736\">\n\n\t<div id=\"col-1212249580\" class=\"col medium-9 small-12 large-9\"  >\n\t\t\t\t<div class=\"col-inner\"  >\n\t\t\t\n\t\t\t\n<div class=\"message-box relative\" style=\"padding-top:15px;padding-bottom:15px;\"><div class=\"message-box-bg-image bg-fill fill\" ><\/div><div class=\"message-box-bg-overlay bg-fill fill\" ><\/div><div class=\"container relative\"><div class=\"inner last-reset\">\n<div class=\"row align-middle align-center\"  id=\"row-10082468\">\n\n\t<div id=\"col-971932905\" class=\"col small-12 large-12\"  >\n\t\t\t\t<div class=\"col-inner text-left\"  >\n\t\t\t\n\t\t\t\n<h4>Omadused<\/h4>\n<div class=\"row\"  id=\"row-171760781\">\n\n\t<div id=\"col-399309976\" class=\"col medium-6 small-12 large-6\"  >\n\t\t\t\t<div class=\"col-inner\"  >\n\t\t\t\n\t\t\t\n<p><i class=\"far fa-check-circle fa-2x\"><\/i><strong>\u00a0V\u00e4hese hooldusvajadusega \u00f5li- ja seadistusvaba mootor <\/strong><\/p>\n<p><i class=\"far fa-check-circle fa-2x\"><\/i><strong> Paljude kuni 8-baariste rakenduste jaoks\u00a0<\/strong><\/p>\n<p><i class=\"far fa-check-circle fa-2x\"><\/i><strong> Sisseehitatud hoiulaegas tarvikute jaoks <\/strong><\/p>\n\t\t<\/div>\n\t\t\t\t\n<style>\n#col-399309976 > .col-inner {\n  margin: 0px 0px 15px 0px;\n}\n<\/style>\n\t<\/div>\n\n\t\n\n\t<div id=\"col-1447170201\" class=\"col medium-6 small-12 large-6\"  >\n\t\t\t\t<div class=\"col-inner\"  >\n\t\t\t\n\t\t\t\n<p><i class=\"far fa-check-circle fa-2x\"><\/i><strong> Kerge, ergonoomiline ja kompaktne ehitus <\/strong><\/p>\n<p><i class=\"far fa-check-circle fa-2x\"><\/i><strong> 3\u00a0m suru\u00f5huvoolik koos kiirliitmikuga\u00a0<\/strong><\/p>\n<p><i class=\"far fa-check-circle fa-2x\"><\/i><strong> Kaasas \u00f5hup\u00fcstol, rehvir\u00f5hum\u00f5\u00f5tur ja 3-osaline adapterikomplekt\u00a0<\/strong><\/p>\n\t\t<\/div>\n\t\t\t\t\n<style>\n#col-1447170201 > .col-inner {\n  margin: 0px 0px 15px 0px;\n}\n<\/style>\n\t<\/div>\n\n\t\n<\/div>\n\t\t<\/div>\n\t\t\t\t\t<\/div>\n\n\t\n<\/div>\n<\/div><\/div><\/div>\n\t<div id=\"gap-415436783\" class=\"gap-element clearfix\" style=\"display:block; height:auto;\">\n\t\t\n<style>\n#gap-415436783 {\n  padding-top: 30px;\n}\n<\/style>\n\t<\/div>\n\t\n<h2>Tootekirjeldus<\/h2>\n<p> Kompressor TC-AC 190 OF Set on t\u00f5hus kompressor, mille kerge, kompaktne ja ergonoomiline kujundus muudab selle kasutamise mitmek\u00fclgseks ja mobiilseks. See \u00f5livaba kompressor t\u00f6\u00f6tab ilma igasuguse m\u00e4\u00e4rdeaineta. See vajab eriti v\u00e4he hooldust, on h\u00f5lpsalt igas asendis teisaldatav ja v\u00f5tab hoiustamisel v\u00e4he ruumi. T\u00f6\u00f6r\u00f5hk kuni 8\u00a0baari v\u00f5imaldab seda kasutada paljude t\u00f6\u00f6de jaoks. Kompressori TC-AC 190 OF Set 3\u00a0m pikkusel suru\u00f5huvoolikul on kiirliitmik. Mitmesuguste tavavarustuse tarvikute, nagu ergonoomilise rehvir\u00f5hum\u00f5\u00f5turi, \u00f5hup\u00fcstoli ja kolme adapteri t\u00f5ttu on mitmek\u00fclgselt kasutatav. K\u00f5iki tarvikuid saab kiiresti ja mugavalt sissehitatud hoiulaekasse paigutada ja ka kaabli jaoks on olemas praktiline hoiuruum. <\/p>\n\t<div id=\"gap-1288041497\" class=\"gap-element clearfix\" style=\"display:block; height:auto;\">\n\t\t\n<style>\n#gap-1288041497 {\n  padding-top: 30px;\n}\n<\/style>\n\t<\/div>\n\t\n\t\t<\/div>\n\t\t\t\t\t<\/div>\n\n\t\n\n\t<div id=\"col-454941580\" class=\"col medium-3 small-12 large-3\"  >\n\t\t\t\t<div class=\"col-inner\"  >\n\t\t\t\n\t\t\t\n\t<div id=\"gap-378352433\" class=\"gap-element clearfix\" style=\"display:block; height:auto;\">\n\t\t\n<style>\n#gap-378352433 {\n  padding-top: 30px;\n}\n<\/style>\n\t<\/div>\n\t\n<h3>Kasutusjuhend<\/h3>\n<p><a href=\"https:\/\/espak.ee\/epood\/wp-content\/uploads\/2021\/08\/Kompressor-Einhell-TC-AC-190-OF-Set-4020660-est.pdf\" target=\"_blank\" rel=\"noopener noreferrer\"><i class=\"far fa-file-pdf\"><\/i> Kasutusjuhend (PDF)<\/a><\/p>\n<div class=\"is-divider divider clearfix\" ><\/div>\n<p><strong>\u00dcksikasjalikuma n\u00f5u saamiseks v\u00f5tke \u00fchendust:<br \/><\/strong>Espak AS<br \/>Viadukti 42<br \/>11313<br \/>Tallinn<br \/>+372 6 512333<\/p>\n\t\t<\/div>\n\t\t\t\t\t<\/div>\n\n\t\n<\/div>\n","protected":false},"excerpt":{"rendered":"","protected":false},"featured_media":94270,"comment_status":"closed","ping_status":"closed","template":"","meta":[],"product_brand":[],"product_cat":[2680,2768,2681,2679],"product_tag":[],"class_list":{"0":"post-92244","1":"product","2":"type-product","3":"status-publish","4":"has-post-thumbnail","6":"product_cat-elektritooriistad","7":"product_cat-kompressorid","8":"product_cat-masinad-ja-seadmed","9":"product_cat-tooriistad","10":"pa_kaubamark-einhell","12":"first","13":"instock","14":"sale","15":"taxable","16":"shipping-taxable","17":"purchasable","18":"product-type-simple"},"yoast_head":"<!-- This site is optimized with the Yoast SEO plugin v26.9 - https:\/\/yoast.com\/product\/yoast-seo-wordpress\/ -->\n<title>KOMPRESSOR EINHELL TC-AC 190 OF SET - Espak E-pood<\/title>\n<meta name=\"robots\" content=\"index, follow, max-snippet:-1, max-image-preview:large, max-video-preview:-1\" \/>\n<link rel=\"canonical\" href=\"https:\/\/espak.ee\/epood\/toode\/kompressor-einhell-tc-ac-190-of-set\/\" \/>\n<meta property=\"og:locale\" content=\"et_EE\" \/>\n<meta property=\"og:type\" content=\"article\" \/>\n<meta property=\"og:title\" content=\"KOMPRESSOR EINHELL TC-AC 190 OF SET - Espak E-pood\" \/>\n<meta property=\"og:url\" content=\"https:\/\/espak.ee\/epood\/toode\/kompressor-einhell-tc-ac-190-of-set\/\" \/>\n<meta property=\"og:site_name\" content=\"Espak E-pood\" \/>\n<meta property=\"article:modified_time\" content=\"2025-09-26T07:56:58+00:00\" \/>\n<meta property=\"og:image\" content=\"https:\/\/espak.ee\/epood\/wp-content\/uploads\/2021\/08\/4020660_21020_001_TC_AC_190_OF_Set_RAL3200_Pic-1024x892.jpg\" \/>\n\t<meta property=\"og:image:width\" content=\"1024\" \/>\n\t<meta property=\"og:image:height\" content=\"892\" \/>\n\t<meta property=\"og:image:type\" content=\"image\/jpeg\" \/>\n<meta name=\"twitter:card\" content=\"summary_large_image\" \/>\n<meta name=\"twitter:label1\" content=\"Est. reading time\" \/>\n\t<meta name=\"twitter:data1\" content=\"1 minut\" \/>\n<script type=\"application\/ld+json\" class=\"yoast-schema-graph\">{\"@context\":\"https:\/\/schema.org\",\"@graph\":[{\"@type\":\"WebPage\",\"@id\":\"https:\/\/espak.ee\/epood\/toode\/kompressor-einhell-tc-ac-190-of-set\/\",\"url\":\"https:\/\/espak.ee\/epood\/toode\/kompressor-einhell-tc-ac-190-of-set\/\",\"name\":\"KOMPRESSOR EINHELL TC-AC 190 OF SET - Espak E-pood\",\"isPartOf\":{\"@id\":\"https:\/\/espak.ee\/epood\/#website\"},\"primaryImageOfPage\":{\"@id\":\"https:\/\/espak.ee\/epood\/toode\/kompressor-einhell-tc-ac-190-of-set\/#primaryimage\"},\"image\":{\"@id\":\"https:\/\/espak.ee\/epood\/toode\/kompressor-einhell-tc-ac-190-of-set\/#primaryimage\"},\"thumbnailUrl\":\"https:\/\/espak.ee\/epood\/wp-content\/uploads\/2021\/08\/4020660_21020_001_TC_AC_190_OF_Set_RAL3200_Pic.jpg\",\"datePublished\":\"2021-08-24T04:37:04+00:00\",\"dateModified\":\"2025-09-26T07:56:58+00:00\",\"breadcrumb\":{\"@id\":\"https:\/\/espak.ee\/epood\/toode\/kompressor-einhell-tc-ac-190-of-set\/#breadcrumb\"},\"inLanguage\":\"et\",\"potentialAction\":[{\"@type\":\"ReadAction\",\"target\":[\"https:\/\/espak.ee\/epood\/toode\/kompressor-einhell-tc-ac-190-of-set\/\"]}]},{\"@type\":\"ImageObject\",\"inLanguage\":\"et\",\"@id\":\"https:\/\/espak.ee\/epood\/toode\/kompressor-einhell-tc-ac-190-of-set\/#primaryimage\",\"url\":\"https:\/\/espak.ee\/epood\/wp-content\/uploads\/2021\/08\/4020660_21020_001_TC_AC_190_OF_Set_RAL3200_Pic.jpg\",\"contentUrl\":\"https:\/\/espak.ee\/epood\/wp-content\/uploads\/2021\/08\/4020660_21020_001_TC_AC_190_OF_Set_RAL3200_Pic.jpg\",\"width\":1772,\"height\":1544},{\"@type\":\"BreadcrumbList\",\"@id\":\"https:\/\/espak.ee\/epood\/toode\/kompressor-einhell-tc-ac-190-of-set\/#breadcrumb\",\"itemListElement\":[{\"@type\":\"ListItem\",\"position\":1,\"name\":\"Home\",\"item\":\"https:\/\/espak.ee\/epood\/\"},{\"@type\":\"ListItem\",\"position\":2,\"name\":\"Tootevalik\",\"item\":\"https:\/\/espak.ee\/epood\/tootevalik\/\"},{\"@type\":\"ListItem\",\"position\":3,\"name\":\"KOMPRESSOR EINHELL TC-AC 190 OF SET\"}]},{\"@type\":\"WebSite\",\"@id\":\"https:\/\/espak.ee\/epood\/#website\",\"url\":\"https:\/\/espak.ee\/epood\/\",\"name\":\"Espak E-pood\",\"description\":\"\",\"potentialAction\":[{\"@type\":\"SearchAction\",\"target\":{\"@type\":\"EntryPoint\",\"urlTemplate\":\"https:\/\/espak.ee\/epood\/?s={search_term_string}\"},\"query-input\":{\"@type\":\"PropertyValueSpecification\",\"valueRequired\":true,\"valueName\":\"search_term_string\"}}],\"inLanguage\":\"et\"}]}<\/script>\n<!-- \/ Yoast SEO plugin. -->","yoast_head_json":{"title":"KOMPRESSOR EINHELL TC-AC 190 OF SET - Espak E-pood","robots":{"index":"index","follow":"follow","max-snippet":"max-snippet:-1","max-image-preview":"max-image-preview:large","max-video-preview":"max-video-preview:-1"},"canonical":"https:\/\/espak.ee\/epood\/toode\/kompressor-einhell-tc-ac-190-of-set\/","og_locale":"et_EE","og_type":"article","og_title":"KOMPRESSOR EINHELL TC-AC 190 OF SET - Espak E-pood","og_url":"https:\/\/espak.ee\/epood\/toode\/kompressor-einhell-tc-ac-190-of-set\/","og_site_name":"Espak E-pood","article_modified_time":"2025-09-26T07:56:58+00:00","og_image":[{"width":1024,"height":892,"url":"https:\/\/espak.ee\/epood\/wp-content\/uploads\/2021\/08\/4020660_21020_001_TC_AC_190_OF_Set_RAL3200_Pic-1024x892.jpg","type":"image\/jpeg"}],"twitter_card":"summary_large_image","twitter_misc":{"Est. reading time":"1 minut"},"schema":{"@context":"https:\/\/schema.org","@graph":[{"@type":"WebPage","@id":"https:\/\/espak.ee\/epood\/toode\/kompressor-einhell-tc-ac-190-of-set\/","url":"https:\/\/espak.ee\/epood\/toode\/kompressor-einhell-tc-ac-190-of-set\/","name":"KOMPRESSOR EINHELL TC-AC 190 OF SET - Espak E-pood","isPartOf":{"@id":"https:\/\/espak.ee\/epood\/#website"},"primaryImageOfPage":{"@id":"https:\/\/espak.ee\/epood\/toode\/kompressor-einhell-tc-ac-190-of-set\/#primaryimage"},"image":{"@id":"https:\/\/espak.ee\/epood\/toode\/kompressor-einhell-tc-ac-190-of-set\/#primaryimage"},"thumbnailUrl":"https:\/\/espak.ee\/epood\/wp-content\/uploads\/2021\/08\/4020660_21020_001_TC_AC_190_OF_Set_RAL3200_Pic.jpg","datePublished":"2021-08-24T04:37:04+00:00","dateModified":"2025-09-26T07:56:58+00:00","breadcrumb":{"@id":"https:\/\/espak.ee\/epood\/toode\/kompressor-einhell-tc-ac-190-of-set\/#breadcrumb"},"inLanguage":"et","potentialAction":[{"@type":"ReadAction","target":["https:\/\/espak.ee\/epood\/toode\/kompressor-einhell-tc-ac-190-of-set\/"]}]},{"@type":"ImageObject","inLanguage":"et","@id":"https:\/\/espak.ee\/epood\/toode\/kompressor-einhell-tc-ac-190-of-set\/#primaryimage","url":"https:\/\/espak.ee\/epood\/wp-content\/uploads\/2021\/08\/4020660_21020_001_TC_AC_190_OF_Set_RAL3200_Pic.jpg","contentUrl":"https:\/\/espak.ee\/epood\/wp-content\/uploads\/2021\/08\/4020660_21020_001_TC_AC_190_OF_Set_RAL3200_Pic.jpg","width":1772,"height":1544},{"@type":"BreadcrumbList","@id":"https:\/\/espak.ee\/epood\/toode\/kompressor-einhell-tc-ac-190-of-set\/#breadcrumb","itemListElement":[{"@type":"ListItem","position":1,"name":"Home","item":"https:\/\/espak.ee\/epood\/"},{"@type":"ListItem","position":2,"name":"Tootevalik","item":"https:\/\/espak.ee\/epood\/tootevalik\/"},{"@type":"ListItem","position":3,"name":"KOMPRESSOR EINHELL TC-AC 190 OF SET"}]},{"@type":"WebSite","@id":"https:\/\/espak.ee\/epood\/#website","url":"https:\/\/espak.ee\/epood\/","name":"Espak E-pood","description":"","potentialAction":[{"@type":"SearchAction","target":{"@type":"EntryPoint","urlTemplate":"https:\/\/espak.ee\/epood\/?s={search_term_string}"},"query-input":{"@type":"PropertyValueSpecification","valueRequired":true,"valueName":"search_term_string"}}],"inLanguage":"et"}]}},"_links":{"self":[{"href":"https:\/\/espak.ee\/epood\/wp-json\/wp\/v2\/product\/92244","targetHints":{"allow":["GET"]}}],"collection":[{"href":"https:\/\/espak.ee\/epood\/wp-json\/wp\/v2\/product"}],"about":[{"href":"https:\/\/espak.ee\/epood\/wp-json\/wp\/v2\/types\/product"}],"replies":[{"embeddable":true,"href":"https:\/\/espak.ee\/epood\/wp-json\/wp\/v2\/comments?post=92244"}],"wp:featuredmedia":[{"embeddable":true,"href":"https:\/\/espak.ee\/epood\/wp-json\/wp\/v2\/media\/94270"}],"wp:attachment":[{"href":"https:\/\/espak.ee\/epood\/wp-json\/wp\/v2\/media?parent=92244"}],"wp:term":[{"taxonomy":"product_brand","embeddable":true,"href":"https:\/\/espak.ee\/epood\/wp-json\/wp\/v2\/product_brand?post=92244"},{"taxonomy":"product_cat","embeddable":true,"href":"https:\/\/espak.ee\/epood\/wp-json\/wp\/v2\/product_cat?post=92244"},{"taxonomy":"product_tag","embeddable":true,"href":"https:\/\/espak.ee\/epood\/wp-json\/wp\/v2\/product_tag?post=92244"}],"curies":[{"name":"wp","href":"https:\/\/api.w.org\/{rel}","templated":true}]}}