{"id":90622,"date":"2021-08-10T21:55:40","date_gmt":"2021-08-10T21:55:40","guid":{"rendered":"https:\/\/espak.ee\/epood\/?post_type=product&#038;p=90622"},"modified":"2024-03-23T13:14:00","modified_gmt":"2024-03-23T11:14:00","slug":"bituumenmastiks-icopal-water-renovator-20kg","status":"publish","type":"product","link":"https:\/\/espak.ee\/epood\/toode\/bituumenmastiks-icopal-water-renovator-20kg\/","title":{"rendered":"BITUUMENMASTIKS ICOPAL WATER RENOVATOR 20KG"},"content":{"rendered":"<div class=\"row\"  id=\"row-1429344336\">\n\n\t<div id=\"col-2111004950\" class=\"col medium-9 small-12 large-9\"  >\n\t\t\t\t<div class=\"col-inner\"  >\n\t\t\t\n\t\t\t\n<h2>Icopal Water Renovator<\/h2>\n<p>Veebaasil lahustuv. K\u00fclmalt pealekantav. Vundamendi h\u00fcdroisolatsioon. Paigaldada tuleb kuiva ilmaga, v\u00e4listemperatuur peab olema v\u00e4hemalt +10\u00b0C juures. Kummibituumeni kulu 1 kihi jaoks on 0,8 \u2013 1,1 kg\/m\u00b2. Ei sisalda m\u00fcrgiseid orgaanilisi lahusteid.<\/p>\n\t<div id=\"gap-622017787\" class=\"gap-element clearfix\" style=\"display:block; height:auto;\">\n\t\t\n<style>\n#gap-622017787 {\n  padding-top: 30px;\n}\n<\/style>\n\t<\/div>\n\t\n\t\t<\/div>\n\t\t\t\t\t<\/div>\n\n\t\n\n\t<div id=\"col-2031913704\" class=\"col medium-3 small-12 large-3\"  >\n\t\t\t\t<div class=\"col-inner\"  >\n\t\t\t\n\t\t\t\n\t<div id=\"gap-860251593\" class=\"gap-element clearfix\" style=\"display:block; height:auto;\">\n\t\t\n<style>\n#gap-860251593 {\n  padding-top: 30px;\n}\n<\/style>\n\t<\/div>\n\t\n<h3>Tehniline informatsioon<\/h3>\n<p><a href=\"https:\/\/espak.ee\/epood\/wp-content\/uploads\/2021\/08\/KUMMIBITUUMEN_ICOWATER_RENOVATOR_EST.pdf\" target=\"_blank\" rel=\"noopener noreferrer\"><i class=\"far fa-file-pdf\"><\/i> Tehniline info (PDF)<\/a><\/p>\n<div class=\"is-divider divider clearfix\" ><\/div>\n<p><strong>\u00dcksikasjalikuma n\u00f5u saamiseks v\u00f5tke \u00fchendust:<br \/><\/strong>BMI Group<br \/>Karamelli 6<br \/>11318<br \/>Tallinn<br \/>+372 6275560<\/p>\n<div class=\"is-divider divider clearfix\" ><\/div>\n\t\t<\/div>\n\t\t\t\t\t<\/div>\n\n\t\n<\/div>\n","protected":false},"excerpt":{"rendered":"","protected":false},"featured_media":92459,"comment_status":"closed","ping_status":"closed","template":"","meta":[],"product_brand":[],"product_cat":[3495,4116,4117,2697],"product_tag":[],"class_list":{"0":"post-90622","1":"product","2":"type-product","3":"status-publish","4":"has-post-thumbnail","6":"product_cat-katusematerjalid","7":"product_cat-katuste-lisatarvikud","8":"product_cat-tihendid-katuste-lisatarvikud","9":"product_cat-uldehitus","10":"pa_kaubamark-icopal-ou","12":"first","13":"outofstock","14":"sale","15":"taxable","16":"shipping-taxable","17":"purchasable","18":"product-type-simple"},"yoast_head":"<!-- This site is optimized with the Yoast SEO plugin v26.9 - https:\/\/yoast.com\/product\/yoast-seo-wordpress\/ -->\n<title>BITUUMENMASTIKS ICOPAL WATER RENOVATOR 20KG - Espak E-pood<\/title>\n<meta name=\"robots\" content=\"index, follow, max-snippet:-1, max-image-preview:large, max-video-preview:-1\" \/>\n<link rel=\"canonical\" href=\"https:\/\/espak.ee\/epood\/toode\/bituumenmastiks-icopal-water-renovator-20kg\/\" \/>\n<meta property=\"og:locale\" content=\"et_EE\" \/>\n<meta property=\"og:type\" content=\"article\" \/>\n<meta property=\"og:title\" content=\"BITUUMENMASTIKS ICOPAL WATER RENOVATOR 20KG - Espak E-pood\" \/>\n<meta property=\"og:url\" content=\"https:\/\/espak.ee\/epood\/toode\/bituumenmastiks-icopal-water-renovator-20kg\/\" \/>\n<meta property=\"og:site_name\" content=\"Espak E-pood\" \/>\n<meta property=\"article:modified_time\" content=\"2024-03-23T11:14:00+00:00\" \/>\n<meta property=\"og:image\" content=\"https:\/\/espak.ee\/epood\/wp-content\/uploads\/2021\/08\/ICOPAL-water-renowator-20kg.jpg\" \/>\n\t<meta property=\"og:image:width\" content=\"465\" \/>\n\t<meta property=\"og:image:height\" content=\"465\" \/>\n\t<meta property=\"og:image:type\" content=\"image\/jpeg\" \/>\n<meta name=\"twitter:card\" content=\"summary_large_image\" \/>\n<script type=\"application\/ld+json\" class=\"yoast-schema-graph\">{\"@context\":\"https:\/\/schema.org\",\"@graph\":[{\"@type\":\"WebPage\",\"@id\":\"https:\/\/espak.ee\/epood\/toode\/bituumenmastiks-icopal-water-renovator-20kg\/\",\"url\":\"https:\/\/espak.ee\/epood\/toode\/bituumenmastiks-icopal-water-renovator-20kg\/\",\"name\":\"BITUUMENMASTIKS ICOPAL WATER RENOVATOR 20KG - Espak E-pood\",\"isPartOf\":{\"@id\":\"https:\/\/espak.ee\/epood\/#website\"},\"primaryImageOfPage\":{\"@id\":\"https:\/\/espak.ee\/epood\/toode\/bituumenmastiks-icopal-water-renovator-20kg\/#primaryimage\"},\"image\":{\"@id\":\"https:\/\/espak.ee\/epood\/toode\/bituumenmastiks-icopal-water-renovator-20kg\/#primaryimage\"},\"thumbnailUrl\":\"https:\/\/espak.ee\/epood\/wp-content\/uploads\/2021\/08\/ICOPAL-water-renowator-20kg.jpg\",\"datePublished\":\"2021-08-10T21:55:40+00:00\",\"dateModified\":\"2024-03-23T11:14:00+00:00\",\"breadcrumb\":{\"@id\":\"https:\/\/espak.ee\/epood\/toode\/bituumenmastiks-icopal-water-renovator-20kg\/#breadcrumb\"},\"inLanguage\":\"et\",\"potentialAction\":[{\"@type\":\"ReadAction\",\"target\":[\"https:\/\/espak.ee\/epood\/toode\/bituumenmastiks-icopal-water-renovator-20kg\/\"]}]},{\"@type\":\"ImageObject\",\"inLanguage\":\"et\",\"@id\":\"https:\/\/espak.ee\/epood\/toode\/bituumenmastiks-icopal-water-renovator-20kg\/#primaryimage\",\"url\":\"https:\/\/espak.ee\/epood\/wp-content\/uploads\/2021\/08\/ICOPAL-water-renowator-20kg.jpg\",\"contentUrl\":\"https:\/\/espak.ee\/epood\/wp-content\/uploads\/2021\/08\/ICOPAL-water-renowator-20kg.jpg\",\"width\":465,\"height\":465},{\"@type\":\"BreadcrumbList\",\"@id\":\"https:\/\/espak.ee\/epood\/toode\/bituumenmastiks-icopal-water-renovator-20kg\/#breadcrumb\",\"itemListElement\":[{\"@type\":\"ListItem\",\"position\":1,\"name\":\"Home\",\"item\":\"https:\/\/espak.ee\/epood\/\"},{\"@type\":\"ListItem\",\"position\":2,\"name\":\"Tootevalik\",\"item\":\"https:\/\/espak.ee\/epood\/tootevalik\/\"},{\"@type\":\"ListItem\",\"position\":3,\"name\":\"BITUUMENMASTIKS ICOPAL WATER RENOVATOR 20KG\"}]},{\"@type\":\"WebSite\",\"@id\":\"https:\/\/espak.ee\/epood\/#website\",\"url\":\"https:\/\/espak.ee\/epood\/\",\"name\":\"Espak E-pood\",\"description\":\"\",\"potentialAction\":[{\"@type\":\"SearchAction\",\"target\":{\"@type\":\"EntryPoint\",\"urlTemplate\":\"https:\/\/espak.ee\/epood\/?s={search_term_string}\"},\"query-input\":{\"@type\":\"PropertyValueSpecification\",\"valueRequired\":true,\"valueName\":\"search_term_string\"}}],\"inLanguage\":\"et\"}]}<\/script>\n<!-- \/ Yoast SEO plugin. -->","yoast_head_json":{"title":"BITUUMENMASTIKS ICOPAL WATER RENOVATOR 20KG - Espak E-pood","robots":{"index":"index","follow":"follow","max-snippet":"max-snippet:-1","max-image-preview":"max-image-preview:large","max-video-preview":"max-video-preview:-1"},"canonical":"https:\/\/espak.ee\/epood\/toode\/bituumenmastiks-icopal-water-renovator-20kg\/","og_locale":"et_EE","og_type":"article","og_title":"BITUUMENMASTIKS ICOPAL WATER RENOVATOR 20KG - Espak E-pood","og_url":"https:\/\/espak.ee\/epood\/toode\/bituumenmastiks-icopal-water-renovator-20kg\/","og_site_name":"Espak E-pood","article_modified_time":"2024-03-23T11:14:00+00:00","og_image":[{"width":465,"height":465,"url":"https:\/\/espak.ee\/epood\/wp-content\/uploads\/2021\/08\/ICOPAL-water-renowator-20kg.jpg","type":"image\/jpeg"}],"twitter_card":"summary_large_image","schema":{"@context":"https:\/\/schema.org","@graph":[{"@type":"WebPage","@id":"https:\/\/espak.ee\/epood\/toode\/bituumenmastiks-icopal-water-renovator-20kg\/","url":"https:\/\/espak.ee\/epood\/toode\/bituumenmastiks-icopal-water-renovator-20kg\/","name":"BITUUMENMASTIKS ICOPAL WATER RENOVATOR 20KG - Espak E-pood","isPartOf":{"@id":"https:\/\/espak.ee\/epood\/#website"},"primaryImageOfPage":{"@id":"https:\/\/espak.ee\/epood\/toode\/bituumenmastiks-icopal-water-renovator-20kg\/#primaryimage"},"image":{"@id":"https:\/\/espak.ee\/epood\/toode\/bituumenmastiks-icopal-water-renovator-20kg\/#primaryimage"},"thumbnailUrl":"https:\/\/espak.ee\/epood\/wp-content\/uploads\/2021\/08\/ICOPAL-water-renowator-20kg.jpg","datePublished":"2021-08-10T21:55:40+00:00","dateModified":"2024-03-23T11:14:00+00:00","breadcrumb":{"@id":"https:\/\/espak.ee\/epood\/toode\/bituumenmastiks-icopal-water-renovator-20kg\/#breadcrumb"},"inLanguage":"et","potentialAction":[{"@type":"ReadAction","target":["https:\/\/espak.ee\/epood\/toode\/bituumenmastiks-icopal-water-renovator-20kg\/"]}]},{"@type":"ImageObject","inLanguage":"et","@id":"https:\/\/espak.ee\/epood\/toode\/bituumenmastiks-icopal-water-renovator-20kg\/#primaryimage","url":"https:\/\/espak.ee\/epood\/wp-content\/uploads\/2021\/08\/ICOPAL-water-renowator-20kg.jpg","contentUrl":"https:\/\/espak.ee\/epood\/wp-content\/uploads\/2021\/08\/ICOPAL-water-renowator-20kg.jpg","width":465,"height":465},{"@type":"BreadcrumbList","@id":"https:\/\/espak.ee\/epood\/toode\/bituumenmastiks-icopal-water-renovator-20kg\/#breadcrumb","itemListElement":[{"@type":"ListItem","position":1,"name":"Home","item":"https:\/\/espak.ee\/epood\/"},{"@type":"ListItem","position":2,"name":"Tootevalik","item":"https:\/\/espak.ee\/epood\/tootevalik\/"},{"@type":"ListItem","position":3,"name":"BITUUMENMASTIKS ICOPAL WATER RENOVATOR 20KG"}]},{"@type":"WebSite","@id":"https:\/\/espak.ee\/epood\/#website","url":"https:\/\/espak.ee\/epood\/","name":"Espak E-pood","description":"","potentialAction":[{"@type":"SearchAction","target":{"@type":"EntryPoint","urlTemplate":"https:\/\/espak.ee\/epood\/?s={search_term_string}"},"query-input":{"@type":"PropertyValueSpecification","valueRequired":true,"valueName":"search_term_string"}}],"inLanguage":"et"}]}},"_links":{"self":[{"href":"https:\/\/espak.ee\/epood\/wp-json\/wp\/v2\/product\/90622","targetHints":{"allow":["GET"]}}],"collection":[{"href":"https:\/\/espak.ee\/epood\/wp-json\/wp\/v2\/product"}],"about":[{"href":"https:\/\/espak.ee\/epood\/wp-json\/wp\/v2\/types\/product"}],"replies":[{"embeddable":true,"href":"https:\/\/espak.ee\/epood\/wp-json\/wp\/v2\/comments?post=90622"}],"wp:featuredmedia":[{"embeddable":true,"href":"https:\/\/espak.ee\/epood\/wp-json\/wp\/v2\/media\/92459"}],"wp:attachment":[{"href":"https:\/\/espak.ee\/epood\/wp-json\/wp\/v2\/media?parent=90622"}],"wp:term":[{"taxonomy":"product_brand","embeddable":true,"href":"https:\/\/espak.ee\/epood\/wp-json\/wp\/v2\/product_brand?post=90622"},{"taxonomy":"product_cat","embeddable":true,"href":"https:\/\/espak.ee\/epood\/wp-json\/wp\/v2\/product_cat?post=90622"},{"taxonomy":"product_tag","embeddable":true,"href":"https:\/\/espak.ee\/epood\/wp-json\/wp\/v2\/product_tag?post=90622"}],"curies":[{"name":"wp","href":"https:\/\/api.w.org\/{rel}","templated":true}]}}