{"id":8126,"date":"2019-09-17T02:17:04","date_gmt":"2019-09-16T23:17:04","guid":{"rendered":"https:\/\/espak.ee\/hinnakiri\/?post_type=product&#038;p=8126"},"modified":"2024-03-23T00:19:18","modified_gmt":"2024-03-22T22:19:18","slug":"dushlifti-komplekt-blue-star-capri-70cm-ca-300","status":"publish","type":"product","link":"https:\/\/espak.ee\/epood\/toode\/dushlifti-komplekt-blue-star-capri-70cm-ca-300\/","title":{"rendered":"DUSHLIFTI KOMPLEKT BLUE STAR CAPRI 70CM CA 300"},"content":{"rendered":"<div class=\"row\"  id=\"row-1504913275\">\n\n\t<div id=\"col-2137437316\" class=\"col medium-9 small-12 large-9\"  >\n\t\t\t\t<div class=\"col-inner\"  >\n\t\t\t\n\t\t\t\n<h2>Capri du\u0161ilifti komplekt 700mm<\/h2>\n<p>Toote m\u00f5\u00f5dud: A = 700 | C = 50<\/p>\n<p>Blue Star Arona seeria kvaliteetne du\u0161ilifti komplekt on k\u00f5rgekvaliteedilise ja kauakestva kroom viimistlusega. K\u00e4sidu\u0161\u0161 on kolmefunktsiooniline ning sellelt on lihtne eemaldada katlakivi. Silikoond\u00fc\u00fcsid takistavad lubjasette moodustumist ning kindlustavad vee \u00fchtlase voolamise pikaks ajaks. K\u00e4sidu\u0161\u0161i on lihtne hooldada, lubjasette saab eemaldada n\u00e4puga \u00fcle silikoonpinna t\u00f5mmates.<br \/>\n Komplektis on k\u00f5rgekvaliteedilisest (kummimaterjalist) du\u0161ivoolik, mida on lihtne hooldada. See on k\u00f5rge temperatuuritaluvusega ja pika kasutusajaga. Du\u0161ivoolikul on vabalt p\u00f6\u00f6rlev du\u0161ivooliku otsik. Du\u0161ilifti \u00fclemine seinakinnitus on reguleeritav. Seet\u00f5ttu sobib see toode eriti h\u00e4sti vannitoa uuendamiseks.<br \/>\nTootele kehtib 5-aastane* garantii, kasutades toodet erasektoris v\u00f5i \u00e4ri- ja \u00fchiskondlikes ruumides. Garantii kehtib alates ostu sooritamise kuup\u00e4evast. Garantiin\u00f5ude esitamisel tuleb ostu dokumentaalselt t\u00f5estada.<br \/>\n* Vastavalt Blue Star \u00fcldistele garantiitingimustele.<\/p>\n<p>A &#8211; K\u00f5rgus<br \/>\nB &#8211; Laius<br \/>\nC &#8211; Kaugus seinast tilani \/ Kaugus tsentrist tilani<br \/>\nD &#8211; \u00dclepeadu\u0161i l\u00e4bim\u00f5\u00f5t<br \/>\nE &#8211; Mugavustsooni k\u00f5rgus<\/p>\n<p>T\u00e4psem info blue-star.ee kodulehek\u00fcljelt.<\/p>\n\t\t<\/div>\n\t\t\t\t\t<\/div>\n\n\t\n\n\t<div id=\"col-582470455\" class=\"col medium-3 small-12 large-3\"  >\n\t\t\t\t<div class=\"col-inner\"  >\n\t\t\t\n\t\t\t\n\t<div id=\"gap-1739245790\" class=\"gap-element clearfix\" style=\"display:block; height:auto;\">\n\t\t\n<style>\n#gap-1739245790 {\n  padding-top: 30px;\n}\n<\/style>\n\t<\/div>\n\t\n<div class=\"is-divider divider clearfix\" ><\/div>\n<p><strong>\u00dcksikasjalikuma n\u00f5u saamiseks v\u00f5tke \u00fchendust:<\/strong><br \/>O\u00dc Dreesis<br \/>Laki 16-407<br \/>10 621<br \/>Tallinn<br \/>+372 6177 200<\/p>\n\t\t<\/div>\n\t\t\t\t\t<\/div>\n\n\t\n<\/div>\n","protected":false},"excerpt":{"rendered":"","protected":false},"featured_media":8247,"comment_status":"closed","ping_status":"closed","template":"","meta":[],"product_brand":[],"product_cat":[2823,2819,2820,2821],"product_tag":[],"class_list":{"0":"post-8126","1":"product","2":"type-product","3":"status-publish","4":"has-post-thumbnail","6":"product_cat-dusisegistite-komplektid","7":"product_cat-sanitaartehnika","8":"product_cat-sanitaartehnika-sanitaartehnika","9":"product_cat-segistid","10":"pa_kaubamark-blue-star","12":"first","13":"instock","14":"sale","15":"taxable","16":"shipping-taxable","17":"purchasable","18":"product-type-simple"},"yoast_head":"<!-- This site is optimized with the Yoast SEO plugin v26.9 - https:\/\/yoast.com\/product\/yoast-seo-wordpress\/ -->\n<title>DUSHLIFTI KOMPLEKT BLUE STAR CAPRI 70CM CA 300 - Espak E-pood<\/title>\n<meta name=\"robots\" content=\"index, follow, max-snippet:-1, max-image-preview:large, max-video-preview:-1\" \/>\n<link rel=\"canonical\" href=\"https:\/\/espak.ee\/epood\/toode\/dushlifti-komplekt-blue-star-capri-70cm-ca-300\/\" \/>\n<meta property=\"og:locale\" content=\"et_EE\" \/>\n<meta property=\"og:type\" content=\"article\" \/>\n<meta property=\"og:title\" content=\"DUSHLIFTI KOMPLEKT BLUE STAR CAPRI 70CM CA 300 - Espak E-pood\" \/>\n<meta property=\"og:url\" content=\"https:\/\/espak.ee\/epood\/toode\/dushlifti-komplekt-blue-star-capri-70cm-ca-300\/\" \/>\n<meta property=\"og:site_name\" content=\"Espak E-pood\" \/>\n<meta property=\"article:modified_time\" content=\"2024-03-22T22:19:18+00:00\" \/>\n<meta property=\"og:image\" content=\"https:\/\/espak.ee\/epood\/wp-content\/uploads\/CA300-bluestar.jpg\" \/>\n\t<meta property=\"og:image:width\" content=\"1000\" \/>\n\t<meta property=\"og:image:height\" content=\"1000\" \/>\n\t<meta property=\"og:image:type\" content=\"image\/jpeg\" \/>\n<meta name=\"twitter:card\" content=\"summary_large_image\" \/>\n<meta name=\"twitter:label1\" content=\"Est. reading time\" \/>\n\t<meta name=\"twitter:data1\" content=\"1 minut\" \/>\n<script type=\"application\/ld+json\" class=\"yoast-schema-graph\">{\"@context\":\"https:\/\/schema.org\",\"@graph\":[{\"@type\":\"WebPage\",\"@id\":\"https:\/\/espak.ee\/epood\/toode\/dushlifti-komplekt-blue-star-capri-70cm-ca-300\/\",\"url\":\"https:\/\/espak.ee\/epood\/toode\/dushlifti-komplekt-blue-star-capri-70cm-ca-300\/\",\"name\":\"DUSHLIFTI KOMPLEKT BLUE STAR CAPRI 70CM CA 300 - Espak E-pood\",\"isPartOf\":{\"@id\":\"https:\/\/espak.ee\/epood\/#website\"},\"primaryImageOfPage\":{\"@id\":\"https:\/\/espak.ee\/epood\/toode\/dushlifti-komplekt-blue-star-capri-70cm-ca-300\/#primaryimage\"},\"image\":{\"@id\":\"https:\/\/espak.ee\/epood\/toode\/dushlifti-komplekt-blue-star-capri-70cm-ca-300\/#primaryimage\"},\"thumbnailUrl\":\"https:\/\/espak.ee\/epood\/wp-content\/uploads\/CA300-bluestar.jpg\",\"datePublished\":\"2019-09-16T23:17:04+00:00\",\"dateModified\":\"2024-03-22T22:19:18+00:00\",\"breadcrumb\":{\"@id\":\"https:\/\/espak.ee\/epood\/toode\/dushlifti-komplekt-blue-star-capri-70cm-ca-300\/#breadcrumb\"},\"inLanguage\":\"et\",\"potentialAction\":[{\"@type\":\"ReadAction\",\"target\":[\"https:\/\/espak.ee\/epood\/toode\/dushlifti-komplekt-blue-star-capri-70cm-ca-300\/\"]}]},{\"@type\":\"ImageObject\",\"inLanguage\":\"et\",\"@id\":\"https:\/\/espak.ee\/epood\/toode\/dushlifti-komplekt-blue-star-capri-70cm-ca-300\/#primaryimage\",\"url\":\"https:\/\/espak.ee\/epood\/wp-content\/uploads\/CA300-bluestar.jpg\",\"contentUrl\":\"https:\/\/espak.ee\/epood\/wp-content\/uploads\/CA300-bluestar.jpg\",\"width\":1000,\"height\":1000},{\"@type\":\"BreadcrumbList\",\"@id\":\"https:\/\/espak.ee\/epood\/toode\/dushlifti-komplekt-blue-star-capri-70cm-ca-300\/#breadcrumb\",\"itemListElement\":[{\"@type\":\"ListItem\",\"position\":1,\"name\":\"Home\",\"item\":\"https:\/\/espak.ee\/epood\/\"},{\"@type\":\"ListItem\",\"position\":2,\"name\":\"Tootevalik\",\"item\":\"https:\/\/espak.ee\/epood\/tootevalik\/\"},{\"@type\":\"ListItem\",\"position\":3,\"name\":\"DUSHLIFTI KOMPLEKT BLUE STAR CAPRI 70CM CA 300\"}]},{\"@type\":\"WebSite\",\"@id\":\"https:\/\/espak.ee\/epood\/#website\",\"url\":\"https:\/\/espak.ee\/epood\/\",\"name\":\"Espak E-pood\",\"description\":\"\",\"potentialAction\":[{\"@type\":\"SearchAction\",\"target\":{\"@type\":\"EntryPoint\",\"urlTemplate\":\"https:\/\/espak.ee\/epood\/?s={search_term_string}\"},\"query-input\":{\"@type\":\"PropertyValueSpecification\",\"valueRequired\":true,\"valueName\":\"search_term_string\"}}],\"inLanguage\":\"et\"}]}<\/script>\n<!-- \/ Yoast SEO plugin. -->","yoast_head_json":{"title":"DUSHLIFTI KOMPLEKT BLUE STAR CAPRI 70CM CA 300 - Espak E-pood","robots":{"index":"index","follow":"follow","max-snippet":"max-snippet:-1","max-image-preview":"max-image-preview:large","max-video-preview":"max-video-preview:-1"},"canonical":"https:\/\/espak.ee\/epood\/toode\/dushlifti-komplekt-blue-star-capri-70cm-ca-300\/","og_locale":"et_EE","og_type":"article","og_title":"DUSHLIFTI KOMPLEKT BLUE STAR CAPRI 70CM CA 300 - Espak E-pood","og_url":"https:\/\/espak.ee\/epood\/toode\/dushlifti-komplekt-blue-star-capri-70cm-ca-300\/","og_site_name":"Espak E-pood","article_modified_time":"2024-03-22T22:19:18+00:00","og_image":[{"width":1000,"height":1000,"url":"https:\/\/espak.ee\/epood\/wp-content\/uploads\/CA300-bluestar.jpg","type":"image\/jpeg"}],"twitter_card":"summary_large_image","twitter_misc":{"Est. reading time":"1 minut"},"schema":{"@context":"https:\/\/schema.org","@graph":[{"@type":"WebPage","@id":"https:\/\/espak.ee\/epood\/toode\/dushlifti-komplekt-blue-star-capri-70cm-ca-300\/","url":"https:\/\/espak.ee\/epood\/toode\/dushlifti-komplekt-blue-star-capri-70cm-ca-300\/","name":"DUSHLIFTI KOMPLEKT BLUE STAR CAPRI 70CM CA 300 - Espak E-pood","isPartOf":{"@id":"https:\/\/espak.ee\/epood\/#website"},"primaryImageOfPage":{"@id":"https:\/\/espak.ee\/epood\/toode\/dushlifti-komplekt-blue-star-capri-70cm-ca-300\/#primaryimage"},"image":{"@id":"https:\/\/espak.ee\/epood\/toode\/dushlifti-komplekt-blue-star-capri-70cm-ca-300\/#primaryimage"},"thumbnailUrl":"https:\/\/espak.ee\/epood\/wp-content\/uploads\/CA300-bluestar.jpg","datePublished":"2019-09-16T23:17:04+00:00","dateModified":"2024-03-22T22:19:18+00:00","breadcrumb":{"@id":"https:\/\/espak.ee\/epood\/toode\/dushlifti-komplekt-blue-star-capri-70cm-ca-300\/#breadcrumb"},"inLanguage":"et","potentialAction":[{"@type":"ReadAction","target":["https:\/\/espak.ee\/epood\/toode\/dushlifti-komplekt-blue-star-capri-70cm-ca-300\/"]}]},{"@type":"ImageObject","inLanguage":"et","@id":"https:\/\/espak.ee\/epood\/toode\/dushlifti-komplekt-blue-star-capri-70cm-ca-300\/#primaryimage","url":"https:\/\/espak.ee\/epood\/wp-content\/uploads\/CA300-bluestar.jpg","contentUrl":"https:\/\/espak.ee\/epood\/wp-content\/uploads\/CA300-bluestar.jpg","width":1000,"height":1000},{"@type":"BreadcrumbList","@id":"https:\/\/espak.ee\/epood\/toode\/dushlifti-komplekt-blue-star-capri-70cm-ca-300\/#breadcrumb","itemListElement":[{"@type":"ListItem","position":1,"name":"Home","item":"https:\/\/espak.ee\/epood\/"},{"@type":"ListItem","position":2,"name":"Tootevalik","item":"https:\/\/espak.ee\/epood\/tootevalik\/"},{"@type":"ListItem","position":3,"name":"DUSHLIFTI KOMPLEKT BLUE STAR CAPRI 70CM CA 300"}]},{"@type":"WebSite","@id":"https:\/\/espak.ee\/epood\/#website","url":"https:\/\/espak.ee\/epood\/","name":"Espak E-pood","description":"","potentialAction":[{"@type":"SearchAction","target":{"@type":"EntryPoint","urlTemplate":"https:\/\/espak.ee\/epood\/?s={search_term_string}"},"query-input":{"@type":"PropertyValueSpecification","valueRequired":true,"valueName":"search_term_string"}}],"inLanguage":"et"}]}},"_links":{"self":[{"href":"https:\/\/espak.ee\/epood\/wp-json\/wp\/v2\/product\/8126","targetHints":{"allow":["GET"]}}],"collection":[{"href":"https:\/\/espak.ee\/epood\/wp-json\/wp\/v2\/product"}],"about":[{"href":"https:\/\/espak.ee\/epood\/wp-json\/wp\/v2\/types\/product"}],"replies":[{"embeddable":true,"href":"https:\/\/espak.ee\/epood\/wp-json\/wp\/v2\/comments?post=8126"}],"wp:featuredmedia":[{"embeddable":true,"href":"https:\/\/espak.ee\/epood\/wp-json\/wp\/v2\/media\/8247"}],"wp:attachment":[{"href":"https:\/\/espak.ee\/epood\/wp-json\/wp\/v2\/media?parent=8126"}],"wp:term":[{"taxonomy":"product_brand","embeddable":true,"href":"https:\/\/espak.ee\/epood\/wp-json\/wp\/v2\/product_brand?post=8126"},{"taxonomy":"product_cat","embeddable":true,"href":"https:\/\/espak.ee\/epood\/wp-json\/wp\/v2\/product_cat?post=8126"},{"taxonomy":"product_tag","embeddable":true,"href":"https:\/\/espak.ee\/epood\/wp-json\/wp\/v2\/product_tag?post=8126"}],"curies":[{"name":"wp","href":"https:\/\/api.w.org\/{rel}","templated":true}]}}