{"id":80274,"date":"2021-04-23T04:13:19","date_gmt":"2021-04-23T04:13:19","guid":{"rendered":"https:\/\/espak.ee\/epood\/?post_type=product&#038;p=80274"},"modified":"2026-04-23T14:27:55","modified_gmt":"2026-04-23T11:27:55","slug":"heliisolatsioon-tecsound-70sy-122505m","status":"publish","type":"product","link":"https:\/\/espak.ee\/epood\/toode\/heliisolatsioon-tecsound-70sy-122505m\/","title":{"rendered":"HELIISOLATSIOON TECSOUND 70SY 1,22*5,05M"},"content":{"rendered":"<div class=\"row\"  id=\"row-1918622784\">\n\n\t<div id=\"col-1654767327\" class=\"col medium-9 small-12 large-9\"  >\n\t\t\t\t<div class=\"col-inner\"  >\n\t\t\t\n\t\t\t\n<h3>HELIISOLATSIOON TECSOUND 70SY 1,22*5,05M<\/h3>\n<p>Ultra\u00f5huke, raske helikindel, iseliimuv membraan.<br \/>\nSeda kasutatakse helikindlate p\u00f5randate, lagede, katuste, seinte, vaheseinte konstruktsioonides, erinevate eesm\u00e4rkidega ruumides.<br \/>\nTECSOUND\u00ae tooteid valmistatakse ainult \u00fches tehases Euroopas, Barcelonas.<\/p>\n<p><strong>Eelised:<\/strong><br \/>\nTECSOUND\u00aeSY on \u00fcks levinumaid helikindlatest materjalidest maailmas ning on saanud v\u00e4ga suure populaarsuse peaaegu k\u00f5ikides maailma riikides t\u00e4nu oma suurep\u00e4rasele kvaliteedile ja madalale hinnale.<br \/>\nTECSOUND\u00aeSY m\u00fcraisolatsioon \u2013 see on \u00fcli\u00f5huke k\u00f5va elastne membraan, mis koosneb loodusliku mineraali aragoniidi p\u00f5hjal, mis on k\u00f5rge tihedusega, raske  ja sideaineks \u2013 pol\u00fcmeerid.<br \/>\nAragoniid on kaltsiumkarbonaadi looduslik pol\u00fcmorf ning on lubjakivi ja marmori p\u00f5hikomponendiks.<\/p>\n<p>Selline koostis tagab TECSOUND\u00aeSY membraani elastsuse ning pinna tiheduse rekord n\u00e4itajal (10,0 kg \/ m2) materjali paksusega v\u00e4hem kui  5,1 mm \u2013 k\u00f5ige \u00f5hema TECSOUND\u00aeSY sama n\u00e4itaja on 1,75 mm. Sel p\u00f5hjusel on  TECSOUND\u00aeSY heliisolatsiooni paigaldajate ja kasutajate tagasisided alati positiivsed.<\/p>\n<p>Heliisolatsiooni TECSOUND\u00aeSY saab kasutada, mis tahes hoone, ehitise jm. karkassi ja karkassita konstruktsioonides ja heliisolatsioonis\u00fcsteemides (kihina), kus on kasutusel  GCR, GVL, LSU, OSB, vineer ja muud materjalid, selleks et tugevdada heliisolatsiooni taset konstruktsioonides.<br \/>\nMaterjal on sertifitseeritud vastavalt Euroopa kvaliteedistandardile, ohutu nii keskkonna, kui ka tuleohutuse suhtes, nii saate ohutult kasutada TECSOUND\u00aeSY tooteid ja kasutada etten\u00e4htud eesm\u00e4rkide saavutamisel. <\/p>\n<p><strong>Kasutusalad:<\/strong><br \/>\n&#8211; \u00d5hum\u00fcra isolatsiooni parandamine v\u00e4ikese pinnamassiga p\u00fcstpindadel nagu kipsplaadist ja puidust vaheseinad<br \/>\n&#8211; Lagedele ja kergkatustele \u00f5hum\u00fcra summutava heliisolatsiooni tagamine<br \/>\n&#8211; Laminaatkattega p\u00f5randatel trummeldamism\u00fcra v\u00e4hendamine<br \/>\n&#8211; Ilmastikun\u00e4htuste nagu vihma ja rahe p\u00f5hjustatud m\u00fcra summutamine metallkatustel<br \/>\n&#8211; Heli absorbeerivate materjalidega kombineeritult hea akustilise suutlikkusega lahenduste loomine<br \/>\n&#8211; V\u00e4ga laiad kasutusv\u00f5imalused t\u00f6\u00f6stuses, nagu kabiinide ja masinaruumide, mootorikapottide ja rennide, lehtmetalli jms heliisolatsiooni tagamine<\/p>\n<p>Saab kasutada igat liiki hoonetes, sealhulgas kodudes ja lasteaedades. Lisaks palju muid kasutusv\u00f5imalusi.<\/p>\n<p>Turgudel v\u00f5imalikke liikuvaid analoogtooted ei anna piisavat heliisolatsioonieffekti, mida v\u00f5imaldab TECSOUND\u00aeSY ning neid alternatiivtooteid ei saa v\u00f5rrelda TECSOUND\u00aeSY toodetega.<\/p>\n<p><strong>NB! TECSOUND\u00ae on kaitstud patendiga toode, mida toodab maailmas ainult Soprema Iberia SLU.<\/strong><\/p>\n\t\t<\/div>\n\t\t\t\t\t<\/div>\n\n\t\n\n\t<div id=\"col-1512500098\" class=\"col medium-3 small-12 large-3\"  >\n\t\t\t\t<div class=\"col-inner\"  >\n\t\t\t\n\t\t\t\n<h3>Tehniline informatsioon<\/h3>\n<p><a href=\"https:\/\/espak.ee\/epood\/wp-content\/uploads\/2021\/04\/ET_TECSOUND-SY-1.pdf\"target=\"_blank\" rel=\"noopener noreferrer\"><i class=\"far fa-file-pdf\"><\/i> Tehniline info (PDF)<\/a><\/p>\n<p><strong>\u00dcksikasjalikuma n\u00f5u saamiseks v\u00f5tke \u00fchendust:<br \/><\/strong>TO2 O\u00dc<br \/>+372 502 2846\n<\/p>\n\t\t<\/div>\n\t\t\t\t\t<\/div>\n\n\t\n<\/div>\n","protected":false},"excerpt":{"rendered":"","protected":false},"featured_media":80995,"comment_status":"closed","ping_status":"closed","template":"","meta":[],"product_brand":[],"product_cat":[3678,2718,3677],"product_tag":[],"class_list":{"0":"post-80274","1":"product","2":"type-product","3":"status-publish","4":"has-post-thumbnail","6":"product_cat-heliisolatsioon","7":"product_cat-isolatsioonimaterjalid","8":"product_cat-isolatsiooniplaat-ja-heliisolatsioon","10":"first","11":"instock","12":"sale","13":"taxable","14":"shipping-taxable","15":"purchasable","16":"product-type-simple"},"yoast_head":"<!-- This site is optimized with the Yoast SEO plugin v26.9 - https:\/\/yoast.com\/product\/yoast-seo-wordpress\/ -->\n<title>HELIISOLATSIOON TECSOUND 70SY 1,22*5,05M - Espak E-pood<\/title>\n<meta name=\"robots\" content=\"index, follow, max-snippet:-1, max-image-preview:large, max-video-preview:-1\" \/>\n<link rel=\"canonical\" href=\"https:\/\/espak.ee\/epood\/?post_type=product&p=80274\" \/>\n<meta property=\"og:locale\" content=\"et_EE\" \/>\n<meta property=\"og:type\" content=\"article\" \/>\n<meta property=\"og:title\" content=\"HELIISOLATSIOON TECSOUND 70SY 1,22*5,05M - Espak E-pood\" \/>\n<meta property=\"og:url\" content=\"https:\/\/espak.ee\/epood\/?post_type=product&amp;p=80274\" \/>\n<meta property=\"og:site_name\" content=\"Espak E-pood\" \/>\n<meta property=\"article:modified_time\" content=\"2026-04-23T11:27:55+00:00\" \/>\n<meta property=\"og:image\" content=\"https:\/\/espak.ee\/epood\/wp-content\/uploads\/2021\/04\/21-01-21-Tecsound308168-Modifier.jpg\" \/>\n\t<meta property=\"og:image:width\" content=\"1000\" \/>\n\t<meta property=\"og:image:height\" content=\"1000\" \/>\n\t<meta property=\"og:image:type\" content=\"image\/jpeg\" \/>\n<meta name=\"twitter:card\" content=\"summary_large_image\" \/>\n<meta name=\"twitter:label1\" content=\"Est. reading time\" \/>\n\t<meta name=\"twitter:data1\" content=\"2 minutit\" \/>\n<script type=\"application\/ld+json\" class=\"yoast-schema-graph\">{\"@context\":\"https:\/\/schema.org\",\"@graph\":[{\"@type\":\"WebPage\",\"@id\":\"https:\/\/espak.ee\/epood\/?post_type=product&p=80274\",\"url\":\"https:\/\/espak.ee\/epood\/?post_type=product&p=80274\",\"name\":\"HELIISOLATSIOON TECSOUND 70SY 1,22*5,05M - Espak E-pood\",\"isPartOf\":{\"@id\":\"https:\/\/espak.ee\/epood\/#website\"},\"primaryImageOfPage\":{\"@id\":\"https:\/\/espak.ee\/epood\/?post_type=product&p=80274#primaryimage\"},\"image\":{\"@id\":\"https:\/\/espak.ee\/epood\/?post_type=product&p=80274#primaryimage\"},\"thumbnailUrl\":\"https:\/\/espak.ee\/epood\/wp-content\/uploads\/2021\/04\/21-01-21-Tecsound308168-Modifier.jpg\",\"datePublished\":\"2021-04-23T04:13:19+00:00\",\"dateModified\":\"2026-04-23T11:27:55+00:00\",\"breadcrumb\":{\"@id\":\"https:\/\/espak.ee\/epood\/?post_type=product&p=80274#breadcrumb\"},\"inLanguage\":\"et\",\"potentialAction\":[{\"@type\":\"ReadAction\",\"target\":[\"https:\/\/espak.ee\/epood\/?post_type=product&p=80274\"]}]},{\"@type\":\"ImageObject\",\"inLanguage\":\"et\",\"@id\":\"https:\/\/espak.ee\/epood\/?post_type=product&p=80274#primaryimage\",\"url\":\"https:\/\/espak.ee\/epood\/wp-content\/uploads\/2021\/04\/21-01-21-Tecsound308168-Modifier.jpg\",\"contentUrl\":\"https:\/\/espak.ee\/epood\/wp-content\/uploads\/2021\/04\/21-01-21-Tecsound308168-Modifier.jpg\",\"width\":1000,\"height\":1000},{\"@type\":\"BreadcrumbList\",\"@id\":\"https:\/\/espak.ee\/epood\/?post_type=product&p=80274#breadcrumb\",\"itemListElement\":[{\"@type\":\"ListItem\",\"position\":1,\"name\":\"Home\",\"item\":\"https:\/\/espak.ee\/epood\/\"},{\"@type\":\"ListItem\",\"position\":2,\"name\":\"Tootevalik\",\"item\":\"https:\/\/espak.ee\/epood\/tootevalik\/\"},{\"@type\":\"ListItem\",\"position\":3,\"name\":\"HELIISOLATSIOON TECSOUND 70SY 1,22*5,05M\"}]},{\"@type\":\"WebSite\",\"@id\":\"https:\/\/espak.ee\/epood\/#website\",\"url\":\"https:\/\/espak.ee\/epood\/\",\"name\":\"Espak E-pood\",\"description\":\"\",\"potentialAction\":[{\"@type\":\"SearchAction\",\"target\":{\"@type\":\"EntryPoint\",\"urlTemplate\":\"https:\/\/espak.ee\/epood\/?s={search_term_string}\"},\"query-input\":{\"@type\":\"PropertyValueSpecification\",\"valueRequired\":true,\"valueName\":\"search_term_string\"}}],\"inLanguage\":\"et\"}]}<\/script>\n<!-- \/ Yoast SEO plugin. -->","yoast_head_json":{"title":"HELIISOLATSIOON TECSOUND 70SY 1,22*5,05M - Espak E-pood","robots":{"index":"index","follow":"follow","max-snippet":"max-snippet:-1","max-image-preview":"max-image-preview:large","max-video-preview":"max-video-preview:-1"},"canonical":"https:\/\/espak.ee\/epood\/?post_type=product&p=80274","og_locale":"et_EE","og_type":"article","og_title":"HELIISOLATSIOON TECSOUND 70SY 1,22*5,05M - Espak E-pood","og_url":"https:\/\/espak.ee\/epood\/?post_type=product&p=80274","og_site_name":"Espak E-pood","article_modified_time":"2026-04-23T11:27:55+00:00","og_image":[{"width":1000,"height":1000,"url":"https:\/\/espak.ee\/epood\/wp-content\/uploads\/2021\/04\/21-01-21-Tecsound308168-Modifier.jpg","type":"image\/jpeg"}],"twitter_card":"summary_large_image","twitter_misc":{"Est. reading time":"2 minutit"},"schema":{"@context":"https:\/\/schema.org","@graph":[{"@type":"WebPage","@id":"https:\/\/espak.ee\/epood\/?post_type=product&p=80274","url":"https:\/\/espak.ee\/epood\/?post_type=product&p=80274","name":"HELIISOLATSIOON TECSOUND 70SY 1,22*5,05M - Espak E-pood","isPartOf":{"@id":"https:\/\/espak.ee\/epood\/#website"},"primaryImageOfPage":{"@id":"https:\/\/espak.ee\/epood\/?post_type=product&p=80274#primaryimage"},"image":{"@id":"https:\/\/espak.ee\/epood\/?post_type=product&p=80274#primaryimage"},"thumbnailUrl":"https:\/\/espak.ee\/epood\/wp-content\/uploads\/2021\/04\/21-01-21-Tecsound308168-Modifier.jpg","datePublished":"2021-04-23T04:13:19+00:00","dateModified":"2026-04-23T11:27:55+00:00","breadcrumb":{"@id":"https:\/\/espak.ee\/epood\/?post_type=product&p=80274#breadcrumb"},"inLanguage":"et","potentialAction":[{"@type":"ReadAction","target":["https:\/\/espak.ee\/epood\/?post_type=product&p=80274"]}]},{"@type":"ImageObject","inLanguage":"et","@id":"https:\/\/espak.ee\/epood\/?post_type=product&p=80274#primaryimage","url":"https:\/\/espak.ee\/epood\/wp-content\/uploads\/2021\/04\/21-01-21-Tecsound308168-Modifier.jpg","contentUrl":"https:\/\/espak.ee\/epood\/wp-content\/uploads\/2021\/04\/21-01-21-Tecsound308168-Modifier.jpg","width":1000,"height":1000},{"@type":"BreadcrumbList","@id":"https:\/\/espak.ee\/epood\/?post_type=product&p=80274#breadcrumb","itemListElement":[{"@type":"ListItem","position":1,"name":"Home","item":"https:\/\/espak.ee\/epood\/"},{"@type":"ListItem","position":2,"name":"Tootevalik","item":"https:\/\/espak.ee\/epood\/tootevalik\/"},{"@type":"ListItem","position":3,"name":"HELIISOLATSIOON TECSOUND 70SY 1,22*5,05M"}]},{"@type":"WebSite","@id":"https:\/\/espak.ee\/epood\/#website","url":"https:\/\/espak.ee\/epood\/","name":"Espak E-pood","description":"","potentialAction":[{"@type":"SearchAction","target":{"@type":"EntryPoint","urlTemplate":"https:\/\/espak.ee\/epood\/?s={search_term_string}"},"query-input":{"@type":"PropertyValueSpecification","valueRequired":true,"valueName":"search_term_string"}}],"inLanguage":"et"}]}},"_links":{"self":[{"href":"https:\/\/espak.ee\/epood\/wp-json\/wp\/v2\/product\/80274","targetHints":{"allow":["GET"]}}],"collection":[{"href":"https:\/\/espak.ee\/epood\/wp-json\/wp\/v2\/product"}],"about":[{"href":"https:\/\/espak.ee\/epood\/wp-json\/wp\/v2\/types\/product"}],"replies":[{"embeddable":true,"href":"https:\/\/espak.ee\/epood\/wp-json\/wp\/v2\/comments?post=80274"}],"wp:featuredmedia":[{"embeddable":true,"href":"https:\/\/espak.ee\/epood\/wp-json\/wp\/v2\/media\/80995"}],"wp:attachment":[{"href":"https:\/\/espak.ee\/epood\/wp-json\/wp\/v2\/media?parent=80274"}],"wp:term":[{"taxonomy":"product_brand","embeddable":true,"href":"https:\/\/espak.ee\/epood\/wp-json\/wp\/v2\/product_brand?post=80274"},{"taxonomy":"product_cat","embeddable":true,"href":"https:\/\/espak.ee\/epood\/wp-json\/wp\/v2\/product_cat?post=80274"},{"taxonomy":"product_tag","embeddable":true,"href":"https:\/\/espak.ee\/epood\/wp-json\/wp\/v2\/product_tag?post=80274"}],"curies":[{"name":"wp","href":"https:\/\/api.w.org\/{rel}","templated":true}]}}