{"id":79485,"date":"2021-04-21T01:42:58","date_gmt":"2021-04-21T01:42:58","guid":{"rendered":"https:\/\/espak.ee\/epood\/?post_type=product&#038;p=79485"},"modified":"2026-03-21T09:36:19","modified_gmt":"2026-03-21T07:36:19","slug":"fassaadi-ja-hallituspesuaine-rensa-facade-1l","status":"publish","type":"product","link":"https:\/\/espak.ee\/epood\/toode\/fassaadi-ja-hallituspesuaine-rensa-facade-1l\/","title":{"rendered":"FASSAADI- JA HALLITUSPESUAINE RENSA FACADE 1L"},"content":{"rendered":"<div class=\"row\"  id=\"row-227025744\">\n\n\t<div id=\"col-896220073\" class=\"col medium-9 small-12 large-9\"  >\n\t\t\t\t<div class=\"col-inner\"  >\n\t\t\t\n\t\t\t\n<h3>FASSAADI- JA HALLITUSPESUAINE RENSA FACADE 1L<\/h3>\n<p>RENSA FACADE on t\u00f5hus pesuaine ehitiste v\u00e4lispindade pesuks ja v\u00e4rvimist\u00f6\u00f6de eelt\u00f6\u00f6tluseks.<br \/>\nRENSA FACADE eemaldab mustuse, hallituse, samblikud ja muud v\u00e4rvi naket takistavad tegurid.<\/p>\n<p>RENSA FACADE-iv\u00f5ib kasutada k\u00f5igil veepesu taluvatel ehituspindadel: puit, betoon, krohv ja vanad v\u00e4rvipinnad.<br \/>\nRENSA FACADE ei kahjusta enamikke v\u00e4rvipindu, seet\u00f5ttu sobib lahjendatuna ka hoolduspesuaineks.<br \/>\nRENSA FACADE on biolagunev toode.<br \/>\nT\u00e4idab Euroopa parlamendi ja n\u00f5ukogu biolagunevate puhastusainete OECD ja puhastusainete regulatsioone (OECD 301B, EC 648\/2004).\n<\/p>\n\t\t<\/div>\n\t\t\t\t\t<\/div>\n\n\t\n\n\t<div id=\"col-178350829\" class=\"col medium-3 small-12 large-3\"  >\n\t\t\t\t<div class=\"col-inner\"  >\n\t\t\t\n\t\t\t\n\t<div id=\"gap-1605079399\" class=\"gap-element clearfix\" style=\"display:block; height:auto;\">\n\t\t\n<style>\n#gap-1605079399 {\n  padding-top: 30px;\n}\n<\/style>\n\t<\/div>\n\t\n<h3>Ohutuskaart<\/h3>\n<p><a href=\"https:\/\/espak.ee\/epood\/wp-content\/uploads\/2021\/04\/Ohutuskaart-9.pdf\">Ohutuskaart<\/a><\/p>\n<p><strong>\u00dcksikasjalikuma n\u00f5u saamiseks v\u00f5tke \u00fchendust:<br \/><\/strong>Teknos O\u00dc<br \/>Kesk tee 29, Aaviku k\u00fcla<br \/>Rae vald, Harjumaa<br \/>75 305<br \/>+372 656 34 91<\/p>\n\t\t<\/div>\n\t\t\t\t\t<\/div>\n\n\t\n<\/div>\n","protected":false},"excerpt":{"rendered":"","protected":false},"featured_media":80028,"comment_status":"closed","ping_status":"closed","template":"","meta":[],"product_brand":[],"product_cat":[2691,3441,2684,2683],"product_tag":[],"class_list":{"0":"post-79485","1":"product","2":"type-product","3":"status-publish","4":"has-post-thumbnail","6":"product_cat-lahustid","7":"product_cat-lahustid-ja-pesuained","8":"product_cat-varvid-lakid-lahustid-puidukaitsed-olid","9":"product_cat-viimistluskaubad","10":"product_shipping_class-dpd-cold","11":"pa_kaubamark-teknos-ou","13":"first","14":"outofstock","15":"sale","16":"taxable","17":"shipping-taxable","18":"purchasable","19":"product-type-simple"},"yoast_head":"<!-- This site is optimized with the Yoast SEO plugin v26.9 - https:\/\/yoast.com\/product\/yoast-seo-wordpress\/ -->\n<title>FASSAADI- JA HALLITUSPESUAINE RENSA FACADE 1L - Espak E-pood<\/title>\n<meta name=\"robots\" content=\"index, follow, max-snippet:-1, max-image-preview:large, max-video-preview:-1\" \/>\n<link rel=\"canonical\" href=\"https:\/\/espak.ee\/epood\/toode\/fassaadi-ja-hallituspesuaine-rensa-facade-1l\/\" \/>\n<meta property=\"og:locale\" content=\"et_EE\" \/>\n<meta property=\"og:type\" content=\"article\" \/>\n<meta property=\"og:title\" content=\"FASSAADI- JA HALLITUSPESUAINE RENSA FACADE 1L - Espak E-pood\" \/>\n<meta property=\"og:url\" content=\"https:\/\/espak.ee\/epood\/toode\/fassaadi-ja-hallituspesuaine-rensa-facade-1l\/\" \/>\n<meta property=\"og:site_name\" content=\"Espak E-pood\" \/>\n<meta property=\"article:modified_time\" content=\"2026-03-21T07:36:19+00:00\" \/>\n<meta property=\"og:image\" content=\"https:\/\/espak.ee\/epood\/wp-content\/uploads\/2021\/04\/Rensa_Facade_muovipullo_1L.jpg\" \/>\n\t<meta property=\"og:image:width\" content=\"500\" \/>\n\t<meta property=\"og:image:height\" content=\"500\" \/>\n\t<meta property=\"og:image:type\" content=\"image\/jpeg\" \/>\n<meta name=\"twitter:card\" content=\"summary_large_image\" \/>\n<meta name=\"twitter:label1\" content=\"Est. reading time\" \/>\n\t<meta name=\"twitter:data1\" content=\"1 minut\" \/>\n<script type=\"application\/ld+json\" class=\"yoast-schema-graph\">{\"@context\":\"https:\/\/schema.org\",\"@graph\":[{\"@type\":\"WebPage\",\"@id\":\"https:\/\/espak.ee\/epood\/toode\/fassaadi-ja-hallituspesuaine-rensa-facade-1l\/\",\"url\":\"https:\/\/espak.ee\/epood\/toode\/fassaadi-ja-hallituspesuaine-rensa-facade-1l\/\",\"name\":\"FASSAADI- JA HALLITUSPESUAINE RENSA FACADE 1L - Espak E-pood\",\"isPartOf\":{\"@id\":\"https:\/\/espak.ee\/epood\/#website\"},\"primaryImageOfPage\":{\"@id\":\"https:\/\/espak.ee\/epood\/toode\/fassaadi-ja-hallituspesuaine-rensa-facade-1l\/#primaryimage\"},\"image\":{\"@id\":\"https:\/\/espak.ee\/epood\/toode\/fassaadi-ja-hallituspesuaine-rensa-facade-1l\/#primaryimage\"},\"thumbnailUrl\":\"https:\/\/espak.ee\/epood\/wp-content\/uploads\/2021\/04\/Rensa_Facade_muovipullo_1L.jpg\",\"datePublished\":\"2021-04-21T01:42:58+00:00\",\"dateModified\":\"2026-03-21T07:36:19+00:00\",\"breadcrumb\":{\"@id\":\"https:\/\/espak.ee\/epood\/toode\/fassaadi-ja-hallituspesuaine-rensa-facade-1l\/#breadcrumb\"},\"inLanguage\":\"et\",\"potentialAction\":[{\"@type\":\"ReadAction\",\"target\":[\"https:\/\/espak.ee\/epood\/toode\/fassaadi-ja-hallituspesuaine-rensa-facade-1l\/\"]}]},{\"@type\":\"ImageObject\",\"inLanguage\":\"et\",\"@id\":\"https:\/\/espak.ee\/epood\/toode\/fassaadi-ja-hallituspesuaine-rensa-facade-1l\/#primaryimage\",\"url\":\"https:\/\/espak.ee\/epood\/wp-content\/uploads\/2021\/04\/Rensa_Facade_muovipullo_1L.jpg\",\"contentUrl\":\"https:\/\/espak.ee\/epood\/wp-content\/uploads\/2021\/04\/Rensa_Facade_muovipullo_1L.jpg\",\"width\":500,\"height\":500},{\"@type\":\"BreadcrumbList\",\"@id\":\"https:\/\/espak.ee\/epood\/toode\/fassaadi-ja-hallituspesuaine-rensa-facade-1l\/#breadcrumb\",\"itemListElement\":[{\"@type\":\"ListItem\",\"position\":1,\"name\":\"Home\",\"item\":\"https:\/\/espak.ee\/epood\/\"},{\"@type\":\"ListItem\",\"position\":2,\"name\":\"Tootevalik\",\"item\":\"https:\/\/espak.ee\/epood\/tootevalik\/\"},{\"@type\":\"ListItem\",\"position\":3,\"name\":\"FASSAADI- JA HALLITUSPESUAINE RENSA FACADE 1L\"}]},{\"@type\":\"WebSite\",\"@id\":\"https:\/\/espak.ee\/epood\/#website\",\"url\":\"https:\/\/espak.ee\/epood\/\",\"name\":\"Espak E-pood\",\"description\":\"\",\"potentialAction\":[{\"@type\":\"SearchAction\",\"target\":{\"@type\":\"EntryPoint\",\"urlTemplate\":\"https:\/\/espak.ee\/epood\/?s={search_term_string}\"},\"query-input\":{\"@type\":\"PropertyValueSpecification\",\"valueRequired\":true,\"valueName\":\"search_term_string\"}}],\"inLanguage\":\"et\"}]}<\/script>\n<!-- \/ Yoast SEO plugin. -->","yoast_head_json":{"title":"FASSAADI- JA HALLITUSPESUAINE RENSA FACADE 1L - Espak E-pood","robots":{"index":"index","follow":"follow","max-snippet":"max-snippet:-1","max-image-preview":"max-image-preview:large","max-video-preview":"max-video-preview:-1"},"canonical":"https:\/\/espak.ee\/epood\/toode\/fassaadi-ja-hallituspesuaine-rensa-facade-1l\/","og_locale":"et_EE","og_type":"article","og_title":"FASSAADI- JA HALLITUSPESUAINE RENSA FACADE 1L - Espak E-pood","og_url":"https:\/\/espak.ee\/epood\/toode\/fassaadi-ja-hallituspesuaine-rensa-facade-1l\/","og_site_name":"Espak E-pood","article_modified_time":"2026-03-21T07:36:19+00:00","og_image":[{"width":500,"height":500,"url":"https:\/\/espak.ee\/epood\/wp-content\/uploads\/2021\/04\/Rensa_Facade_muovipullo_1L.jpg","type":"image\/jpeg"}],"twitter_card":"summary_large_image","twitter_misc":{"Est. reading time":"1 minut"},"schema":{"@context":"https:\/\/schema.org","@graph":[{"@type":"WebPage","@id":"https:\/\/espak.ee\/epood\/toode\/fassaadi-ja-hallituspesuaine-rensa-facade-1l\/","url":"https:\/\/espak.ee\/epood\/toode\/fassaadi-ja-hallituspesuaine-rensa-facade-1l\/","name":"FASSAADI- JA HALLITUSPESUAINE RENSA FACADE 1L - Espak E-pood","isPartOf":{"@id":"https:\/\/espak.ee\/epood\/#website"},"primaryImageOfPage":{"@id":"https:\/\/espak.ee\/epood\/toode\/fassaadi-ja-hallituspesuaine-rensa-facade-1l\/#primaryimage"},"image":{"@id":"https:\/\/espak.ee\/epood\/toode\/fassaadi-ja-hallituspesuaine-rensa-facade-1l\/#primaryimage"},"thumbnailUrl":"https:\/\/espak.ee\/epood\/wp-content\/uploads\/2021\/04\/Rensa_Facade_muovipullo_1L.jpg","datePublished":"2021-04-21T01:42:58+00:00","dateModified":"2026-03-21T07:36:19+00:00","breadcrumb":{"@id":"https:\/\/espak.ee\/epood\/toode\/fassaadi-ja-hallituspesuaine-rensa-facade-1l\/#breadcrumb"},"inLanguage":"et","potentialAction":[{"@type":"ReadAction","target":["https:\/\/espak.ee\/epood\/toode\/fassaadi-ja-hallituspesuaine-rensa-facade-1l\/"]}]},{"@type":"ImageObject","inLanguage":"et","@id":"https:\/\/espak.ee\/epood\/toode\/fassaadi-ja-hallituspesuaine-rensa-facade-1l\/#primaryimage","url":"https:\/\/espak.ee\/epood\/wp-content\/uploads\/2021\/04\/Rensa_Facade_muovipullo_1L.jpg","contentUrl":"https:\/\/espak.ee\/epood\/wp-content\/uploads\/2021\/04\/Rensa_Facade_muovipullo_1L.jpg","width":500,"height":500},{"@type":"BreadcrumbList","@id":"https:\/\/espak.ee\/epood\/toode\/fassaadi-ja-hallituspesuaine-rensa-facade-1l\/#breadcrumb","itemListElement":[{"@type":"ListItem","position":1,"name":"Home","item":"https:\/\/espak.ee\/epood\/"},{"@type":"ListItem","position":2,"name":"Tootevalik","item":"https:\/\/espak.ee\/epood\/tootevalik\/"},{"@type":"ListItem","position":3,"name":"FASSAADI- JA HALLITUSPESUAINE RENSA FACADE 1L"}]},{"@type":"WebSite","@id":"https:\/\/espak.ee\/epood\/#website","url":"https:\/\/espak.ee\/epood\/","name":"Espak E-pood","description":"","potentialAction":[{"@type":"SearchAction","target":{"@type":"EntryPoint","urlTemplate":"https:\/\/espak.ee\/epood\/?s={search_term_string}"},"query-input":{"@type":"PropertyValueSpecification","valueRequired":true,"valueName":"search_term_string"}}],"inLanguage":"et"}]}},"_links":{"self":[{"href":"https:\/\/espak.ee\/epood\/wp-json\/wp\/v2\/product\/79485","targetHints":{"allow":["GET"]}}],"collection":[{"href":"https:\/\/espak.ee\/epood\/wp-json\/wp\/v2\/product"}],"about":[{"href":"https:\/\/espak.ee\/epood\/wp-json\/wp\/v2\/types\/product"}],"replies":[{"embeddable":true,"href":"https:\/\/espak.ee\/epood\/wp-json\/wp\/v2\/comments?post=79485"}],"wp:featuredmedia":[{"embeddable":true,"href":"https:\/\/espak.ee\/epood\/wp-json\/wp\/v2\/media\/80028"}],"wp:attachment":[{"href":"https:\/\/espak.ee\/epood\/wp-json\/wp\/v2\/media?parent=79485"}],"wp:term":[{"taxonomy":"product_brand","embeddable":true,"href":"https:\/\/espak.ee\/epood\/wp-json\/wp\/v2\/product_brand?post=79485"},{"taxonomy":"product_cat","embeddable":true,"href":"https:\/\/espak.ee\/epood\/wp-json\/wp\/v2\/product_cat?post=79485"},{"taxonomy":"product_tag","embeddable":true,"href":"https:\/\/espak.ee\/epood\/wp-json\/wp\/v2\/product_tag?post=79485"}],"curies":[{"name":"wp","href":"https:\/\/api.w.org\/{rel}","templated":true}]}}