{"id":7670,"date":"2019-08-14T02:20:53","date_gmt":"2019-08-13T23:20:53","guid":{"rendered":"https:\/\/espak.ee\/hinnakiri\/?post_type=product&#038;p=7670"},"modified":"2025-10-14T04:56:32","modified_gmt":"2025-10-14T01:56:32","slug":"happeline-puhastusaine-mira-7120-ceramic-cleaner-1l","status":"publish","type":"product","link":"https:\/\/espak.ee\/epood\/toode\/happeline-puhastusaine-mira-7120-ceramic-cleaner-1l\/","title":{"rendered":"HAPPELINE PUHASTUSAINE MIRA 7120 CERAMIC CLEANER 1L"},"content":{"rendered":"<div class=\"row\"  id=\"row-452215763\">\n\n\t<div id=\"col-239177643\" class=\"col medium-9 small-12 large-9\"  >\n\t\t\t\t<div class=\"col-inner\"  >\n\t\t\t\n\t\t\t\n<h2>Happeline puhastusaine<\/h2>\n<p>mira 7120 ceramic cleaner sobib lubja, vuugit\u00e4ite ja tsemendij\u00e4\u00e4kide, rooste jms eemaldamiseks keraamilistelt plaatidelt, m\u00fc\u00fcritiselt, kroomitud ja glasuuritud sanitaartehnikalt jms. Ei sobi kaltsiiti sisaldavate looduskivide (lubjakivi, marmor jms) puhastamiseks. 7120 base cleaner segada veega, misj\u00e4rel see on valmis kasutamiseks. Vajadusel v\u00f5ib kasutada ka kontsentraadina.<\/p>\n<div class=\"message-box relative\" style=\"padding-top:15px;padding-bottom:15px;\"><div class=\"message-box-bg-image bg-fill fill\" ><\/div><div class=\"message-box-bg-overlay bg-fill fill\" ><\/div><div class=\"container relative\"><div class=\"inner last-reset\">\n<div class=\"row align-middle align-center\"  id=\"row-1417582268\">\n\n\t<div id=\"col-959974786\" class=\"col small-12 large-12\"  >\n\t\t\t\t<div class=\"col-inner text-left\"  >\n\t\t\t\n\t\t\t\n<h4>Omadused<\/h4>\n<div class=\"row\"  id=\"row-1598538044\">\n\n\t<div id=\"col-947807210\" class=\"col medium-6 small-12 large-6\"  >\n\t\t\t\t<div class=\"col-inner\"  >\n\t\t\t\n\t\t\t\n<p><i class=\"fa fa-vial fa-2x\"><\/i> <strong>Happeline<\/strong><\/p>\n<p><i class=\"fa fa-broom fa-2x\"><\/i> <strong>S\u00fcvapuhastav<\/strong><\/p>\n\t\t<\/div>\n\t\t\t\t\n<style>\n#col-947807210 > .col-inner {\n  margin: 0px 0px 15px 0px;\n}\n<\/style>\n\t<\/div>\n\n\t\n\n\t<div id=\"col-406046150\" class=\"col medium-6 small-12 large-6\"  >\n\t\t\t\t<div class=\"col-inner\"  >\n\t\t\t\n\t\t\t\n<p><i class=\"fa fa-tint fa-2x\"><\/i> <strong>L\u00e4bipaistev vedelik<\/strong><\/p>\n<p><i class=\"fa fa-fill fa-2x\"><\/i> <strong>Eemaldab tsemendi<\/strong><\/p>\n\t\t<\/div>\n\t\t\t\t\n<style>\n#col-406046150 > .col-inner {\n  margin: 0px 0px 15px 0px;\n}\n<\/style>\n\t<\/div>\n\n\t\n<\/div>\n\t\t<\/div>\n\t\t\t\t\t<\/div>\n\n\t\n<\/div>\n<\/div><\/div><\/div>\n\t<div id=\"gap-1205229054\" class=\"gap-element clearfix\" style=\"display:block; height:auto;\">\n\t\t\n<style>\n#gap-1205229054 {\n  padding-top: 30px;\n}\n<\/style>\n\t<\/div>\n\t\n<h3>Kasutamise \u00fcksikasjad<\/h3>\n<p><strong>Kasutusalad:<\/strong> Sobib kasutamiseks k\u00f5igil happelist keskkonda taluvatel pindadel sise- ja v\u00e4litingimustes.<\/p>\n<p><strong>Kasutamine:<\/strong> mira 7110 segatakse veega vahekorras 1:2. Tugevalt m\u00e4\u00e4rdunud pindadel kasutage kontsentreeritult. Niisutage<br \/>\naluspind veega, kandke pesuaine pinnale ning h\u00f5\u00f5ruge tugevalt karukeele vms k\u00e4snaga, ning laske paar minutit toimida (5-10 min). Seej\u00e4rel eemaldage pesuaine ning peske pind puhtaks, loputage hoolikalt puhta veega. Veenduge, et mustus on eemaldatud. V\u00f5imalusel kasutage vesitolmuimejat.<\/p>\n<p><strong>Ohutus:<\/strong> Toode on ohtlik silmadele ja nahale. Kandke kaitseprille ja kaitsekindaid.<\/p>\n\t\t<\/div>\n\t\t\t\t\t<\/div>\n\n\t\n\n\t<div id=\"col-904041194\" class=\"col medium-3 small-12 large-3\"  >\n\t\t\t\t<div class=\"col-inner\"  >\n\t\t\t\n\t\t\t\n\t<div id=\"gap-1408582086\" class=\"gap-element clearfix\" style=\"display:block; height:auto;\">\n\t\t\n<style>\n#gap-1408582086 {\n  padding-top: 30px;\n}\n<\/style>\n\t<\/div>\n\t\n<h3>Tehniline informatsioon<\/h3>\n<p><a href=\"https:\/\/espak.ee\/epood\/wp-content\/uploads\/mira7120_tooteleht.pdf\" target=\"_blank\" rel=\"noopener noreferrer\"><i class=\"far fa-file-pdf\"><\/i> Tehniline info (PDF)<\/a><\/p>\n<h3>Ohutusalane teave<\/h3>\n<p><a href=\"https:\/\/espak.ee\/epood\/wp-content\/uploads\/mira7120_ohutuskaart.pdf\" target=\"_blank\" rel=\"noopener noreferrer\"><i class=\"far fa-file-pdf\"><\/i> Ohutusalane teave (PDF)<\/a><\/p>\n<div class=\"is-divider divider clearfix\" ><\/div>\n<p><strong>\u00dcksikasjalikuma n\u00f5u saamiseks v\u00f5tke \u00fchendust:<br \/><\/strong>Mira Ehitusmaterjalid O\u00dc<br \/>Segu 8<br \/>76505<br \/>Saue<br \/>+372 6790670<\/p>\n<div class=\"is-divider divider clearfix\" ><\/div>\n\t\t<\/div>\n\t\t\t\t\t<\/div>\n\n\t\n<\/div>\n","protected":false},"excerpt":{"rendered":"","protected":false},"featured_media":7849,"comment_status":"closed","ping_status":"open","template":"","meta":[],"product_brand":[],"product_cat":[2809,2698,2803,2697],"product_tag":[],"class_list":{"0":"post-7670","1":"product","2":"type-product","3":"status-publish","4":"has-post-thumbnail","6":"product_cat-erisegud","7":"product_cat-pahtlid-ja-kuivsegud","8":"product_cat-porandasegud","9":"product_cat-uldehitus","10":"pa_kaubamark-mira-ehitusmaterjalid-ou","12":"first","13":"instock","14":"sale","15":"taxable","16":"shipping-taxable","17":"purchasable","18":"product-type-simple"},"yoast_head":"<!-- This site is optimized with the Yoast SEO plugin v26.9 - https:\/\/yoast.com\/product\/yoast-seo-wordpress\/ -->\n<title>HAPPELINE PUHASTUSAINE MIRA 7120 CERAMIC CLEANER 1L - Espak E-pood<\/title>\n<meta name=\"robots\" content=\"index, follow, max-snippet:-1, max-image-preview:large, max-video-preview:-1\" \/>\n<link rel=\"canonical\" href=\"https:\/\/espak.ee\/epood\/toode\/happeline-puhastusaine-mira-7120-ceramic-cleaner-1l\/\" \/>\n<meta property=\"og:locale\" content=\"et_EE\" \/>\n<meta property=\"og:type\" content=\"article\" \/>\n<meta property=\"og:title\" content=\"HAPPELINE PUHASTUSAINE MIRA 7120 CERAMIC CLEANER 1L - Espak E-pood\" \/>\n<meta property=\"og:url\" content=\"https:\/\/espak.ee\/epood\/toode\/happeline-puhastusaine-mira-7120-ceramic-cleaner-1l\/\" \/>\n<meta property=\"og:site_name\" content=\"Espak E-pood\" \/>\n<meta property=\"article:modified_time\" content=\"2025-10-14T01:56:32+00:00\" \/>\n<meta property=\"og:image\" content=\"https:\/\/espak.ee\/epood\/wp-content\/uploads\/mira_7120.jpg\" \/>\n\t<meta property=\"og:image:width\" content=\"937\" \/>\n\t<meta property=\"og:image:height\" content=\"937\" \/>\n\t<meta property=\"og:image:type\" content=\"image\/jpeg\" \/>\n<meta name=\"twitter:card\" content=\"summary_large_image\" \/>\n<meta name=\"twitter:label1\" content=\"Est. reading time\" \/>\n\t<meta name=\"twitter:data1\" content=\"1 minut\" \/>\n<script type=\"application\/ld+json\" class=\"yoast-schema-graph\">{\"@context\":\"https:\/\/schema.org\",\"@graph\":[{\"@type\":\"WebPage\",\"@id\":\"https:\/\/espak.ee\/epood\/toode\/happeline-puhastusaine-mira-7120-ceramic-cleaner-1l\/\",\"url\":\"https:\/\/espak.ee\/epood\/toode\/happeline-puhastusaine-mira-7120-ceramic-cleaner-1l\/\",\"name\":\"HAPPELINE PUHASTUSAINE MIRA 7120 CERAMIC CLEANER 1L - Espak E-pood\",\"isPartOf\":{\"@id\":\"https:\/\/espak.ee\/epood\/#website\"},\"primaryImageOfPage\":{\"@id\":\"https:\/\/espak.ee\/epood\/toode\/happeline-puhastusaine-mira-7120-ceramic-cleaner-1l\/#primaryimage\"},\"image\":{\"@id\":\"https:\/\/espak.ee\/epood\/toode\/happeline-puhastusaine-mira-7120-ceramic-cleaner-1l\/#primaryimage\"},\"thumbnailUrl\":\"https:\/\/espak.ee\/epood\/wp-content\/uploads\/mira_7120.jpg\",\"datePublished\":\"2019-08-13T23:20:53+00:00\",\"dateModified\":\"2025-10-14T01:56:32+00:00\",\"breadcrumb\":{\"@id\":\"https:\/\/espak.ee\/epood\/toode\/happeline-puhastusaine-mira-7120-ceramic-cleaner-1l\/#breadcrumb\"},\"inLanguage\":\"et\",\"potentialAction\":[{\"@type\":\"ReadAction\",\"target\":[\"https:\/\/espak.ee\/epood\/toode\/happeline-puhastusaine-mira-7120-ceramic-cleaner-1l\/\"]}]},{\"@type\":\"ImageObject\",\"inLanguage\":\"et\",\"@id\":\"https:\/\/espak.ee\/epood\/toode\/happeline-puhastusaine-mira-7120-ceramic-cleaner-1l\/#primaryimage\",\"url\":\"https:\/\/espak.ee\/epood\/wp-content\/uploads\/mira_7120.jpg\",\"contentUrl\":\"https:\/\/espak.ee\/epood\/wp-content\/uploads\/mira_7120.jpg\",\"width\":937,\"height\":937},{\"@type\":\"BreadcrumbList\",\"@id\":\"https:\/\/espak.ee\/epood\/toode\/happeline-puhastusaine-mira-7120-ceramic-cleaner-1l\/#breadcrumb\",\"itemListElement\":[{\"@type\":\"ListItem\",\"position\":1,\"name\":\"Home\",\"item\":\"https:\/\/espak.ee\/epood\/\"},{\"@type\":\"ListItem\",\"position\":2,\"name\":\"Tootevalik\",\"item\":\"https:\/\/espak.ee\/epood\/tootevalik\/\"},{\"@type\":\"ListItem\",\"position\":3,\"name\":\"HAPPELINE PUHASTUSAINE MIRA 7120 CERAMIC CLEANER 1L\"}]},{\"@type\":\"WebSite\",\"@id\":\"https:\/\/espak.ee\/epood\/#website\",\"url\":\"https:\/\/espak.ee\/epood\/\",\"name\":\"Espak E-pood\",\"description\":\"\",\"potentialAction\":[{\"@type\":\"SearchAction\",\"target\":{\"@type\":\"EntryPoint\",\"urlTemplate\":\"https:\/\/espak.ee\/epood\/?s={search_term_string}\"},\"query-input\":{\"@type\":\"PropertyValueSpecification\",\"valueRequired\":true,\"valueName\":\"search_term_string\"}}],\"inLanguage\":\"et\"}]}<\/script>\n<!-- \/ Yoast SEO plugin. -->","yoast_head_json":{"title":"HAPPELINE PUHASTUSAINE MIRA 7120 CERAMIC CLEANER 1L - Espak E-pood","robots":{"index":"index","follow":"follow","max-snippet":"max-snippet:-1","max-image-preview":"max-image-preview:large","max-video-preview":"max-video-preview:-1"},"canonical":"https:\/\/espak.ee\/epood\/toode\/happeline-puhastusaine-mira-7120-ceramic-cleaner-1l\/","og_locale":"et_EE","og_type":"article","og_title":"HAPPELINE PUHASTUSAINE MIRA 7120 CERAMIC CLEANER 1L - Espak E-pood","og_url":"https:\/\/espak.ee\/epood\/toode\/happeline-puhastusaine-mira-7120-ceramic-cleaner-1l\/","og_site_name":"Espak E-pood","article_modified_time":"2025-10-14T01:56:32+00:00","og_image":[{"width":937,"height":937,"url":"https:\/\/espak.ee\/epood\/wp-content\/uploads\/mira_7120.jpg","type":"image\/jpeg"}],"twitter_card":"summary_large_image","twitter_misc":{"Est. reading time":"1 minut"},"schema":{"@context":"https:\/\/schema.org","@graph":[{"@type":"WebPage","@id":"https:\/\/espak.ee\/epood\/toode\/happeline-puhastusaine-mira-7120-ceramic-cleaner-1l\/","url":"https:\/\/espak.ee\/epood\/toode\/happeline-puhastusaine-mira-7120-ceramic-cleaner-1l\/","name":"HAPPELINE PUHASTUSAINE MIRA 7120 CERAMIC CLEANER 1L - Espak E-pood","isPartOf":{"@id":"https:\/\/espak.ee\/epood\/#website"},"primaryImageOfPage":{"@id":"https:\/\/espak.ee\/epood\/toode\/happeline-puhastusaine-mira-7120-ceramic-cleaner-1l\/#primaryimage"},"image":{"@id":"https:\/\/espak.ee\/epood\/toode\/happeline-puhastusaine-mira-7120-ceramic-cleaner-1l\/#primaryimage"},"thumbnailUrl":"https:\/\/espak.ee\/epood\/wp-content\/uploads\/mira_7120.jpg","datePublished":"2019-08-13T23:20:53+00:00","dateModified":"2025-10-14T01:56:32+00:00","breadcrumb":{"@id":"https:\/\/espak.ee\/epood\/toode\/happeline-puhastusaine-mira-7120-ceramic-cleaner-1l\/#breadcrumb"},"inLanguage":"et","potentialAction":[{"@type":"ReadAction","target":["https:\/\/espak.ee\/epood\/toode\/happeline-puhastusaine-mira-7120-ceramic-cleaner-1l\/"]}]},{"@type":"ImageObject","inLanguage":"et","@id":"https:\/\/espak.ee\/epood\/toode\/happeline-puhastusaine-mira-7120-ceramic-cleaner-1l\/#primaryimage","url":"https:\/\/espak.ee\/epood\/wp-content\/uploads\/mira_7120.jpg","contentUrl":"https:\/\/espak.ee\/epood\/wp-content\/uploads\/mira_7120.jpg","width":937,"height":937},{"@type":"BreadcrumbList","@id":"https:\/\/espak.ee\/epood\/toode\/happeline-puhastusaine-mira-7120-ceramic-cleaner-1l\/#breadcrumb","itemListElement":[{"@type":"ListItem","position":1,"name":"Home","item":"https:\/\/espak.ee\/epood\/"},{"@type":"ListItem","position":2,"name":"Tootevalik","item":"https:\/\/espak.ee\/epood\/tootevalik\/"},{"@type":"ListItem","position":3,"name":"HAPPELINE PUHASTUSAINE MIRA 7120 CERAMIC CLEANER 1L"}]},{"@type":"WebSite","@id":"https:\/\/espak.ee\/epood\/#website","url":"https:\/\/espak.ee\/epood\/","name":"Espak E-pood","description":"","potentialAction":[{"@type":"SearchAction","target":{"@type":"EntryPoint","urlTemplate":"https:\/\/espak.ee\/epood\/?s={search_term_string}"},"query-input":{"@type":"PropertyValueSpecification","valueRequired":true,"valueName":"search_term_string"}}],"inLanguage":"et"}]}},"_links":{"self":[{"href":"https:\/\/espak.ee\/epood\/wp-json\/wp\/v2\/product\/7670","targetHints":{"allow":["GET"]}}],"collection":[{"href":"https:\/\/espak.ee\/epood\/wp-json\/wp\/v2\/product"}],"about":[{"href":"https:\/\/espak.ee\/epood\/wp-json\/wp\/v2\/types\/product"}],"replies":[{"embeddable":true,"href":"https:\/\/espak.ee\/epood\/wp-json\/wp\/v2\/comments?post=7670"}],"wp:featuredmedia":[{"embeddable":true,"href":"https:\/\/espak.ee\/epood\/wp-json\/wp\/v2\/media\/7849"}],"wp:attachment":[{"href":"https:\/\/espak.ee\/epood\/wp-json\/wp\/v2\/media?parent=7670"}],"wp:term":[{"taxonomy":"product_brand","embeddable":true,"href":"https:\/\/espak.ee\/epood\/wp-json\/wp\/v2\/product_brand?post=7670"},{"taxonomy":"product_cat","embeddable":true,"href":"https:\/\/espak.ee\/epood\/wp-json\/wp\/v2\/product_cat?post=7670"},{"taxonomy":"product_tag","embeddable":true,"href":"https:\/\/espak.ee\/epood\/wp-json\/wp\/v2\/product_tag?post=7670"}],"curies":[{"name":"wp","href":"https:\/\/api.w.org\/{rel}","templated":true}]}}