{"id":7669,"date":"2019-08-14T02:20:53","date_gmt":"2019-08-13T23:20:53","guid":{"rendered":"https:\/\/espak.ee\/hinnakiri\/?post_type=product&#038;p=7669"},"modified":"2026-01-29T18:06:39","modified_gmt":"2026-01-29T16:06:39","slug":"aluseline-puhastusaine-mira-7110-base-cleaner-1l","status":"publish","type":"product","link":"https:\/\/espak.ee\/epood\/toode\/aluseline-puhastusaine-mira-7110-base-cleaner-1l\/","title":{"rendered":"ALUSELINE PUHASTUSAINE MIRA 7110 BASE CLEANER 1L"},"content":{"rendered":"<div class=\"row\"  id=\"row-1158344301\">\n\n\t<div id=\"col-1745204623\" class=\"col medium-9 small-12 large-9\"  >\n\t\t\t\t<div class=\"col-inner\"  >\n\t\t\t\n\t\t\t\n<h2>Aluseline puhastusaine<\/h2>\n<p>Mira 7110 base cleaner sobib mustuse ja rasva eemaldamiseks vett ja niiskust taluvatelt pindadelt. Kasutada s\u00fcvapesuks v\u00f5i enne pindade j\u00e4rgmist t\u00f6\u00f6tlust. 7110 base cleaner segada veega, misj\u00e4rel see on valmis kasutamiseks.<\/p>\n<div class=\"message-box relative\" style=\"padding-top:15px;padding-bottom:15px;\"><div class=\"message-box-bg-image bg-fill fill\" ><\/div><div class=\"message-box-bg-overlay bg-fill fill\" ><\/div><div class=\"container relative\"><div class=\"inner last-reset\">\n<div class=\"row align-middle align-center\"  id=\"row-194383433\">\n\n\t<div id=\"col-1963567919\" class=\"col small-12 large-12\"  >\n\t\t\t\t<div class=\"col-inner text-left\"  >\n\t\t\t\n\t\t\t\n<h4>Omadused<\/h4>\n<div class=\"row\"  id=\"row-210185789\">\n\n\t<div id=\"col-53136900\" class=\"col medium-6 small-12 large-6\"  >\n\t\t\t\t<div class=\"col-inner\"  >\n\t\t\t\n\t\t\t\n<p><i class=\"fa fa-vial fa-2x\"><\/i> <strong>Aluseline<\/strong><\/p>\n<p><i class=\"fa fa-tint fa-2x\"><\/i> <strong>L\u00e4bipaistev vedelik<\/strong><\/p>\n\t\t<\/div>\n\t\t\t\t\n<style>\n#col-53136900 > .col-inner {\n  margin: 0px 0px 15px 0px;\n}\n<\/style>\n\t<\/div>\n\n\t\n\n\t<div id=\"col-349691734\" class=\"col medium-6 small-12 large-6\"  >\n\t\t\t\t<div class=\"col-inner\"  >\n\t\t\t\n\t\t\t\n<p><i class=\"fa fa-broom fa-2x\"><\/i> <strong>S\u00fcvapuhastav<\/strong><\/p>\n<p><i class=\"fa fa-check fa-2x\"><\/i> <strong>Eemaldab \u00f5li<\/strong><\/p>\n\t\t<\/div>\n\t\t\t\t\n<style>\n#col-349691734 > .col-inner {\n  margin: 0px 0px 15px 0px;\n}\n<\/style>\n\t<\/div>\n\n\t\n<\/div>\n\t\t<\/div>\n\t\t\t\t\t<\/div>\n\n\t\n<\/div>\n<\/div><\/div><\/div>\n\t<div id=\"gap-957228150\" class=\"gap-element clearfix\" style=\"display:block; height:auto;\">\n\t\t\n<style>\n#gap-957228150 {\n  padding-top: 30px;\n}\n<\/style>\n\t<\/div>\n\t\n<h3>Kasutamise \u00fcksikasjad<\/h3>\n<p><strong>Kasutusalad:<\/strong> Sobib kasutamiseks k\u00f5igil pindadel sise- ja v\u00e4litingimustes. V\u00f5ib l\u00e4ikivaid pindu matistada, ning tugeva kontsentraadina muuta linoleumi jms materjalide v\u00e4rvust. Mitte kasutada kokkupuutes t\u00f6\u00f6tlemata puiduga.<\/p>\n<p><strong>Kasutamine:<\/strong> mira 7110 segatakse veega vahekorras 0,5l pesuainet 10 l vee kohta. Kandke harja, mopi v\u00f5i lapiga aluspinnale, h\u00f5\u00f5ruge laiali ning laske ainel toimida (5-10 min). Seej\u00e4rel h\u00f5\u00f5ruge pinda tugevalt karukeele vms k\u00e4snaga. Eemaldage pesuaine ning peske pind puhtaks, loputage hoolikalt puhta veega. Veenduge, et mustus on eemaldatud.<\/p>\n<p><strong>Ohutus:<\/strong> Toode eemaldab agressiivselt rasva. Kandke kaitsekindaid.<\/p>\n\t\t<\/div>\n\t\t\t\t\t<\/div>\n\n\t\n\n\t<div id=\"col-940387037\" class=\"col medium-3 small-12 large-3\"  >\n\t\t\t\t<div class=\"col-inner\"  >\n\t\t\t\n\t\t\t\n\t<div id=\"gap-1286190372\" class=\"gap-element clearfix\" style=\"display:block; height:auto;\">\n\t\t\n<style>\n#gap-1286190372 {\n  padding-top: 30px;\n}\n<\/style>\n\t<\/div>\n\t\n<h3>Tehniline informatsioon<\/h3>\n<p><a href=\"https:\/\/espak.ee\/epood\/wp-content\/uploads\/mira7110_tooteleht.pdf\" target=\"_blank\" rel=\"noopener noreferrer\"><i class=\"far fa-file-pdf\"><\/i> Tehniline info (PDF)<\/a><\/p>\n<h3>Ohutusalane teave<\/h3>\n<p><a href=\"https:\/\/espak.ee\/epood\/wp-content\/uploads\/mira7110_ohutuskaart.pdf\" target=\"_blank\" rel=\"noopener noreferrer\"><i class=\"far fa-file-pdf\"><\/i> Ohutusalane teave (PDF)<\/a><\/p>\n<div class=\"is-divider divider clearfix\" ><\/div>\n<p><strong>\u00dcksikasjalikuma n\u00f5u saamiseks v\u00f5tke \u00fchendust:<br \/><\/strong>Mira Ehitusmaterjalid O\u00dc<br \/>Segu 8<br \/>76505<br \/>Saue<br \/>+372 6790670<\/p>\n<div class=\"is-divider divider clearfix\" ><\/div>\n\t\t<\/div>\n\t\t\t\t\t<\/div>\n\n\t\n<\/div>\n","protected":false},"excerpt":{"rendered":"","protected":false},"featured_media":7848,"comment_status":"closed","ping_status":"open","template":"","meta":[],"product_brand":[],"product_cat":[2809,2698,2803,2697],"product_tag":[],"class_list":{"0":"post-7669","1":"product","2":"type-product","3":"status-publish","4":"has-post-thumbnail","6":"product_cat-erisegud","7":"product_cat-pahtlid-ja-kuivsegud","8":"product_cat-porandasegud","9":"product_cat-uldehitus","10":"pa_kaubamark-mira-ehitusmaterjalid-ou","12":"first","13":"instock","14":"sale","15":"taxable","16":"shipping-taxable","17":"purchasable","18":"product-type-simple"},"yoast_head":"<!-- This site is optimized with the Yoast SEO plugin v26.9 - https:\/\/yoast.com\/product\/yoast-seo-wordpress\/ -->\n<title>ALUSELINE PUHASTUSAINE MIRA 7110 BASE CLEANER 1L - Espak E-pood<\/title>\n<meta name=\"robots\" content=\"index, follow, max-snippet:-1, max-image-preview:large, max-video-preview:-1\" \/>\n<link rel=\"canonical\" href=\"https:\/\/espak.ee\/epood\/toode\/aluseline-puhastusaine-mira-7110-base-cleaner-1l\/\" \/>\n<meta property=\"og:locale\" content=\"et_EE\" \/>\n<meta property=\"og:type\" content=\"article\" \/>\n<meta property=\"og:title\" content=\"ALUSELINE PUHASTUSAINE MIRA 7110 BASE CLEANER 1L - Espak E-pood\" \/>\n<meta property=\"og:url\" content=\"https:\/\/espak.ee\/epood\/toode\/aluseline-puhastusaine-mira-7110-base-cleaner-1l\/\" \/>\n<meta property=\"og:site_name\" content=\"Espak E-pood\" \/>\n<meta property=\"article:modified_time\" content=\"2026-01-29T16:06:39+00:00\" \/>\n<meta property=\"og:image\" content=\"https:\/\/espak.ee\/epood\/wp-content\/uploads\/mira_7110.jpg\" \/>\n\t<meta property=\"og:image:width\" content=\"937\" \/>\n\t<meta property=\"og:image:height\" content=\"937\" \/>\n\t<meta property=\"og:image:type\" content=\"image\/jpeg\" \/>\n<meta name=\"twitter:card\" content=\"summary_large_image\" \/>\n<meta name=\"twitter:label1\" content=\"Est. reading time\" \/>\n\t<meta name=\"twitter:data1\" content=\"1 minut\" \/>\n<script type=\"application\/ld+json\" class=\"yoast-schema-graph\">{\"@context\":\"https:\/\/schema.org\",\"@graph\":[{\"@type\":\"WebPage\",\"@id\":\"https:\/\/espak.ee\/epood\/toode\/aluseline-puhastusaine-mira-7110-base-cleaner-1l\/\",\"url\":\"https:\/\/espak.ee\/epood\/toode\/aluseline-puhastusaine-mira-7110-base-cleaner-1l\/\",\"name\":\"ALUSELINE PUHASTUSAINE MIRA 7110 BASE CLEANER 1L - Espak E-pood\",\"isPartOf\":{\"@id\":\"https:\/\/espak.ee\/epood\/#website\"},\"primaryImageOfPage\":{\"@id\":\"https:\/\/espak.ee\/epood\/toode\/aluseline-puhastusaine-mira-7110-base-cleaner-1l\/#primaryimage\"},\"image\":{\"@id\":\"https:\/\/espak.ee\/epood\/toode\/aluseline-puhastusaine-mira-7110-base-cleaner-1l\/#primaryimage\"},\"thumbnailUrl\":\"https:\/\/espak.ee\/epood\/wp-content\/uploads\/mira_7110.jpg\",\"datePublished\":\"2019-08-13T23:20:53+00:00\",\"dateModified\":\"2026-01-29T16:06:39+00:00\",\"breadcrumb\":{\"@id\":\"https:\/\/espak.ee\/epood\/toode\/aluseline-puhastusaine-mira-7110-base-cleaner-1l\/#breadcrumb\"},\"inLanguage\":\"et\",\"potentialAction\":[{\"@type\":\"ReadAction\",\"target\":[\"https:\/\/espak.ee\/epood\/toode\/aluseline-puhastusaine-mira-7110-base-cleaner-1l\/\"]}]},{\"@type\":\"ImageObject\",\"inLanguage\":\"et\",\"@id\":\"https:\/\/espak.ee\/epood\/toode\/aluseline-puhastusaine-mira-7110-base-cleaner-1l\/#primaryimage\",\"url\":\"https:\/\/espak.ee\/epood\/wp-content\/uploads\/mira_7110.jpg\",\"contentUrl\":\"https:\/\/espak.ee\/epood\/wp-content\/uploads\/mira_7110.jpg\",\"width\":937,\"height\":937},{\"@type\":\"BreadcrumbList\",\"@id\":\"https:\/\/espak.ee\/epood\/toode\/aluseline-puhastusaine-mira-7110-base-cleaner-1l\/#breadcrumb\",\"itemListElement\":[{\"@type\":\"ListItem\",\"position\":1,\"name\":\"Home\",\"item\":\"https:\/\/espak.ee\/epood\/\"},{\"@type\":\"ListItem\",\"position\":2,\"name\":\"Tootevalik\",\"item\":\"https:\/\/espak.ee\/epood\/tootevalik\/\"},{\"@type\":\"ListItem\",\"position\":3,\"name\":\"ALUSELINE PUHASTUSAINE MIRA 7110 BASE CLEANER 1L\"}]},{\"@type\":\"WebSite\",\"@id\":\"https:\/\/espak.ee\/epood\/#website\",\"url\":\"https:\/\/espak.ee\/epood\/\",\"name\":\"Espak E-pood\",\"description\":\"\",\"potentialAction\":[{\"@type\":\"SearchAction\",\"target\":{\"@type\":\"EntryPoint\",\"urlTemplate\":\"https:\/\/espak.ee\/epood\/?s={search_term_string}\"},\"query-input\":{\"@type\":\"PropertyValueSpecification\",\"valueRequired\":true,\"valueName\":\"search_term_string\"}}],\"inLanguage\":\"et\"}]}<\/script>\n<!-- \/ Yoast SEO plugin. -->","yoast_head_json":{"title":"ALUSELINE PUHASTUSAINE MIRA 7110 BASE CLEANER 1L - Espak E-pood","robots":{"index":"index","follow":"follow","max-snippet":"max-snippet:-1","max-image-preview":"max-image-preview:large","max-video-preview":"max-video-preview:-1"},"canonical":"https:\/\/espak.ee\/epood\/toode\/aluseline-puhastusaine-mira-7110-base-cleaner-1l\/","og_locale":"et_EE","og_type":"article","og_title":"ALUSELINE PUHASTUSAINE MIRA 7110 BASE CLEANER 1L - Espak E-pood","og_url":"https:\/\/espak.ee\/epood\/toode\/aluseline-puhastusaine-mira-7110-base-cleaner-1l\/","og_site_name":"Espak E-pood","article_modified_time":"2026-01-29T16:06:39+00:00","og_image":[{"width":937,"height":937,"url":"https:\/\/espak.ee\/epood\/wp-content\/uploads\/mira_7110.jpg","type":"image\/jpeg"}],"twitter_card":"summary_large_image","twitter_misc":{"Est. reading time":"1 minut"},"schema":{"@context":"https:\/\/schema.org","@graph":[{"@type":"WebPage","@id":"https:\/\/espak.ee\/epood\/toode\/aluseline-puhastusaine-mira-7110-base-cleaner-1l\/","url":"https:\/\/espak.ee\/epood\/toode\/aluseline-puhastusaine-mira-7110-base-cleaner-1l\/","name":"ALUSELINE PUHASTUSAINE MIRA 7110 BASE CLEANER 1L - Espak E-pood","isPartOf":{"@id":"https:\/\/espak.ee\/epood\/#website"},"primaryImageOfPage":{"@id":"https:\/\/espak.ee\/epood\/toode\/aluseline-puhastusaine-mira-7110-base-cleaner-1l\/#primaryimage"},"image":{"@id":"https:\/\/espak.ee\/epood\/toode\/aluseline-puhastusaine-mira-7110-base-cleaner-1l\/#primaryimage"},"thumbnailUrl":"https:\/\/espak.ee\/epood\/wp-content\/uploads\/mira_7110.jpg","datePublished":"2019-08-13T23:20:53+00:00","dateModified":"2026-01-29T16:06:39+00:00","breadcrumb":{"@id":"https:\/\/espak.ee\/epood\/toode\/aluseline-puhastusaine-mira-7110-base-cleaner-1l\/#breadcrumb"},"inLanguage":"et","potentialAction":[{"@type":"ReadAction","target":["https:\/\/espak.ee\/epood\/toode\/aluseline-puhastusaine-mira-7110-base-cleaner-1l\/"]}]},{"@type":"ImageObject","inLanguage":"et","@id":"https:\/\/espak.ee\/epood\/toode\/aluseline-puhastusaine-mira-7110-base-cleaner-1l\/#primaryimage","url":"https:\/\/espak.ee\/epood\/wp-content\/uploads\/mira_7110.jpg","contentUrl":"https:\/\/espak.ee\/epood\/wp-content\/uploads\/mira_7110.jpg","width":937,"height":937},{"@type":"BreadcrumbList","@id":"https:\/\/espak.ee\/epood\/toode\/aluseline-puhastusaine-mira-7110-base-cleaner-1l\/#breadcrumb","itemListElement":[{"@type":"ListItem","position":1,"name":"Home","item":"https:\/\/espak.ee\/epood\/"},{"@type":"ListItem","position":2,"name":"Tootevalik","item":"https:\/\/espak.ee\/epood\/tootevalik\/"},{"@type":"ListItem","position":3,"name":"ALUSELINE PUHASTUSAINE MIRA 7110 BASE CLEANER 1L"}]},{"@type":"WebSite","@id":"https:\/\/espak.ee\/epood\/#website","url":"https:\/\/espak.ee\/epood\/","name":"Espak E-pood","description":"","potentialAction":[{"@type":"SearchAction","target":{"@type":"EntryPoint","urlTemplate":"https:\/\/espak.ee\/epood\/?s={search_term_string}"},"query-input":{"@type":"PropertyValueSpecification","valueRequired":true,"valueName":"search_term_string"}}],"inLanguage":"et"}]}},"_links":{"self":[{"href":"https:\/\/espak.ee\/epood\/wp-json\/wp\/v2\/product\/7669","targetHints":{"allow":["GET"]}}],"collection":[{"href":"https:\/\/espak.ee\/epood\/wp-json\/wp\/v2\/product"}],"about":[{"href":"https:\/\/espak.ee\/epood\/wp-json\/wp\/v2\/types\/product"}],"replies":[{"embeddable":true,"href":"https:\/\/espak.ee\/epood\/wp-json\/wp\/v2\/comments?post=7669"}],"wp:featuredmedia":[{"embeddable":true,"href":"https:\/\/espak.ee\/epood\/wp-json\/wp\/v2\/media\/7848"}],"wp:attachment":[{"href":"https:\/\/espak.ee\/epood\/wp-json\/wp\/v2\/media?parent=7669"}],"wp:term":[{"taxonomy":"product_brand","embeddable":true,"href":"https:\/\/espak.ee\/epood\/wp-json\/wp\/v2\/product_brand?post=7669"},{"taxonomy":"product_cat","embeddable":true,"href":"https:\/\/espak.ee\/epood\/wp-json\/wp\/v2\/product_cat?post=7669"},{"taxonomy":"product_tag","embeddable":true,"href":"https:\/\/espak.ee\/epood\/wp-json\/wp\/v2\/product_tag?post=7669"}],"curies":[{"name":"wp","href":"https:\/\/api.w.org\/{rel}","templated":true}]}}