{"id":7668,"date":"2019-08-14T02:20:53","date_gmt":"2019-08-13T23:20:53","guid":{"rendered":"https:\/\/espak.ee\/hinnakiri\/?post_type=product&#038;p=7668"},"modified":"2024-10-24T15:33:54","modified_gmt":"2024-10-24T12:33:54","slug":"ilmastikukindel-remontsegu-mira-6990-betodeck-25kg","status":"publish","type":"product","link":"https:\/\/espak.ee\/epood\/toode\/ilmastikukindel-remontsegu-mira-6990-betodeck-25kg\/","title":{"rendered":"ILMASTIKUKINDEL REMONTSEGU MIRA 6990 BETODECK 25KG"},"content":{"rendered":"<div class=\"row\"  id=\"row-907978376\">\n\n\t<div id=\"col-226388307\" class=\"col medium-9 small-12 large-9\"  >\n\t\t\t\t<div class=\"col-inner\"  >\n\t\t\t\n\t\t\t\n<h2>Ilmastikukindel remontsegu.<\/h2>\n<p>V\u00e4heleeliseline, tsemendi baasil, modifi tseeritud tasandus\/remontsegu. Sobib kasutamiseks suurema koormusega pindadel, nagu terrassid, r\u00f5dud, ujumisbasseinid, v\u00e4listrepid, ning kohtades, kus traditsioonilised tooted v\u00f5iks p\u00f5hjustada leeliselist reaktsiooni.<\/p>\n<div class=\"message-box relative\" style=\"padding-top:15px;padding-bottom:15px;\"><div class=\"message-box-bg-image bg-fill fill\" ><\/div><div class=\"message-box-bg-overlay bg-fill fill\" ><\/div><div class=\"container relative\"><div class=\"inner last-reset\">\n<div class=\"row align-middle align-center\"  id=\"row-270690636\">\n\n\t<div id=\"col-755428902\" class=\"col small-12 large-12\"  >\n\t\t\t\t<div class=\"col-inner text-left\"  >\n\t\t\t\n\t\t\t\n<h4>Omadused<\/h4>\n<div class=\"row\"  id=\"row-1428532491\">\n\n\t<div id=\"col-376043715\" class=\"col medium-6 small-12 large-6\"  >\n\t\t\t\t<div class=\"col-inner\"  >\n\t\t\t\n\t\t\t\n<p><i class=\"fa fa-fill fa-2x\"><\/i> <strong>Tsemendi baasil<\/strong><\/p>\n<p><i class=\"fa fa-tint fa-2x\"><\/i> <strong>Niiskus- ja k\u00fclmakindel<\/strong><\/p>\n\t\t<\/div>\n\t\t\t\t\n<style>\n#col-376043715 > .col-inner {\n  margin: 0px 0px 15px 0px;\n}\n<\/style>\n\t<\/div>\n\n\t\n\n\t<div id=\"col-1243078298\" class=\"col medium-6 small-12 large-6\"  >\n\t\t\t\t<div class=\"col-inner\"  >\n\t\t\t\n\t\t\t\n<p><i class=\"fa fa-check fa-2x\"><\/i> <strong>V\u00e4hetolmav<\/strong><\/p>\n<p><i class=\"fa fa-paint-roller fa-2x\"><\/i> <strong>Hall, kiirkivinev<\/strong><\/p>\n\t\t<\/div>\n\t\t\t\t\n<style>\n#col-1243078298 > .col-inner {\n  margin: 0px 0px 15px 0px;\n}\n<\/style>\n\t<\/div>\n\n\t\n<\/div>\n\t\t<\/div>\n\t\t\t\t\t<\/div>\n\n\t\n<\/div>\n<\/div><\/div><\/div>\n\t<div id=\"gap-303273304\" class=\"gap-element clearfix\" style=\"display:block; height:auto;\">\n\t\t\n<style>\n#gap-303273304 {\n  padding-top: 30px;\n}\n<\/style>\n\t<\/div>\n\t\n<h3>Kasutamise \u00fcksikasjad<\/h3>\n<p><strong>Kasutusalad:<\/strong> Tasandamiseks, parandust\u00f6\u00f6deks ning kallete andmiseks pindadel, mis puutuvad kokku vee ja niiskusega. M\u00f5\u00f5duka koormusega ruumides v\u00f5ib valatud pinna j\u00e4tta katmata.<\/p>\n<p><strong>Aluspinnad:<\/strong> 6990 betodeck sobib kasutamiseks k\u00f5ikidel sidusatel ja puhastel aluspindadel, nagu betoon, krohv, tasandussegu jms.<\/p>\n<p><strong>Aluspinna ettevalmistus:<\/strong> Aluspind peab olema tugev, sidus ja kandev\u00f5imeline. Tsemendipiim ja aluspinna lahtised ning n\u00f5rgad osad eemaldada, pind puhastada tolmust. \u00d5li, rasv jms eemaldada 7110 base cleaner pesuaine, survepesuri vms t\u00f5husa meetodiga.<\/p>\n<p><strong>Kruntimine:<\/strong> Mitteimavaid pindu ei ole tarvis kruntida, poorsed pinnad kruntida mira 4180 primer kruntainega vastavalt juhistele pakendil.<\/p>\n<p><strong>Kasutamine:<\/strong> 25 kg 6990 betodeck kuivsegu segada 3,4 \u2013 3,9 liitri veega 2-3 minuti jooksul \u00fchtlaseks massiks.<br \/>\nKasutage aeglaste p\u00f6\u00f6retega drelli v\u00f5i spetsiaalset segistit. J\u00e4lgige, et nii kuivsegu kui ka vee temperatuur oleks m\u00f5\u00f5dukas. Valmissegatud m\u00f6rt on kasutatav u 3 tunni jooksul, temperatuuril 10-20\u02daC.<br \/>\nValmissegatud m\u00f6rt kanda aluspinnale nii, et aluspinnaga tekiks v\u00f5imalikult hea nake. V\u00e4rskelt valatud massi tuleb kaitsta liiga kiire v\u00e4ljakuivamise eest.<\/p>\n<p><strong>Ohutus:<\/strong> Toode sisaldab tsementi, j\u00e4rgige tsemendiga t\u00f6\u00f6tamise ohutusn\u00f5udeid.<\/p>\n\t\t<\/div>\n\t\t\t\t\t<\/div>\n\n\t\n\n\t<div id=\"col-782638704\" class=\"col medium-3 small-12 large-3\"  >\n\t\t\t\t<div class=\"col-inner\"  >\n\t\t\t\n\t\t\t\n\t<div id=\"gap-633437534\" class=\"gap-element clearfix\" style=\"display:block; height:auto;\">\n\t\t\n<style>\n#gap-633437534 {\n  padding-top: 30px;\n}\n<\/style>\n\t<\/div>\n\t\n<h3>Tehniline informatsioon<\/h3>\n<p><a href=\"https:\/\/espak.ee\/epood\/wp-content\/uploads\/mira6990_tooteleht.pdf\" target=\"_blank\" rel=\"noopener noreferrer\"><i class=\"far fa-file-pdf\"><\/i> Tehniline info (PDF)<\/a><\/p>\n<h3>Ohutusalane teave<\/h3>\n<p><a href=\"https:\/\/espak.ee\/epood\/wp-content\/uploads\/mira6990_ohutusleht.pdf\" target=\"_blank\" rel=\"noopener noreferrer\"><i class=\"far fa-file-pdf\"><\/i> Ohutusalane teave (PDF)<\/a><\/p>\n<div class=\"is-divider divider clearfix\" ><\/div>\n<p><strong>\u00dcksikasjalikuma n\u00f5u saamiseks v\u00f5tke \u00fchendust:<br \/><\/strong>Mira Ehitusmaterjalid O\u00dc<br \/>Segu 8<br \/>76505<br \/>Saue<br \/>+372 6790670<\/p>\n<div class=\"is-divider divider clearfix\" ><\/div>\n\t\t<\/div>\n\t\t\t\t\t<\/div>\n\n\t\n<\/div>\n","protected":false},"excerpt":{"rendered":"","protected":false},"featured_media":212510,"comment_status":"closed","ping_status":"closed","template":"","meta":[],"product_brand":[],"product_cat":[2809,2698,2803,2697],"product_tag":[],"class_list":{"0":"post-7668","1":"product","2":"type-product","3":"status-publish","4":"has-post-thumbnail","6":"product_cat-erisegud","7":"product_cat-pahtlid-ja-kuivsegud","8":"product_cat-porandasegud","9":"product_cat-uldehitus","10":"pa_kaubamark-mira-ehitusmaterjalid-ou","12":"first","13":"instock","14":"sale","15":"taxable","16":"shipping-taxable","17":"purchasable","18":"product-type-simple"},"yoast_head":"<!-- This site is optimized with the Yoast SEO plugin v26.9 - https:\/\/yoast.com\/product\/yoast-seo-wordpress\/ -->\n<title>ILMASTIKUKINDEL REMONTSEGU MIRA 6990 BETODECK 25KG - Espak E-pood<\/title>\n<meta name=\"robots\" content=\"index, follow, max-snippet:-1, max-image-preview:large, max-video-preview:-1\" \/>\n<link rel=\"canonical\" href=\"https:\/\/espak.ee\/epood\/toode\/ilmastikukindel-remontsegu-mira-6990-betodeck-25kg\/\" \/>\n<meta property=\"og:locale\" content=\"et_EE\" \/>\n<meta property=\"og:type\" content=\"article\" \/>\n<meta property=\"og:title\" content=\"ILMASTIKUKINDEL REMONTSEGU MIRA 6990 BETODECK 25KG - Espak E-pood\" \/>\n<meta property=\"og:url\" content=\"https:\/\/espak.ee\/epood\/toode\/ilmastikukindel-remontsegu-mira-6990-betodeck-25kg\/\" \/>\n<meta property=\"og:site_name\" content=\"Espak E-pood\" \/>\n<meta property=\"article:modified_time\" content=\"2024-10-24T12:33:54+00:00\" \/>\n<meta property=\"og:image\" content=\"https:\/\/espak.ee\/epood\/wp-content\/uploads\/2019\/08\/Mira-6990-betodeck-d22.jpg\" \/>\n\t<meta property=\"og:image:width\" content=\"1024\" \/>\n\t<meta property=\"og:image:height\" content=\"1024\" \/>\n\t<meta property=\"og:image:type\" content=\"image\/jpeg\" \/>\n<meta name=\"twitter:card\" content=\"summary_large_image\" \/>\n<meta name=\"twitter:label1\" content=\"Est. reading time\" \/>\n\t<meta name=\"twitter:data1\" content=\"2 minutit\" \/>\n<script type=\"application\/ld+json\" class=\"yoast-schema-graph\">{\"@context\":\"https:\/\/schema.org\",\"@graph\":[{\"@type\":\"WebPage\",\"@id\":\"https:\/\/espak.ee\/epood\/toode\/ilmastikukindel-remontsegu-mira-6990-betodeck-25kg\/\",\"url\":\"https:\/\/espak.ee\/epood\/toode\/ilmastikukindel-remontsegu-mira-6990-betodeck-25kg\/\",\"name\":\"ILMASTIKUKINDEL REMONTSEGU MIRA 6990 BETODECK 25KG - Espak E-pood\",\"isPartOf\":{\"@id\":\"https:\/\/espak.ee\/epood\/#website\"},\"primaryImageOfPage\":{\"@id\":\"https:\/\/espak.ee\/epood\/toode\/ilmastikukindel-remontsegu-mira-6990-betodeck-25kg\/#primaryimage\"},\"image\":{\"@id\":\"https:\/\/espak.ee\/epood\/toode\/ilmastikukindel-remontsegu-mira-6990-betodeck-25kg\/#primaryimage\"},\"thumbnailUrl\":\"https:\/\/espak.ee\/epood\/wp-content\/uploads\/2019\/08\/Mira-6990-betodeck-d22.jpg\",\"datePublished\":\"2019-08-13T23:20:53+00:00\",\"dateModified\":\"2024-10-24T12:33:54+00:00\",\"breadcrumb\":{\"@id\":\"https:\/\/espak.ee\/epood\/toode\/ilmastikukindel-remontsegu-mira-6990-betodeck-25kg\/#breadcrumb\"},\"inLanguage\":\"et\",\"potentialAction\":[{\"@type\":\"ReadAction\",\"target\":[\"https:\/\/espak.ee\/epood\/toode\/ilmastikukindel-remontsegu-mira-6990-betodeck-25kg\/\"]}]},{\"@type\":\"ImageObject\",\"inLanguage\":\"et\",\"@id\":\"https:\/\/espak.ee\/epood\/toode\/ilmastikukindel-remontsegu-mira-6990-betodeck-25kg\/#primaryimage\",\"url\":\"https:\/\/espak.ee\/epood\/wp-content\/uploads\/2019\/08\/Mira-6990-betodeck-d22.jpg\",\"contentUrl\":\"https:\/\/espak.ee\/epood\/wp-content\/uploads\/2019\/08\/Mira-6990-betodeck-d22.jpg\",\"width\":1024,\"height\":1024},{\"@type\":\"BreadcrumbList\",\"@id\":\"https:\/\/espak.ee\/epood\/toode\/ilmastikukindel-remontsegu-mira-6990-betodeck-25kg\/#breadcrumb\",\"itemListElement\":[{\"@type\":\"ListItem\",\"position\":1,\"name\":\"Home\",\"item\":\"https:\/\/espak.ee\/epood\/\"},{\"@type\":\"ListItem\",\"position\":2,\"name\":\"Tootevalik\",\"item\":\"https:\/\/espak.ee\/epood\/tootevalik\/\"},{\"@type\":\"ListItem\",\"position\":3,\"name\":\"ILMASTIKUKINDEL REMONTSEGU MIRA 6990 BETODECK 25KG\"}]},{\"@type\":\"WebSite\",\"@id\":\"https:\/\/espak.ee\/epood\/#website\",\"url\":\"https:\/\/espak.ee\/epood\/\",\"name\":\"Espak E-pood\",\"description\":\"\",\"potentialAction\":[{\"@type\":\"SearchAction\",\"target\":{\"@type\":\"EntryPoint\",\"urlTemplate\":\"https:\/\/espak.ee\/epood\/?s={search_term_string}\"},\"query-input\":{\"@type\":\"PropertyValueSpecification\",\"valueRequired\":true,\"valueName\":\"search_term_string\"}}],\"inLanguage\":\"et\"}]}<\/script>\n<!-- \/ Yoast SEO plugin. -->","yoast_head_json":{"title":"ILMASTIKUKINDEL REMONTSEGU MIRA 6990 BETODECK 25KG - Espak E-pood","robots":{"index":"index","follow":"follow","max-snippet":"max-snippet:-1","max-image-preview":"max-image-preview:large","max-video-preview":"max-video-preview:-1"},"canonical":"https:\/\/espak.ee\/epood\/toode\/ilmastikukindel-remontsegu-mira-6990-betodeck-25kg\/","og_locale":"et_EE","og_type":"article","og_title":"ILMASTIKUKINDEL REMONTSEGU MIRA 6990 BETODECK 25KG - Espak E-pood","og_url":"https:\/\/espak.ee\/epood\/toode\/ilmastikukindel-remontsegu-mira-6990-betodeck-25kg\/","og_site_name":"Espak E-pood","article_modified_time":"2024-10-24T12:33:54+00:00","og_image":[{"width":1024,"height":1024,"url":"https:\/\/espak.ee\/epood\/wp-content\/uploads\/2019\/08\/Mira-6990-betodeck-d22.jpg","type":"image\/jpeg"}],"twitter_card":"summary_large_image","twitter_misc":{"Est. reading time":"2 minutit"},"schema":{"@context":"https:\/\/schema.org","@graph":[{"@type":"WebPage","@id":"https:\/\/espak.ee\/epood\/toode\/ilmastikukindel-remontsegu-mira-6990-betodeck-25kg\/","url":"https:\/\/espak.ee\/epood\/toode\/ilmastikukindel-remontsegu-mira-6990-betodeck-25kg\/","name":"ILMASTIKUKINDEL REMONTSEGU MIRA 6990 BETODECK 25KG - Espak E-pood","isPartOf":{"@id":"https:\/\/espak.ee\/epood\/#website"},"primaryImageOfPage":{"@id":"https:\/\/espak.ee\/epood\/toode\/ilmastikukindel-remontsegu-mira-6990-betodeck-25kg\/#primaryimage"},"image":{"@id":"https:\/\/espak.ee\/epood\/toode\/ilmastikukindel-remontsegu-mira-6990-betodeck-25kg\/#primaryimage"},"thumbnailUrl":"https:\/\/espak.ee\/epood\/wp-content\/uploads\/2019\/08\/Mira-6990-betodeck-d22.jpg","datePublished":"2019-08-13T23:20:53+00:00","dateModified":"2024-10-24T12:33:54+00:00","breadcrumb":{"@id":"https:\/\/espak.ee\/epood\/toode\/ilmastikukindel-remontsegu-mira-6990-betodeck-25kg\/#breadcrumb"},"inLanguage":"et","potentialAction":[{"@type":"ReadAction","target":["https:\/\/espak.ee\/epood\/toode\/ilmastikukindel-remontsegu-mira-6990-betodeck-25kg\/"]}]},{"@type":"ImageObject","inLanguage":"et","@id":"https:\/\/espak.ee\/epood\/toode\/ilmastikukindel-remontsegu-mira-6990-betodeck-25kg\/#primaryimage","url":"https:\/\/espak.ee\/epood\/wp-content\/uploads\/2019\/08\/Mira-6990-betodeck-d22.jpg","contentUrl":"https:\/\/espak.ee\/epood\/wp-content\/uploads\/2019\/08\/Mira-6990-betodeck-d22.jpg","width":1024,"height":1024},{"@type":"BreadcrumbList","@id":"https:\/\/espak.ee\/epood\/toode\/ilmastikukindel-remontsegu-mira-6990-betodeck-25kg\/#breadcrumb","itemListElement":[{"@type":"ListItem","position":1,"name":"Home","item":"https:\/\/espak.ee\/epood\/"},{"@type":"ListItem","position":2,"name":"Tootevalik","item":"https:\/\/espak.ee\/epood\/tootevalik\/"},{"@type":"ListItem","position":3,"name":"ILMASTIKUKINDEL REMONTSEGU MIRA 6990 BETODECK 25KG"}]},{"@type":"WebSite","@id":"https:\/\/espak.ee\/epood\/#website","url":"https:\/\/espak.ee\/epood\/","name":"Espak E-pood","description":"","potentialAction":[{"@type":"SearchAction","target":{"@type":"EntryPoint","urlTemplate":"https:\/\/espak.ee\/epood\/?s={search_term_string}"},"query-input":{"@type":"PropertyValueSpecification","valueRequired":true,"valueName":"search_term_string"}}],"inLanguage":"et"}]}},"_links":{"self":[{"href":"https:\/\/espak.ee\/epood\/wp-json\/wp\/v2\/product\/7668","targetHints":{"allow":["GET"]}}],"collection":[{"href":"https:\/\/espak.ee\/epood\/wp-json\/wp\/v2\/product"}],"about":[{"href":"https:\/\/espak.ee\/epood\/wp-json\/wp\/v2\/types\/product"}],"replies":[{"embeddable":true,"href":"https:\/\/espak.ee\/epood\/wp-json\/wp\/v2\/comments?post=7668"}],"wp:featuredmedia":[{"embeddable":true,"href":"https:\/\/espak.ee\/epood\/wp-json\/wp\/v2\/media\/212510"}],"wp:attachment":[{"href":"https:\/\/espak.ee\/epood\/wp-json\/wp\/v2\/media?parent=7668"}],"wp:term":[{"taxonomy":"product_brand","embeddable":true,"href":"https:\/\/espak.ee\/epood\/wp-json\/wp\/v2\/product_brand?post=7668"},{"taxonomy":"product_cat","embeddable":true,"href":"https:\/\/espak.ee\/epood\/wp-json\/wp\/v2\/product_cat?post=7668"},{"taxonomy":"product_tag","embeddable":true,"href":"https:\/\/espak.ee\/epood\/wp-json\/wp\/v2\/product_tag?post=7668"}],"curies":[{"name":"wp","href":"https:\/\/api.w.org\/{rel}","templated":true}]}}