{"id":7653,"date":"2019-08-14T02:20:44","date_gmt":"2019-08-13T23:20:44","guid":{"rendered":"https:\/\/espak.ee\/hinnakiri\/?post_type=product&#038;p=7653"},"modified":"2025-04-16T21:06:10","modified_gmt":"2025-04-16T18:06:10","slug":"nakkedispersioon-mira-4180-primer-5kg","status":"publish","type":"product","link":"https:\/\/espak.ee\/epood\/toode\/nakkedispersioon-mira-4180-primer-5kg\/","title":{"rendered":"NAKKEDISPERSIOON MIRA 4180 PRIMER 5KG"},"content":{"rendered":"<div class=\"row\"  id=\"row-996187592\">\n\n\t<div id=\"col-1031386231\" class=\"col medium-9 small-12 large-9\"  >\n\t\t\t\t<div class=\"col-inner\"  >\n\t\t\t\n\t\t\t\n<h2>Nakkedispersioon<\/h2>\n<p>Akr\u00fc\u00fcli baasil vedelik, millele on lisatud kollast v\u00e4rvainet. Imavate pindade kruntimiseks m\u00e4rgades ja kuivades ruumides tuleb mira 4180 primer lahjendada. Puitpindadel kasutada kontsentreeritult ning ainult kuivades ruumides.<\/p>\n<div class=\"message-box relative\" style=\"padding-top:15px;padding-bottom:15px;\"><div class=\"message-box-bg-image bg-fill fill\" ><\/div><div class=\"message-box-bg-overlay bg-fill fill\" ><\/div><div class=\"container relative\"><div class=\"inner last-reset\">\n<div class=\"row align-middle align-center\"  id=\"row-1055051603\">\n\n\t<div id=\"col-961125923\" class=\"col small-12 large-12\"  >\n\t\t\t\t<div class=\"col-inner text-left\"  >\n\t\t\t\n\t\t\t\n<h4>Omadused<\/h4>\n<div class=\"row\"  id=\"row-368804511\">\n\n\t<div id=\"col-1614783768\" class=\"col medium-6 small-12 large-6\"  >\n\t\t\t\t<div class=\"col-inner\"  >\n\t\t\t\n\t\t\t\n<p><i class=\"fa fa-check fa-2x\"><\/i> <strong>V\u00e4ga hea nakkega<\/strong><\/p>\n<p><i class=\"fa fa-check fa-2x\"><\/i> <strong>S\u00fcvaimenduv<\/strong><\/p>\n\t\t<\/div>\n\t\t\t\t\n<style>\n#col-1614783768 > .col-inner {\n  margin: 0px 0px 15px 0px;\n}\n<\/style>\n\t<\/div>\n\n\t\n\n\t<div id=\"col-119270470\" class=\"col medium-6 small-12 large-6\"  >\n\t\t\t\t<div class=\"col-inner\"  >\n\t\t\t\n\t\t\t\n<p><i class=\"fa fa-check fa-2x\"><\/i> <strong>Suleb poorid<\/strong><\/p>\n<p><i class=\"fa fa-check fa-2x\"><\/i> <strong>V\u00e4ldib \u00f5humulle<\/strong><\/p>\n\t\t<\/div>\n\t\t\t\t\n<style>\n#col-119270470 > .col-inner {\n  margin: 0px 0px 15px 0px;\n}\n<\/style>\n\t<\/div>\n\n\t\n<\/div>\n\t\t<\/div>\n\t\t\t\t\t<\/div>\n\n\t\n<\/div>\n<\/div><\/div><\/div>\n\t<div id=\"gap-1121941260\" class=\"gap-element clearfix\" style=\"display:block; height:auto;\">\n\t\t\n<style>\n#gap-1121941260 {\n  padding-top: 30px;\n}\n<\/style>\n\t<\/div>\n\t\n<h3>Kasutamise \u00fcksikasjad<\/h3>\n<p><strong>Kasutusalad:<\/strong> 4180 primer kasutatakse lahjendatud veega vahekorras 1 osa kruntainet segatuna 3 osa veega imavate pindade. V\u00e4hepoorsed aluspinnad kruntida 4180 lahusega vahekorras 1 osa krunti ja 2 osa vett. Puidust aluspinnad kruntida 4180 primer kontsentraadiga.<\/p>\n<p><strong>Aluspind:<\/strong> Betoon, kips jms mineraalse sideainega aluspinnad, puitpinnad, kipskartongplaat. Muude aluspindade puhul k\u00fcsige t\u00e4psemat n\u00f5u materjali m\u00fc\u00fcjalt.<\/p>\n<p><strong>Aluspinna ettevalmistamine:<\/strong> Aluspind peab olema tugev, sidus ja puhas. Aluspind peab olema vaba mustusest, \u00f5list, rasvast, v\u00e4rvi-, liimi- jms ainete j\u00e4\u00e4nukitest. Augud, praod jms ebatasasused tuleb parandada sobiva m\u00f6rdiga.<\/p>\n<p><strong>Kasutamine:<\/strong> Kruntimiseks peab aluspind olema piisavalt kuiv, et kruntaine saaks aluspinda imenduda. Imavad pinnad, nagu betoon, kergbetoon, krohv v\u00f5i tellis, kruntida 4180 primer vahekorras 1 osa kruntainet ja 3 osa vett.<br \/>\nKruntaine kanda aluspinnale pintsli v\u00f5i harjaga. V\u00e4hem imavad pinnad, kruntida lahusega vahekorras 1 osa kruntainet ja 2 osa vett. Mitteimavad aluspinnad, nagu n\u00e4iteks v\u00e4rv, keraamilised plaadid jms kruntida kasutades kontsentreeritud kruntainet, millele v\u00f5ib parema nakke saamiseks m\u00e4rjana peale puistata veidi segupulbrit.<\/p>\n\t\t<\/div>\n\t\t\t\t\t<\/div>\n\n\t\n\n\t<div id=\"col-580164217\" class=\"col medium-3 small-12 large-3\"  >\n\t\t\t\t<div class=\"col-inner\"  >\n\t\t\t\n\t\t\t\n\t<div id=\"gap-538765606\" class=\"gap-element clearfix\" style=\"display:block; height:auto;\">\n\t\t\n<style>\n#gap-538765606 {\n  padding-top: 30px;\n}\n<\/style>\n\t<\/div>\n\t\n<h3>Tehniline informatsioon<\/h3>\n<p><a href=\"https:\/\/espak.ee\/epood\/wp-content\/uploads\/mira4180_tooteleht.pdf\" target=\"_blank\" rel=\"noopener noreferrer\"><i class=\"far fa-file-pdf\"><\/i> Tehniline info (PDF)<\/a><\/p>\n<h3>Ohutusalane teave<\/h3>\n<p><a href=\"https:\/\/espak.ee\/epood\/wp-content\/uploads\/mira4180-ohutuskaart.pdf\" target=\"_blank\" rel=\"noopener noreferrer\"><i class=\"far fa-file-pdf\"><\/i> Ohutusalane teave (PDF)<\/a><\/p>\n<div class=\"is-divider divider clearfix\" ><\/div>\n<p><strong>\u00dcksikasjalikuma n\u00f5u saamiseks v\u00f5tke \u00fchendust:<br \/><\/strong>Mira Ehitusmaterjalid O\u00dc<br \/>Segu 8<br \/>76505<br \/>Saue<br \/>+372 6790670<\/p>\n<div class=\"is-divider divider clearfix\" ><\/div>\n\t\t<\/div>\n\t\t\t\t\t<\/div>\n\n\t\n<\/div>\n","protected":false},"excerpt":{"rendered":"","protected":false},"featured_media":212500,"comment_status":"closed","ping_status":"closed","template":"","meta":[],"product_brand":[],"product_cat":[2711,2712,2713,2697],"product_tag":[],"class_list":{"0":"post-7653","1":"product","2":"type-product","3":"status-publish","4":"has-post-thumbnail","6":"product_cat-fassaadimaterjalid","7":"product_cat-krundid","8":"product_cat-krundid-krundid","9":"product_cat-uldehitus","10":"pa_kaubamark-mira-ehitusmaterjalid-ou","12":"first","13":"instock","14":"sale","15":"taxable","16":"shipping-taxable","17":"purchasable","18":"product-type-simple"},"yoast_head":"<!-- This site is optimized with the Yoast SEO plugin v26.9 - https:\/\/yoast.com\/product\/yoast-seo-wordpress\/ -->\n<title>NAKKEDISPERSIOON MIRA 4180 PRIMER 5KG - Espak E-pood<\/title>\n<meta name=\"robots\" content=\"index, follow, max-snippet:-1, max-image-preview:large, max-video-preview:-1\" \/>\n<link rel=\"canonical\" href=\"https:\/\/espak.ee\/epood\/toode\/nakkedispersioon-mira-4180-primer-5kg\/\" \/>\n<meta property=\"og:locale\" content=\"et_EE\" \/>\n<meta property=\"og:type\" content=\"article\" \/>\n<meta property=\"og:title\" content=\"NAKKEDISPERSIOON MIRA 4180 PRIMER 5KG - Espak E-pood\" \/>\n<meta property=\"og:url\" content=\"https:\/\/espak.ee\/epood\/toode\/nakkedispersioon-mira-4180-primer-5kg\/\" \/>\n<meta property=\"og:site_name\" content=\"Espak E-pood\" \/>\n<meta property=\"article:modified_time\" content=\"2025-04-16T18:06:10+00:00\" \/>\n<meta property=\"og:image\" content=\"https:\/\/espak.ee\/epood\/wp-content\/uploads\/2019\/08\/Mira-4180-primer-front-01-scaled-1-scaled.jpg\" \/>\n\t<meta property=\"og:image:width\" content=\"2048\" \/>\n\t<meta property=\"og:image:height\" content=\"2048\" \/>\n\t<meta property=\"og:image:type\" content=\"image\/jpeg\" \/>\n<meta name=\"twitter:card\" content=\"summary_large_image\" \/>\n<meta name=\"twitter:label1\" content=\"Est. reading time\" \/>\n\t<meta name=\"twitter:data1\" content=\"1 minut\" \/>\n<script type=\"application\/ld+json\" class=\"yoast-schema-graph\">{\"@context\":\"https:\/\/schema.org\",\"@graph\":[{\"@type\":\"WebPage\",\"@id\":\"https:\/\/espak.ee\/epood\/toode\/nakkedispersioon-mira-4180-primer-5kg\/\",\"url\":\"https:\/\/espak.ee\/epood\/toode\/nakkedispersioon-mira-4180-primer-5kg\/\",\"name\":\"NAKKEDISPERSIOON MIRA 4180 PRIMER 5KG - Espak E-pood\",\"isPartOf\":{\"@id\":\"https:\/\/espak.ee\/epood\/#website\"},\"primaryImageOfPage\":{\"@id\":\"https:\/\/espak.ee\/epood\/toode\/nakkedispersioon-mira-4180-primer-5kg\/#primaryimage\"},\"image\":{\"@id\":\"https:\/\/espak.ee\/epood\/toode\/nakkedispersioon-mira-4180-primer-5kg\/#primaryimage\"},\"thumbnailUrl\":\"https:\/\/espak.ee\/epood\/wp-content\/uploads\/2019\/08\/Mira-4180-primer-front-01-scaled-1-scaled.jpg\",\"datePublished\":\"2019-08-13T23:20:44+00:00\",\"dateModified\":\"2025-04-16T18:06:10+00:00\",\"breadcrumb\":{\"@id\":\"https:\/\/espak.ee\/epood\/toode\/nakkedispersioon-mira-4180-primer-5kg\/#breadcrumb\"},\"inLanguage\":\"et\",\"potentialAction\":[{\"@type\":\"ReadAction\",\"target\":[\"https:\/\/espak.ee\/epood\/toode\/nakkedispersioon-mira-4180-primer-5kg\/\"]}]},{\"@type\":\"ImageObject\",\"inLanguage\":\"et\",\"@id\":\"https:\/\/espak.ee\/epood\/toode\/nakkedispersioon-mira-4180-primer-5kg\/#primaryimage\",\"url\":\"https:\/\/espak.ee\/epood\/wp-content\/uploads\/2019\/08\/Mira-4180-primer-front-01-scaled-1-scaled.jpg\",\"contentUrl\":\"https:\/\/espak.ee\/epood\/wp-content\/uploads\/2019\/08\/Mira-4180-primer-front-01-scaled-1-scaled.jpg\",\"width\":2048,\"height\":2048},{\"@type\":\"BreadcrumbList\",\"@id\":\"https:\/\/espak.ee\/epood\/toode\/nakkedispersioon-mira-4180-primer-5kg\/#breadcrumb\",\"itemListElement\":[{\"@type\":\"ListItem\",\"position\":1,\"name\":\"Home\",\"item\":\"https:\/\/espak.ee\/epood\/\"},{\"@type\":\"ListItem\",\"position\":2,\"name\":\"Tootevalik\",\"item\":\"https:\/\/espak.ee\/epood\/tootevalik\/\"},{\"@type\":\"ListItem\",\"position\":3,\"name\":\"NAKKEDISPERSIOON MIRA 4180 PRIMER 5KG\"}]},{\"@type\":\"WebSite\",\"@id\":\"https:\/\/espak.ee\/epood\/#website\",\"url\":\"https:\/\/espak.ee\/epood\/\",\"name\":\"Espak E-pood\",\"description\":\"\",\"potentialAction\":[{\"@type\":\"SearchAction\",\"target\":{\"@type\":\"EntryPoint\",\"urlTemplate\":\"https:\/\/espak.ee\/epood\/?s={search_term_string}\"},\"query-input\":{\"@type\":\"PropertyValueSpecification\",\"valueRequired\":true,\"valueName\":\"search_term_string\"}}],\"inLanguage\":\"et\"}]}<\/script>\n<!-- \/ Yoast SEO plugin. -->","yoast_head_json":{"title":"NAKKEDISPERSIOON MIRA 4180 PRIMER 5KG - Espak E-pood","robots":{"index":"index","follow":"follow","max-snippet":"max-snippet:-1","max-image-preview":"max-image-preview:large","max-video-preview":"max-video-preview:-1"},"canonical":"https:\/\/espak.ee\/epood\/toode\/nakkedispersioon-mira-4180-primer-5kg\/","og_locale":"et_EE","og_type":"article","og_title":"NAKKEDISPERSIOON MIRA 4180 PRIMER 5KG - Espak E-pood","og_url":"https:\/\/espak.ee\/epood\/toode\/nakkedispersioon-mira-4180-primer-5kg\/","og_site_name":"Espak E-pood","article_modified_time":"2025-04-16T18:06:10+00:00","og_image":[{"width":2048,"height":2048,"url":"https:\/\/espak.ee\/epood\/wp-content\/uploads\/2019\/08\/Mira-4180-primer-front-01-scaled-1-scaled.jpg","type":"image\/jpeg"}],"twitter_card":"summary_large_image","twitter_misc":{"Est. reading time":"1 minut"},"schema":{"@context":"https:\/\/schema.org","@graph":[{"@type":"WebPage","@id":"https:\/\/espak.ee\/epood\/toode\/nakkedispersioon-mira-4180-primer-5kg\/","url":"https:\/\/espak.ee\/epood\/toode\/nakkedispersioon-mira-4180-primer-5kg\/","name":"NAKKEDISPERSIOON MIRA 4180 PRIMER 5KG - Espak E-pood","isPartOf":{"@id":"https:\/\/espak.ee\/epood\/#website"},"primaryImageOfPage":{"@id":"https:\/\/espak.ee\/epood\/toode\/nakkedispersioon-mira-4180-primer-5kg\/#primaryimage"},"image":{"@id":"https:\/\/espak.ee\/epood\/toode\/nakkedispersioon-mira-4180-primer-5kg\/#primaryimage"},"thumbnailUrl":"https:\/\/espak.ee\/epood\/wp-content\/uploads\/2019\/08\/Mira-4180-primer-front-01-scaled-1-scaled.jpg","datePublished":"2019-08-13T23:20:44+00:00","dateModified":"2025-04-16T18:06:10+00:00","breadcrumb":{"@id":"https:\/\/espak.ee\/epood\/toode\/nakkedispersioon-mira-4180-primer-5kg\/#breadcrumb"},"inLanguage":"et","potentialAction":[{"@type":"ReadAction","target":["https:\/\/espak.ee\/epood\/toode\/nakkedispersioon-mira-4180-primer-5kg\/"]}]},{"@type":"ImageObject","inLanguage":"et","@id":"https:\/\/espak.ee\/epood\/toode\/nakkedispersioon-mira-4180-primer-5kg\/#primaryimage","url":"https:\/\/espak.ee\/epood\/wp-content\/uploads\/2019\/08\/Mira-4180-primer-front-01-scaled-1-scaled.jpg","contentUrl":"https:\/\/espak.ee\/epood\/wp-content\/uploads\/2019\/08\/Mira-4180-primer-front-01-scaled-1-scaled.jpg","width":2048,"height":2048},{"@type":"BreadcrumbList","@id":"https:\/\/espak.ee\/epood\/toode\/nakkedispersioon-mira-4180-primer-5kg\/#breadcrumb","itemListElement":[{"@type":"ListItem","position":1,"name":"Home","item":"https:\/\/espak.ee\/epood\/"},{"@type":"ListItem","position":2,"name":"Tootevalik","item":"https:\/\/espak.ee\/epood\/tootevalik\/"},{"@type":"ListItem","position":3,"name":"NAKKEDISPERSIOON MIRA 4180 PRIMER 5KG"}]},{"@type":"WebSite","@id":"https:\/\/espak.ee\/epood\/#website","url":"https:\/\/espak.ee\/epood\/","name":"Espak E-pood","description":"","potentialAction":[{"@type":"SearchAction","target":{"@type":"EntryPoint","urlTemplate":"https:\/\/espak.ee\/epood\/?s={search_term_string}"},"query-input":{"@type":"PropertyValueSpecification","valueRequired":true,"valueName":"search_term_string"}}],"inLanguage":"et"}]}},"_links":{"self":[{"href":"https:\/\/espak.ee\/epood\/wp-json\/wp\/v2\/product\/7653","targetHints":{"allow":["GET"]}}],"collection":[{"href":"https:\/\/espak.ee\/epood\/wp-json\/wp\/v2\/product"}],"about":[{"href":"https:\/\/espak.ee\/epood\/wp-json\/wp\/v2\/types\/product"}],"replies":[{"embeddable":true,"href":"https:\/\/espak.ee\/epood\/wp-json\/wp\/v2\/comments?post=7653"}],"wp:featuredmedia":[{"embeddable":true,"href":"https:\/\/espak.ee\/epood\/wp-json\/wp\/v2\/media\/212500"}],"wp:attachment":[{"href":"https:\/\/espak.ee\/epood\/wp-json\/wp\/v2\/media?parent=7653"}],"wp:term":[{"taxonomy":"product_brand","embeddable":true,"href":"https:\/\/espak.ee\/epood\/wp-json\/wp\/v2\/product_brand?post=7653"},{"taxonomy":"product_cat","embeddable":true,"href":"https:\/\/espak.ee\/epood\/wp-json\/wp\/v2\/product_cat?post=7653"},{"taxonomy":"product_tag","embeddable":true,"href":"https:\/\/espak.ee\/epood\/wp-json\/wp\/v2\/product_tag?post=7653"}],"curies":[{"name":"wp","href":"https:\/\/api.w.org\/{rel}","templated":true}]}}