{"id":7640,"date":"2019-08-14T02:20:44","date_gmt":"2019-08-13T23:20:44","guid":{"rendered":"https:\/\/espak.ee\/hinnakiri\/?post_type=product&#038;p=7640"},"modified":"2024-10-03T08:11:41","modified_gmt":"2024-10-03T05:11:41","slug":"kiirkivnev-plaatimissegu-mira-3230-superrapidfix-15kg","status":"publish","type":"product","link":"https:\/\/espak.ee\/epood\/toode\/kiirkivnev-plaatimissegu-mira-3230-superrapidfix-15kg\/","title":{"rendered":"KIIRKIVNEV PLAATIMISSEGU MIRA 3230 SUPERRAPIDFIX 15KG"},"content":{"rendered":"<div class=\"row\"  id=\"row-1699421987\">\n\n\t<div id=\"col-725050773\" class=\"col medium-9 small-12 large-9\"  >\n\t\t\t\t<div class=\"col-inner\"  >\n\t\t\t\n\t\t\t\n<h2>Kiirkivinev, elastne, parandatud nakkega plaatimissegu.<\/h2>\n<p>Valge, tsemendi baasil, pol\u00fcmeeridega tugevdatud plaadiliim seintele ja p\u00f5randatele, sise-ja v\u00e4listingimustes, niisketes ja kuivades ruumides m\u00f5\u00f5duka deformatsiooniga aluspindadel. 3230 superrapidfix on v\u00e4ga laialdaste kasutusv\u00f5imalustega plaadiliim, mis vastab enamuste erinevate aluspindade ja plaadit\u00fc\u00fcbi n\u00f5uetele. 3230 superrapidfix sobib eriti h\u00e4sti, kui oluline on l\u00fchike kuivamisaeg. 3230 superrapidfix on kuivsegu, mis on peale veega segamist valmis kasutamiseks. Plaadiliimi on kerge ette valmistada ning lihtne pinnale kanda.<\/p>\n<div class=\"message-box relative\" style=\"padding-top:15px;padding-bottom:15px;\"><div class=\"message-box-bg-image bg-fill fill\" ><\/div><div class=\"message-box-bg-overlay bg-fill fill\" ><\/div><div class=\"container relative\"><div class=\"inner last-reset\">\n<div class=\"row align-middle align-center\"  id=\"row-1919179048\">\n\n\t<div id=\"col-1390761326\" class=\"col small-12 large-12\"  >\n\t\t\t\t<div class=\"col-inner text-left\"  >\n\t\t\t\n\t\t\t\n<h4>Omadused<\/h4>\n<div class=\"row\"  id=\"row-110129664\">\n\n\t<div id=\"col-755995814\" class=\"col medium-6 small-12 large-6\"  >\n\t\t\t\t<div class=\"col-inner\"  >\n\t\t\t\n\t\t\t\n<p><i class=\"fa fa-fill fa-2x\"><\/i> <strong>Valge tsemendi baasil<\/strong><\/p>\n<p><i class=\"fa fa-water fa-2x\"><\/i> <strong>Vee- ja k\u00fclmakindel<\/strong><\/p>\n\t\t<\/div>\n\t\t\t\t\n<style>\n#col-755995814 > .col-inner {\n  margin: 0px 0px 15px 0px;\n}\n<\/style>\n\t<\/div>\n\n\t\n\n\t<div id=\"col-2127511786\" class=\"col medium-6 small-12 large-6\"  >\n\t\t\t\t<div class=\"col-inner\"  >\n\t\t\t\n\t\t\t\n<p><i class=\"fa fa-clock-four fa-2x\"><\/i> <strong>Pikk t\u00f6\u00f6aeg<\/strong><\/p>\n<p><i class=\"fa fa-check fa-2x\"><\/i> <strong>Kiirkivinev, mittevalguv<\/strong><\/p>\n\t\t<\/div>\n\t\t\t\t\n<style>\n#col-2127511786 > .col-inner {\n  margin: 0px 0px 15px 0px;\n}\n<\/style>\n\t<\/div>\n\n\t\n<\/div>\n\t\t<\/div>\n\t\t\t\t\t<\/div>\n\n\t\n<\/div>\n<\/div><\/div><\/div>\n\t<div id=\"gap-851430568\" class=\"gap-element clearfix\" style=\"display:block; height:auto;\">\n\t\t\n<style>\n#gap-851430568 {\n  padding-top: 30px;\n}\n<\/style>\n\t<\/div>\n\t\n<h3>Kasutamise \u00fcksikasjad<\/h3>\n<p><strong>Kasutusalad:<\/strong> Igat t\u00fc\u00fcpi keraamiliste, klinkerplaatide ja looduskivi paigaldamiseks seintel ja p\u00f5randatel, sise- ja v\u00e4listingimustes, kuivades ning niisketes ruumides. Eriti sobilik k\u00fcttega p\u00f5randatele, klaasmosaiigi, \u00f5hukeste pooll\u00e4bipaistvate plaatide, marmori jmt. paigadamiseks.<\/p>\n<p><strong>Aluspinna t\u00fc\u00fcp:<\/strong> M\u00f5\u00f5duka deformatsiooniga p\u00f5randad ja seinad nagu krohvitud m\u00fc\u00fcritised, kiviseinad, kipsplaadid, kipskrohv, betoonelemendid ja kergbetoonelemendid keskmise mahuk\u00f5ikuvusega.<\/p>\n<p><strong>Aluspinna ettevalmistus:<\/strong> Aluspind peab olema kandev, stabiilne, pragudeta, puhas tolmust, rasvast ja tsemendipiimast. Pind peaks olema nii kuiv, et mira 4180 primer imendub. Vanadele plaatidele ja v\u00e4rvitud pindadele paigaldades veenduda, et plaadid ja v\u00e4rv on tugevalt kinnitatud. Pind puhastada kasutades mira 7110 base cleanerit. Absorbeeruvad pinnad kruntida 4180 primeriga ja niisked<br \/>\nruumid teha veetihedaks vastavalt ETAG 022 reeglitele ning mira juhendile.<\/p>\n<p><strong>Kasutamine:<\/strong> 15 kg pulbrit segada 3,75 &#8211; 4,2 l puhta veega homogeenseks massiks ning segu on valmis kasutamiseks. Parima tulemuse saamiseks kasutada segumikserit. Pulber, vesi ja aluspind peavad olema soovitusliku t\u00f6\u00f6temperatuuri piires. Plaadisegu tuleb kasutada 30 min. jooksul p\u00e4rast valmissegamist. Ei ole soovitav kanda segu suurematele pindadele, kui j\u00f5utakse plaatidega katta enne kooriku tekkimist.<br \/>\n3230 superrapidfix laotada pinnale ja h\u00f5\u00f5ruda laiali segukammi sirge servaga, seej\u00e4rel kammida l\u00e4bi hambulise servaga. Segukamm valida vastavalt plaadile. Plaadid suruda m\u00e4rga segusse. Kontrollida, et plaadi tagak\u00fclg oleks seguga t\u00e4ielikult kaetud.<br \/>\nKeeruliste objektide puhul nagu verandad, fassaadid, basseinid jmt on vajalik segu kanda nii aluspinnale kui plaadile, et saavutada 100%-line kattuvus.<br \/>\nSuuremad pinnad kui 36m\u00b2 v\u00f5i k\u00fcljega pikemad kui 8m jaotatakse tavaliselt eraldi t\u00f6\u00f6tavateks osadeks l\u00e4bi kogu konstruktsioon.<br \/>\nS\u00f5ltuvalt plaatide imavusest ja ruumi temperatuurist on pind valmis edasiseks t\u00f6\u00f6tluseks umbes 1-2 tunni p\u00e4rast.\n<\/p>\n<p><strong>Ohutus:<\/strong> Toode sisaldab tsementi, j\u00e4rgige tsemendiga t\u00f6\u00f6tamise ohutusn\u00f5udeid.<\/p>\n\t\t<\/div>\n\t\t\t\t\t<\/div>\n\n\t\n\n\t<div id=\"col-906770940\" class=\"col medium-3 small-12 large-3\"  >\n\t\t\t\t<div class=\"col-inner\"  >\n\t\t\t\n\t\t\t\n\t<div id=\"gap-538462669\" class=\"gap-element clearfix\" style=\"display:block; height:auto;\">\n\t\t\n<style>\n#gap-538462669 {\n  padding-top: 30px;\n}\n<\/style>\n\t<\/div>\n\t\n<h3>Tehniline informatsioon<\/h3>\n<p><a href=\"https:\/\/espak.ee\/epood\/wp-content\/uploads\/mira3230_tooteleht.pdf\" target=\"_blank\" rel=\"noopener noreferrer\"><i class=\"far fa-file-pdf\"><\/i> Tehniline info (PDF)<\/a><\/p>\n<h3>Ohutusalane teave<\/h3>\n<p><a href=\"https:\/\/espak.ee\/epood\/wp-content\/uploads\/mira3230_ohutusleht.pdf\" target=\"_blank\" rel=\"noopener noreferrer\"><i class=\"far fa-file-pdf\"><\/i> Ohutusalane teave (PDF)<\/a><\/p>\n<div class=\"is-divider divider clearfix\" ><\/div>\n<p><strong>\u00dcksikasjalikuma n\u00f5u saamiseks v\u00f5tke \u00fchendust:<br \/><\/strong>Mira Ehitusmaterjalid O\u00dc<br \/>Segu 8<br \/>76505<br \/>Saue<br \/>+372 6790670<\/p>\n<div class=\"is-divider divider clearfix\" ><\/div>\n\t\t<\/div>\n\t\t\t\t\t<\/div>\n\n\t\n<\/div>\n","protected":false},"excerpt":{"rendered":"","protected":false},"featured_media":212497,"comment_status":"closed","ping_status":"closed","template":"","meta":[],"product_brand":[],"product_cat":[2698,2806,2805,2697],"product_tag":[],"class_list":{"0":"post-7640","1":"product","2":"type-product","3":"status-publish","4":"has-post-thumbnail","6":"product_cat-pahtlid-ja-kuivsegud","7":"product_cat-plaadiliimid","8":"product_cat-plaatimissegud","9":"product_cat-uldehitus","10":"pa_kaubamark-mira-ehitusmaterjalid-ou","12":"first","13":"instock","14":"sale","15":"taxable","16":"shipping-taxable","17":"purchasable","18":"product-type-simple"},"yoast_head":"<!-- This site is optimized with the Yoast SEO plugin v26.9 - https:\/\/yoast.com\/product\/yoast-seo-wordpress\/ -->\n<title>KIIRKIVNEV PLAATIMISSEGU MIRA 3230 SUPERRAPIDFIX 15KG - Espak E-pood<\/title>\n<meta name=\"robots\" content=\"index, follow, max-snippet:-1, max-image-preview:large, max-video-preview:-1\" \/>\n<link rel=\"canonical\" href=\"https:\/\/espak.ee\/epood\/toode\/kiirkivnev-plaatimissegu-mira-3230-superrapidfix-15kg\/\" \/>\n<meta property=\"og:locale\" content=\"et_EE\" \/>\n<meta property=\"og:type\" content=\"article\" \/>\n<meta property=\"og:title\" content=\"KIIRKIVNEV PLAATIMISSEGU MIRA 3230 SUPERRAPIDFIX 15KG - Espak E-pood\" \/>\n<meta property=\"og:url\" content=\"https:\/\/espak.ee\/epood\/toode\/kiirkivnev-plaatimissegu-mira-3230-superrapidfix-15kg\/\" \/>\n<meta property=\"og:site_name\" content=\"Espak E-pood\" \/>\n<meta property=\"article:modified_time\" content=\"2024-10-03T05:11:41+00:00\" \/>\n<meta property=\"og:image\" content=\"https:\/\/espak.ee\/epood\/wp-content\/uploads\/2019\/08\/Mira-3230-superrapidfix-15kg-d22.jpg\" \/>\n\t<meta property=\"og:image:width\" content=\"1024\" \/>\n\t<meta property=\"og:image:height\" content=\"1024\" \/>\n\t<meta property=\"og:image:type\" content=\"image\/jpeg\" \/>\n<meta name=\"twitter:card\" content=\"summary_large_image\" \/>\n<meta name=\"twitter:label1\" content=\"Est. reading time\" \/>\n\t<meta name=\"twitter:data1\" content=\"2 minutit\" \/>\n<script type=\"application\/ld+json\" class=\"yoast-schema-graph\">{\"@context\":\"https:\/\/schema.org\",\"@graph\":[{\"@type\":\"WebPage\",\"@id\":\"https:\/\/espak.ee\/epood\/toode\/kiirkivnev-plaatimissegu-mira-3230-superrapidfix-15kg\/\",\"url\":\"https:\/\/espak.ee\/epood\/toode\/kiirkivnev-plaatimissegu-mira-3230-superrapidfix-15kg\/\",\"name\":\"KIIRKIVNEV PLAATIMISSEGU MIRA 3230 SUPERRAPIDFIX 15KG - Espak E-pood\",\"isPartOf\":{\"@id\":\"https:\/\/espak.ee\/epood\/#website\"},\"primaryImageOfPage\":{\"@id\":\"https:\/\/espak.ee\/epood\/toode\/kiirkivnev-plaatimissegu-mira-3230-superrapidfix-15kg\/#primaryimage\"},\"image\":{\"@id\":\"https:\/\/espak.ee\/epood\/toode\/kiirkivnev-plaatimissegu-mira-3230-superrapidfix-15kg\/#primaryimage\"},\"thumbnailUrl\":\"https:\/\/espak.ee\/epood\/wp-content\/uploads\/2019\/08\/Mira-3230-superrapidfix-15kg-d22.jpg\",\"datePublished\":\"2019-08-13T23:20:44+00:00\",\"dateModified\":\"2024-10-03T05:11:41+00:00\",\"breadcrumb\":{\"@id\":\"https:\/\/espak.ee\/epood\/toode\/kiirkivnev-plaatimissegu-mira-3230-superrapidfix-15kg\/#breadcrumb\"},\"inLanguage\":\"et\",\"potentialAction\":[{\"@type\":\"ReadAction\",\"target\":[\"https:\/\/espak.ee\/epood\/toode\/kiirkivnev-plaatimissegu-mira-3230-superrapidfix-15kg\/\"]}]},{\"@type\":\"ImageObject\",\"inLanguage\":\"et\",\"@id\":\"https:\/\/espak.ee\/epood\/toode\/kiirkivnev-plaatimissegu-mira-3230-superrapidfix-15kg\/#primaryimage\",\"url\":\"https:\/\/espak.ee\/epood\/wp-content\/uploads\/2019\/08\/Mira-3230-superrapidfix-15kg-d22.jpg\",\"contentUrl\":\"https:\/\/espak.ee\/epood\/wp-content\/uploads\/2019\/08\/Mira-3230-superrapidfix-15kg-d22.jpg\",\"width\":1024,\"height\":1024},{\"@type\":\"BreadcrumbList\",\"@id\":\"https:\/\/espak.ee\/epood\/toode\/kiirkivnev-plaatimissegu-mira-3230-superrapidfix-15kg\/#breadcrumb\",\"itemListElement\":[{\"@type\":\"ListItem\",\"position\":1,\"name\":\"Home\",\"item\":\"https:\/\/espak.ee\/epood\/\"},{\"@type\":\"ListItem\",\"position\":2,\"name\":\"Tootevalik\",\"item\":\"https:\/\/espak.ee\/epood\/tootevalik\/\"},{\"@type\":\"ListItem\",\"position\":3,\"name\":\"KIIRKIVNEV PLAATIMISSEGU MIRA 3230 SUPERRAPIDFIX 15KG\"}]},{\"@type\":\"WebSite\",\"@id\":\"https:\/\/espak.ee\/epood\/#website\",\"url\":\"https:\/\/espak.ee\/epood\/\",\"name\":\"Espak E-pood\",\"description\":\"\",\"potentialAction\":[{\"@type\":\"SearchAction\",\"target\":{\"@type\":\"EntryPoint\",\"urlTemplate\":\"https:\/\/espak.ee\/epood\/?s={search_term_string}\"},\"query-input\":{\"@type\":\"PropertyValueSpecification\",\"valueRequired\":true,\"valueName\":\"search_term_string\"}}],\"inLanguage\":\"et\"}]}<\/script>\n<!-- \/ Yoast SEO plugin. -->","yoast_head_json":{"title":"KIIRKIVNEV PLAATIMISSEGU MIRA 3230 SUPERRAPIDFIX 15KG - Espak E-pood","robots":{"index":"index","follow":"follow","max-snippet":"max-snippet:-1","max-image-preview":"max-image-preview:large","max-video-preview":"max-video-preview:-1"},"canonical":"https:\/\/espak.ee\/epood\/toode\/kiirkivnev-plaatimissegu-mira-3230-superrapidfix-15kg\/","og_locale":"et_EE","og_type":"article","og_title":"KIIRKIVNEV PLAATIMISSEGU MIRA 3230 SUPERRAPIDFIX 15KG - Espak E-pood","og_url":"https:\/\/espak.ee\/epood\/toode\/kiirkivnev-plaatimissegu-mira-3230-superrapidfix-15kg\/","og_site_name":"Espak E-pood","article_modified_time":"2024-10-03T05:11:41+00:00","og_image":[{"width":1024,"height":1024,"url":"https:\/\/espak.ee\/epood\/wp-content\/uploads\/2019\/08\/Mira-3230-superrapidfix-15kg-d22.jpg","type":"image\/jpeg"}],"twitter_card":"summary_large_image","twitter_misc":{"Est. reading time":"2 minutit"},"schema":{"@context":"https:\/\/schema.org","@graph":[{"@type":"WebPage","@id":"https:\/\/espak.ee\/epood\/toode\/kiirkivnev-plaatimissegu-mira-3230-superrapidfix-15kg\/","url":"https:\/\/espak.ee\/epood\/toode\/kiirkivnev-plaatimissegu-mira-3230-superrapidfix-15kg\/","name":"KIIRKIVNEV PLAATIMISSEGU MIRA 3230 SUPERRAPIDFIX 15KG - Espak E-pood","isPartOf":{"@id":"https:\/\/espak.ee\/epood\/#website"},"primaryImageOfPage":{"@id":"https:\/\/espak.ee\/epood\/toode\/kiirkivnev-plaatimissegu-mira-3230-superrapidfix-15kg\/#primaryimage"},"image":{"@id":"https:\/\/espak.ee\/epood\/toode\/kiirkivnev-plaatimissegu-mira-3230-superrapidfix-15kg\/#primaryimage"},"thumbnailUrl":"https:\/\/espak.ee\/epood\/wp-content\/uploads\/2019\/08\/Mira-3230-superrapidfix-15kg-d22.jpg","datePublished":"2019-08-13T23:20:44+00:00","dateModified":"2024-10-03T05:11:41+00:00","breadcrumb":{"@id":"https:\/\/espak.ee\/epood\/toode\/kiirkivnev-plaatimissegu-mira-3230-superrapidfix-15kg\/#breadcrumb"},"inLanguage":"et","potentialAction":[{"@type":"ReadAction","target":["https:\/\/espak.ee\/epood\/toode\/kiirkivnev-plaatimissegu-mira-3230-superrapidfix-15kg\/"]}]},{"@type":"ImageObject","inLanguage":"et","@id":"https:\/\/espak.ee\/epood\/toode\/kiirkivnev-plaatimissegu-mira-3230-superrapidfix-15kg\/#primaryimage","url":"https:\/\/espak.ee\/epood\/wp-content\/uploads\/2019\/08\/Mira-3230-superrapidfix-15kg-d22.jpg","contentUrl":"https:\/\/espak.ee\/epood\/wp-content\/uploads\/2019\/08\/Mira-3230-superrapidfix-15kg-d22.jpg","width":1024,"height":1024},{"@type":"BreadcrumbList","@id":"https:\/\/espak.ee\/epood\/toode\/kiirkivnev-plaatimissegu-mira-3230-superrapidfix-15kg\/#breadcrumb","itemListElement":[{"@type":"ListItem","position":1,"name":"Home","item":"https:\/\/espak.ee\/epood\/"},{"@type":"ListItem","position":2,"name":"Tootevalik","item":"https:\/\/espak.ee\/epood\/tootevalik\/"},{"@type":"ListItem","position":3,"name":"KIIRKIVNEV PLAATIMISSEGU MIRA 3230 SUPERRAPIDFIX 15KG"}]},{"@type":"WebSite","@id":"https:\/\/espak.ee\/epood\/#website","url":"https:\/\/espak.ee\/epood\/","name":"Espak E-pood","description":"","potentialAction":[{"@type":"SearchAction","target":{"@type":"EntryPoint","urlTemplate":"https:\/\/espak.ee\/epood\/?s={search_term_string}"},"query-input":{"@type":"PropertyValueSpecification","valueRequired":true,"valueName":"search_term_string"}}],"inLanguage":"et"}]}},"_links":{"self":[{"href":"https:\/\/espak.ee\/epood\/wp-json\/wp\/v2\/product\/7640","targetHints":{"allow":["GET"]}}],"collection":[{"href":"https:\/\/espak.ee\/epood\/wp-json\/wp\/v2\/product"}],"about":[{"href":"https:\/\/espak.ee\/epood\/wp-json\/wp\/v2\/types\/product"}],"replies":[{"embeddable":true,"href":"https:\/\/espak.ee\/epood\/wp-json\/wp\/v2\/comments?post=7640"}],"wp:featuredmedia":[{"embeddable":true,"href":"https:\/\/espak.ee\/epood\/wp-json\/wp\/v2\/media\/212497"}],"wp:attachment":[{"href":"https:\/\/espak.ee\/epood\/wp-json\/wp\/v2\/media?parent=7640"}],"wp:term":[{"taxonomy":"product_brand","embeddable":true,"href":"https:\/\/espak.ee\/epood\/wp-json\/wp\/v2\/product_brand?post=7640"},{"taxonomy":"product_cat","embeddable":true,"href":"https:\/\/espak.ee\/epood\/wp-json\/wp\/v2\/product_cat?post=7640"},{"taxonomy":"product_tag","embeddable":true,"href":"https:\/\/espak.ee\/epood\/wp-json\/wp\/v2\/product_tag?post=7640"}],"curies":[{"name":"wp","href":"https:\/\/api.w.org\/{rel}","templated":true}]}}