{"id":72497,"date":"2021-03-29T23:40:55","date_gmt":"2021-03-29T23:40:55","guid":{"rendered":"https:\/\/espak.ee\/epood\/?post_type=product&#038;p=72497"},"modified":"2024-03-23T13:47:16","modified_gmt":"2024-03-23T11:47:16","slug":"ohutooriista-oli-aircraft-250ml","status":"publish","type":"product","link":"https:\/\/espak.ee\/epood\/toode\/ohutooriista-oli-aircraft-250ml\/","title":{"rendered":"\u00d5HUT\u00d6\u00d6RIISTA \u00d5LI AIRCRAFT 250ML"},"content":{"rendered":"<p>Kaitseb enneaegse kulumise eest ja v\u00e4ldib rooste teket.<br \/>\nParendatud viskoossuse-temperatuuri k\u00e4itumine.<\/p>\n","protected":false},"excerpt":{"rendered":"<p>Kaitseb enneaegse kulumise eest ja v\u00e4ldib rooste teket. Parendatud viskoossuse-temperatuuri k\u00e4itumine.<\/p>\n","protected":false},"featured_media":73381,"comment_status":"closed","ping_status":"closed","template":"","meta":[],"product_brand":[],"product_cat":[2680,2783,3174,2679],"product_tag":[],"class_list":{"0":"post-72497","1":"product","2":"type-product","3":"status-publish","4":"has-post-thumbnail","6":"product_cat-elektritooriistad","7":"product_cat-suruohutooriistad","8":"product_cat-suruohutooriistade-tarvikud","9":"product_cat-tooriistad","10":"pa_kaubamark-aircraft","12":"first","13":"instock","14":"sale","15":"taxable","16":"shipping-taxable","17":"purchasable","18":"product-type-simple"},"yoast_head":"<!-- This site is optimized with the Yoast SEO plugin v26.9 - https:\/\/yoast.com\/product\/yoast-seo-wordpress\/ -->\n<title>\u00d5HUT\u00d6\u00d6RIISTA \u00d5LI AIRCRAFT 250ML - Espak E-pood<\/title>\n<meta name=\"robots\" content=\"index, follow, max-snippet:-1, max-image-preview:large, max-video-preview:-1\" \/>\n<link rel=\"canonical\" href=\"https:\/\/espak.ee\/epood\/toode\/ohutooriista-oli-aircraft-250ml\/\" \/>\n<meta property=\"og:locale\" content=\"et_EE\" \/>\n<meta property=\"og:type\" content=\"article\" \/>\n<meta property=\"og:title\" content=\"\u00d5HUT\u00d6\u00d6RIISTA \u00d5LI AIRCRAFT 250ML - Espak E-pood\" \/>\n<meta property=\"og:description\" content=\"Kaitseb enneaegse kulumise eest ja v\u00e4ldib rooste teket. Parendatud viskoossuse-temperatuuri k\u00e4itumine.\" \/>\n<meta property=\"og:url\" content=\"https:\/\/espak.ee\/epood\/toode\/ohutooriista-oli-aircraft-250ml\/\" \/>\n<meta property=\"og:site_name\" content=\"Espak E-pood\" \/>\n<meta property=\"article:modified_time\" content=\"2024-03-23T11:47:16+00:00\" \/>\n<meta property=\"og:image\" content=\"https:\/\/espak.ee\/epood\/wp-content\/uploads\/ART_2500010_2500010_H.jpg\" \/>\n\t<meta property=\"og:image:width\" content=\"1200\" \/>\n\t<meta property=\"og:image:height\" content=\"1200\" \/>\n\t<meta property=\"og:image:type\" content=\"image\/jpeg\" \/>\n<meta name=\"twitter:card\" content=\"summary_large_image\" \/>\n<script type=\"application\/ld+json\" class=\"yoast-schema-graph\">{\"@context\":\"https:\/\/schema.org\",\"@graph\":[{\"@type\":\"WebPage\",\"@id\":\"https:\/\/espak.ee\/epood\/toode\/ohutooriista-oli-aircraft-250ml\/\",\"url\":\"https:\/\/espak.ee\/epood\/toode\/ohutooriista-oli-aircraft-250ml\/\",\"name\":\"\u00d5HUT\u00d6\u00d6RIISTA \u00d5LI AIRCRAFT 250ML - Espak E-pood\",\"isPartOf\":{\"@id\":\"https:\/\/espak.ee\/epood\/#website\"},\"primaryImageOfPage\":{\"@id\":\"https:\/\/espak.ee\/epood\/toode\/ohutooriista-oli-aircraft-250ml\/#primaryimage\"},\"image\":{\"@id\":\"https:\/\/espak.ee\/epood\/toode\/ohutooriista-oli-aircraft-250ml\/#primaryimage\"},\"thumbnailUrl\":\"https:\/\/espak.ee\/epood\/wp-content\/uploads\/ART_2500010_2500010_H.jpg\",\"datePublished\":\"2021-03-29T23:40:55+00:00\",\"dateModified\":\"2024-03-23T11:47:16+00:00\",\"breadcrumb\":{\"@id\":\"https:\/\/espak.ee\/epood\/toode\/ohutooriista-oli-aircraft-250ml\/#breadcrumb\"},\"inLanguage\":\"et\",\"potentialAction\":[{\"@type\":\"ReadAction\",\"target\":[\"https:\/\/espak.ee\/epood\/toode\/ohutooriista-oli-aircraft-250ml\/\"]}]},{\"@type\":\"ImageObject\",\"inLanguage\":\"et\",\"@id\":\"https:\/\/espak.ee\/epood\/toode\/ohutooriista-oli-aircraft-250ml\/#primaryimage\",\"url\":\"https:\/\/espak.ee\/epood\/wp-content\/uploads\/ART_2500010_2500010_H.jpg\",\"contentUrl\":\"https:\/\/espak.ee\/epood\/wp-content\/uploads\/ART_2500010_2500010_H.jpg\",\"width\":1200,\"height\":1200},{\"@type\":\"BreadcrumbList\",\"@id\":\"https:\/\/espak.ee\/epood\/toode\/ohutooriista-oli-aircraft-250ml\/#breadcrumb\",\"itemListElement\":[{\"@type\":\"ListItem\",\"position\":1,\"name\":\"Home\",\"item\":\"https:\/\/espak.ee\/epood\/\"},{\"@type\":\"ListItem\",\"position\":2,\"name\":\"Tootevalik\",\"item\":\"https:\/\/espak.ee\/epood\/tootevalik\/\"},{\"@type\":\"ListItem\",\"position\":3,\"name\":\"\u00d5HUT\u00d6\u00d6RIISTA \u00d5LI AIRCRAFT 250ML\"}]},{\"@type\":\"WebSite\",\"@id\":\"https:\/\/espak.ee\/epood\/#website\",\"url\":\"https:\/\/espak.ee\/epood\/\",\"name\":\"Espak E-pood\",\"description\":\"\",\"potentialAction\":[{\"@type\":\"SearchAction\",\"target\":{\"@type\":\"EntryPoint\",\"urlTemplate\":\"https:\/\/espak.ee\/epood\/?s={search_term_string}\"},\"query-input\":{\"@type\":\"PropertyValueSpecification\",\"valueRequired\":true,\"valueName\":\"search_term_string\"}}],\"inLanguage\":\"et\"}]}<\/script>\n<!-- \/ Yoast SEO plugin. -->","yoast_head_json":{"title":"\u00d5HUT\u00d6\u00d6RIISTA \u00d5LI AIRCRAFT 250ML - Espak E-pood","robots":{"index":"index","follow":"follow","max-snippet":"max-snippet:-1","max-image-preview":"max-image-preview:large","max-video-preview":"max-video-preview:-1"},"canonical":"https:\/\/espak.ee\/epood\/toode\/ohutooriista-oli-aircraft-250ml\/","og_locale":"et_EE","og_type":"article","og_title":"\u00d5HUT\u00d6\u00d6RIISTA \u00d5LI AIRCRAFT 250ML - Espak E-pood","og_description":"Kaitseb enneaegse kulumise eest ja v\u00e4ldib rooste teket. Parendatud viskoossuse-temperatuuri k\u00e4itumine.","og_url":"https:\/\/espak.ee\/epood\/toode\/ohutooriista-oli-aircraft-250ml\/","og_site_name":"Espak E-pood","article_modified_time":"2024-03-23T11:47:16+00:00","og_image":[{"width":1200,"height":1200,"url":"https:\/\/espak.ee\/epood\/wp-content\/uploads\/ART_2500010_2500010_H.jpg","type":"image\/jpeg"}],"twitter_card":"summary_large_image","schema":{"@context":"https:\/\/schema.org","@graph":[{"@type":"WebPage","@id":"https:\/\/espak.ee\/epood\/toode\/ohutooriista-oli-aircraft-250ml\/","url":"https:\/\/espak.ee\/epood\/toode\/ohutooriista-oli-aircraft-250ml\/","name":"\u00d5HUT\u00d6\u00d6RIISTA \u00d5LI AIRCRAFT 250ML - Espak E-pood","isPartOf":{"@id":"https:\/\/espak.ee\/epood\/#website"},"primaryImageOfPage":{"@id":"https:\/\/espak.ee\/epood\/toode\/ohutooriista-oli-aircraft-250ml\/#primaryimage"},"image":{"@id":"https:\/\/espak.ee\/epood\/toode\/ohutooriista-oli-aircraft-250ml\/#primaryimage"},"thumbnailUrl":"https:\/\/espak.ee\/epood\/wp-content\/uploads\/ART_2500010_2500010_H.jpg","datePublished":"2021-03-29T23:40:55+00:00","dateModified":"2024-03-23T11:47:16+00:00","breadcrumb":{"@id":"https:\/\/espak.ee\/epood\/toode\/ohutooriista-oli-aircraft-250ml\/#breadcrumb"},"inLanguage":"et","potentialAction":[{"@type":"ReadAction","target":["https:\/\/espak.ee\/epood\/toode\/ohutooriista-oli-aircraft-250ml\/"]}]},{"@type":"ImageObject","inLanguage":"et","@id":"https:\/\/espak.ee\/epood\/toode\/ohutooriista-oli-aircraft-250ml\/#primaryimage","url":"https:\/\/espak.ee\/epood\/wp-content\/uploads\/ART_2500010_2500010_H.jpg","contentUrl":"https:\/\/espak.ee\/epood\/wp-content\/uploads\/ART_2500010_2500010_H.jpg","width":1200,"height":1200},{"@type":"BreadcrumbList","@id":"https:\/\/espak.ee\/epood\/toode\/ohutooriista-oli-aircraft-250ml\/#breadcrumb","itemListElement":[{"@type":"ListItem","position":1,"name":"Home","item":"https:\/\/espak.ee\/epood\/"},{"@type":"ListItem","position":2,"name":"Tootevalik","item":"https:\/\/espak.ee\/epood\/tootevalik\/"},{"@type":"ListItem","position":3,"name":"\u00d5HUT\u00d6\u00d6RIISTA \u00d5LI AIRCRAFT 250ML"}]},{"@type":"WebSite","@id":"https:\/\/espak.ee\/epood\/#website","url":"https:\/\/espak.ee\/epood\/","name":"Espak E-pood","description":"","potentialAction":[{"@type":"SearchAction","target":{"@type":"EntryPoint","urlTemplate":"https:\/\/espak.ee\/epood\/?s={search_term_string}"},"query-input":{"@type":"PropertyValueSpecification","valueRequired":true,"valueName":"search_term_string"}}],"inLanguage":"et"}]}},"_links":{"self":[{"href":"https:\/\/espak.ee\/epood\/wp-json\/wp\/v2\/product\/72497","targetHints":{"allow":["GET"]}}],"collection":[{"href":"https:\/\/espak.ee\/epood\/wp-json\/wp\/v2\/product"}],"about":[{"href":"https:\/\/espak.ee\/epood\/wp-json\/wp\/v2\/types\/product"}],"replies":[{"embeddable":true,"href":"https:\/\/espak.ee\/epood\/wp-json\/wp\/v2\/comments?post=72497"}],"wp:featuredmedia":[{"embeddable":true,"href":"https:\/\/espak.ee\/epood\/wp-json\/wp\/v2\/media\/73381"}],"wp:attachment":[{"href":"https:\/\/espak.ee\/epood\/wp-json\/wp\/v2\/media?parent=72497"}],"wp:term":[{"taxonomy":"product_brand","embeddable":true,"href":"https:\/\/espak.ee\/epood\/wp-json\/wp\/v2\/product_brand?post=72497"},{"taxonomy":"product_cat","embeddable":true,"href":"https:\/\/espak.ee\/epood\/wp-json\/wp\/v2\/product_cat?post=72497"},{"taxonomy":"product_tag","embeddable":true,"href":"https:\/\/espak.ee\/epood\/wp-json\/wp\/v2\/product_tag?post=72497"}],"curies":[{"name":"wp","href":"https:\/\/api.w.org\/{rel}","templated":true}]}}