{"id":67363,"date":"2021-03-17T01:22:22","date_gmt":"2021-03-17T01:22:22","guid":{"rendered":"https:\/\/espak.ee\/hinnakiri\/?post_type=product&#038;p=67363"},"modified":"2024-11-19T14:32:30","modified_gmt":"2024-11-19T12:32:30","slug":"ulukite-peletus-plantskydd-100g","status":"publish","type":"product","link":"https:\/\/espak.ee\/epood\/toode\/ulukite-peletus-plantskydd-100g\/","title":{"rendered":"Ulukite peletus Plantskydd 100g"},"content":{"rendered":"<div class=\"row\"  id=\"row-950667924\">\n\n\t<div id=\"col-655124570\" class=\"col medium-9 small-12 large-9\"  >\n\t\t\t\t<div class=\"col-inner\"  >\n\t\t\t\n\t\t\t\n<p>Ulukite peletus Plantskydd on kaitsmiseks p\u00f5trade, kitsede, hirvede ja j\u00e4neste poolt tekitatavate kahjustuste eest metsades, viljapuu- ja iluaedades ning parkides. Peletusvahend on loomi peletava  l\u00f5hnaga 100% looduslik toode.<\/p>\n<p><strong>Kasutamine:<\/strong> Pulber lahustada leiges vees, taimed pritsida v\u00f5i pintseldada kuiva ilmaga s\u00fcgisel v\u00f5i varakevadel. Kasutada temperatuuril \u00fcle 0 C. Kulunorm s\u00f5ltub taimede liigist. Dekoratiivtaimede korral 1 kg toodet kulub 7,5 l veele. Kokku saab pritsida 400-600 (30 cm k\u00f5rged). Okaspuude puhul on kulunorm 1 kg \/ 5 l kohta latvade t\u00f6\u00f6tlemisel. Pritsida saab 800-1000 taime. Lehtpuude, sealhulgas viljapuud, tuleb valmistada lahus 1 kg\/7,5 l vee kohta. T\u00fcvede pritsimise korral valmistada lahus 1 kg\/2,8 l vee kohta ning kindlasti on vaja pritsida s\u00fcgis-talvel.<br \/>\nSoovitatav pritsida iga 4 kuu tagant.<\/p>\n\t\t<\/div>\n\t\t\t\t\t<\/div>\n\n\t\n\n\t<div id=\"col-984438923\" class=\"col medium-3 small-12 large-3\"  >\n\t\t\t\t<div class=\"col-inner\"  >\n\t\t\t\n\t\t\t\n<p><strong>\u00dcksikasjalikuma n\u00f5u saamiseks v\u00f5tke \u00fchendust:<br \/><\/strong>Horticom O\u00dc<br \/>Looma\u0308e tee 11<br \/>Harjumaa<br \/>Tel: +372 60 11 727<\/p>\n\t\t<\/div>\n\t\t\t\t\t<\/div>\n\n\t\n<\/div>\n","protected":false},"excerpt":{"rendered":"","protected":false},"featured_media":77073,"comment_status":"closed","ping_status":"closed","template":"","meta":[],"product_brand":[],"product_cat":[2789,2788,2884,3611],"product_tag":[],"class_list":{"0":"post-67363","1":"product","2":"type-product","3":"status-publish","4":"has-post-thumbnail","6":"product_cat-aiatarbed","7":"product_cat-aiatarbed-ja-kodukaubad","8":"product_cat-olmekahjurite-torjevahendid","9":"product_cat-universaalsed-torjevahendid","10":"pa_kaubamark-horticom-ou","12":"first","13":"instock","14":"sale","15":"taxable","16":"shipping-taxable","17":"purchasable","18":"product-type-simple"},"yoast_head":"<!-- This site is optimized with the Yoast SEO plugin v26.9 - https:\/\/yoast.com\/product\/yoast-seo-wordpress\/ -->\n<title>Ulukite peletus Plantskydd 100g - Espak E-pood<\/title>\n<meta name=\"robots\" content=\"index, follow, max-snippet:-1, max-image-preview:large, max-video-preview:-1\" \/>\n<link rel=\"canonical\" href=\"https:\/\/espak.ee\/epood\/toode\/ulukite-peletus-plantskydd-100g\/\" \/>\n<meta property=\"og:locale\" content=\"et_EE\" \/>\n<meta property=\"og:type\" content=\"article\" \/>\n<meta property=\"og:title\" content=\"Ulukite peletus Plantskydd 100g - Espak E-pood\" \/>\n<meta property=\"og:url\" content=\"https:\/\/espak.ee\/epood\/toode\/ulukite-peletus-plantskydd-100g\/\" \/>\n<meta property=\"og:site_name\" content=\"Espak E-pood\" \/>\n<meta property=\"article:modified_time\" content=\"2024-11-19T12:32:30+00:00\" \/>\n<meta property=\"og:image\" content=\"https:\/\/espak.ee\/epood\/wp-content\/uploads\/2021\/04\/7331591017089.jpg\" \/>\n\t<meta property=\"og:image:width\" content=\"640\" \/>\n\t<meta property=\"og:image:height\" content=\"640\" \/>\n\t<meta property=\"og:image:type\" content=\"image\/jpeg\" \/>\n<meta name=\"twitter:card\" content=\"summary_large_image\" \/>\n<meta name=\"twitter:label1\" content=\"Est. reading time\" \/>\n\t<meta name=\"twitter:data1\" content=\"1 minut\" \/>\n<script type=\"application\/ld+json\" class=\"yoast-schema-graph\">{\"@context\":\"https:\/\/schema.org\",\"@graph\":[{\"@type\":\"WebPage\",\"@id\":\"https:\/\/espak.ee\/epood\/toode\/ulukite-peletus-plantskydd-100g\/\",\"url\":\"https:\/\/espak.ee\/epood\/toode\/ulukite-peletus-plantskydd-100g\/\",\"name\":\"Ulukite peletus Plantskydd 100g - Espak E-pood\",\"isPartOf\":{\"@id\":\"https:\/\/espak.ee\/epood\/#website\"},\"primaryImageOfPage\":{\"@id\":\"https:\/\/espak.ee\/epood\/toode\/ulukite-peletus-plantskydd-100g\/#primaryimage\"},\"image\":{\"@id\":\"https:\/\/espak.ee\/epood\/toode\/ulukite-peletus-plantskydd-100g\/#primaryimage\"},\"thumbnailUrl\":\"https:\/\/espak.ee\/epood\/wp-content\/uploads\/2021\/04\/7331591017089.jpg\",\"datePublished\":\"2021-03-17T01:22:22+00:00\",\"dateModified\":\"2024-11-19T12:32:30+00:00\",\"breadcrumb\":{\"@id\":\"https:\/\/espak.ee\/epood\/toode\/ulukite-peletus-plantskydd-100g\/#breadcrumb\"},\"inLanguage\":\"et\",\"potentialAction\":[{\"@type\":\"ReadAction\",\"target\":[\"https:\/\/espak.ee\/epood\/toode\/ulukite-peletus-plantskydd-100g\/\"]}]},{\"@type\":\"ImageObject\",\"inLanguage\":\"et\",\"@id\":\"https:\/\/espak.ee\/epood\/toode\/ulukite-peletus-plantskydd-100g\/#primaryimage\",\"url\":\"https:\/\/espak.ee\/epood\/wp-content\/uploads\/2021\/04\/7331591017089.jpg\",\"contentUrl\":\"https:\/\/espak.ee\/epood\/wp-content\/uploads\/2021\/04\/7331591017089.jpg\",\"width\":640,\"height\":640},{\"@type\":\"BreadcrumbList\",\"@id\":\"https:\/\/espak.ee\/epood\/toode\/ulukite-peletus-plantskydd-100g\/#breadcrumb\",\"itemListElement\":[{\"@type\":\"ListItem\",\"position\":1,\"name\":\"Home\",\"item\":\"https:\/\/espak.ee\/epood\/\"},{\"@type\":\"ListItem\",\"position\":2,\"name\":\"Tootevalik\",\"item\":\"https:\/\/espak.ee\/epood\/tootevalik\/\"},{\"@type\":\"ListItem\",\"position\":3,\"name\":\"Ulukite peletus Plantskydd 100g\"}]},{\"@type\":\"WebSite\",\"@id\":\"https:\/\/espak.ee\/epood\/#website\",\"url\":\"https:\/\/espak.ee\/epood\/\",\"name\":\"Espak E-pood\",\"description\":\"\",\"potentialAction\":[{\"@type\":\"SearchAction\",\"target\":{\"@type\":\"EntryPoint\",\"urlTemplate\":\"https:\/\/espak.ee\/epood\/?s={search_term_string}\"},\"query-input\":{\"@type\":\"PropertyValueSpecification\",\"valueRequired\":true,\"valueName\":\"search_term_string\"}}],\"inLanguage\":\"et\"}]}<\/script>\n<!-- \/ Yoast SEO plugin. -->","yoast_head_json":{"title":"Ulukite peletus Plantskydd 100g - Espak E-pood","robots":{"index":"index","follow":"follow","max-snippet":"max-snippet:-1","max-image-preview":"max-image-preview:large","max-video-preview":"max-video-preview:-1"},"canonical":"https:\/\/espak.ee\/epood\/toode\/ulukite-peletus-plantskydd-100g\/","og_locale":"et_EE","og_type":"article","og_title":"Ulukite peletus Plantskydd 100g - Espak E-pood","og_url":"https:\/\/espak.ee\/epood\/toode\/ulukite-peletus-plantskydd-100g\/","og_site_name":"Espak E-pood","article_modified_time":"2024-11-19T12:32:30+00:00","og_image":[{"width":640,"height":640,"url":"https:\/\/espak.ee\/epood\/wp-content\/uploads\/2021\/04\/7331591017089.jpg","type":"image\/jpeg"}],"twitter_card":"summary_large_image","twitter_misc":{"Est. reading time":"1 minut"},"schema":{"@context":"https:\/\/schema.org","@graph":[{"@type":"WebPage","@id":"https:\/\/espak.ee\/epood\/toode\/ulukite-peletus-plantskydd-100g\/","url":"https:\/\/espak.ee\/epood\/toode\/ulukite-peletus-plantskydd-100g\/","name":"Ulukite peletus Plantskydd 100g - Espak E-pood","isPartOf":{"@id":"https:\/\/espak.ee\/epood\/#website"},"primaryImageOfPage":{"@id":"https:\/\/espak.ee\/epood\/toode\/ulukite-peletus-plantskydd-100g\/#primaryimage"},"image":{"@id":"https:\/\/espak.ee\/epood\/toode\/ulukite-peletus-plantskydd-100g\/#primaryimage"},"thumbnailUrl":"https:\/\/espak.ee\/epood\/wp-content\/uploads\/2021\/04\/7331591017089.jpg","datePublished":"2021-03-17T01:22:22+00:00","dateModified":"2024-11-19T12:32:30+00:00","breadcrumb":{"@id":"https:\/\/espak.ee\/epood\/toode\/ulukite-peletus-plantskydd-100g\/#breadcrumb"},"inLanguage":"et","potentialAction":[{"@type":"ReadAction","target":["https:\/\/espak.ee\/epood\/toode\/ulukite-peletus-plantskydd-100g\/"]}]},{"@type":"ImageObject","inLanguage":"et","@id":"https:\/\/espak.ee\/epood\/toode\/ulukite-peletus-plantskydd-100g\/#primaryimage","url":"https:\/\/espak.ee\/epood\/wp-content\/uploads\/2021\/04\/7331591017089.jpg","contentUrl":"https:\/\/espak.ee\/epood\/wp-content\/uploads\/2021\/04\/7331591017089.jpg","width":640,"height":640},{"@type":"BreadcrumbList","@id":"https:\/\/espak.ee\/epood\/toode\/ulukite-peletus-plantskydd-100g\/#breadcrumb","itemListElement":[{"@type":"ListItem","position":1,"name":"Home","item":"https:\/\/espak.ee\/epood\/"},{"@type":"ListItem","position":2,"name":"Tootevalik","item":"https:\/\/espak.ee\/epood\/tootevalik\/"},{"@type":"ListItem","position":3,"name":"Ulukite peletus Plantskydd 100g"}]},{"@type":"WebSite","@id":"https:\/\/espak.ee\/epood\/#website","url":"https:\/\/espak.ee\/epood\/","name":"Espak E-pood","description":"","potentialAction":[{"@type":"SearchAction","target":{"@type":"EntryPoint","urlTemplate":"https:\/\/espak.ee\/epood\/?s={search_term_string}"},"query-input":{"@type":"PropertyValueSpecification","valueRequired":true,"valueName":"search_term_string"}}],"inLanguage":"et"}]}},"_links":{"self":[{"href":"https:\/\/espak.ee\/epood\/wp-json\/wp\/v2\/product\/67363","targetHints":{"allow":["GET"]}}],"collection":[{"href":"https:\/\/espak.ee\/epood\/wp-json\/wp\/v2\/product"}],"about":[{"href":"https:\/\/espak.ee\/epood\/wp-json\/wp\/v2\/types\/product"}],"replies":[{"embeddable":true,"href":"https:\/\/espak.ee\/epood\/wp-json\/wp\/v2\/comments?post=67363"}],"wp:featuredmedia":[{"embeddable":true,"href":"https:\/\/espak.ee\/epood\/wp-json\/wp\/v2\/media\/77073"}],"wp:attachment":[{"href":"https:\/\/espak.ee\/epood\/wp-json\/wp\/v2\/media?parent=67363"}],"wp:term":[{"taxonomy":"product_brand","embeddable":true,"href":"https:\/\/espak.ee\/epood\/wp-json\/wp\/v2\/product_brand?post=67363"},{"taxonomy":"product_cat","embeddable":true,"href":"https:\/\/espak.ee\/epood\/wp-json\/wp\/v2\/product_cat?post=67363"},{"taxonomy":"product_tag","embeddable":true,"href":"https:\/\/espak.ee\/epood\/wp-json\/wp\/v2\/product_tag?post=67363"}],"curies":[{"name":"wp","href":"https:\/\/api.w.org\/{rel}","templated":true}]}}