{"id":55473,"date":"2021-01-07T07:07:52","date_gmt":"2021-01-07T07:07:52","guid":{"rendered":"https:\/\/espak.ee\/hinnakiri\/?post_type=product&#038;p=55473"},"modified":"2026-04-13T09:47:17","modified_gmt":"2026-04-13T06:47:17","slug":"hamaraluliti-1840w-antratsiit-ip44","status":"publish","type":"product","link":"https:\/\/espak.ee\/epood\/toode\/hamaraluliti-1840w-antratsiit-ip44\/","title":{"rendered":"H\u00c4MARAL\u00dcLITI BRENNENSTUHL 1840W ANTRATSIIT IP44"},"content":{"rendered":"<div class=\"row\"  id=\"row-975996680\">\n\n\t<div id=\"col-1614670785\" class=\"col medium-9 small-12 large-9\"  >\n\t\t\t\t<div class=\"col-inner\"  >\n\t\t\t\n\t\t\t\n<h2>H\u00e4maral\u00fcliti<\/h2>\n\t<div id=\"gap-894393902\" class=\"gap-element clearfix\" style=\"display:block; height:auto;\">\n\t\t\n<style>\n#gap-894393902 {\n  padding-top: 30px;\n}\n<\/style>\n\t<\/div>\n\t\n<h3>Kasutamise \u00fcksikasjad<\/h3>\n<p><strong>Kirjeldus:<\/strong> Lastekaitsmega ja kaanega, veepritsme kindel pistikupesa, IP44. 6 l\u00fclitusprogrammi; igap\u00e4evane kordusl\u00fclitus; \u201cEhast-koiduni\u201d programm; loendur 2tundi, 4tundi, 6tundi, 8tundi, alates ehast. Lihtne paigaldada. LED t\u00f6\u00f6reziimi indikaatorlamp.<\/p>\n\t\t<\/div>\n\t\t\t\t\t<\/div>\n\n\t\n\n\t<div id=\"col-910118662\" class=\"col medium-3 small-12 large-3\"  >\n\t\t\t\t<div class=\"col-inner\"  >\n\t\t\t\n\t\t\t\n\t<div id=\"gap-513997388\" class=\"gap-element clearfix\" style=\"display:block; height:auto;\">\n\t\t\n<style>\n#gap-513997388 {\n  padding-top: 30px;\n}\n<\/style>\n\t<\/div>\n\t\n<div class=\"is-divider divider clearfix\" ><\/div>\n<p><strong>\u00dcksikasjalikuma n\u00f5u saamiseks v\u00f5tke \u00fchendust:<br \/><\/strong>INSTABALT EESTI<br \/>Kadaka tee 52d<br \/>12915<br \/>Tallinn<br \/>+372 4896544<\/p>\n<div class=\"is-divider divider clearfix\" ><\/div>\n\t\t<\/div>\n\t\t\t\t\t<\/div>\n\n\t\n<\/div>\n","protected":false},"excerpt":{"rendered":"","protected":false},"featured_media":60402,"comment_status":"closed","ping_status":"closed","template":"","meta":[],"product_brand":[],"product_cat":[2935,2934,3552,3224],"product_tag":[],"class_list":{"0":"post-55473","1":"product","2":"type-product","3":"status-publish","4":"has-post-thumbnail","6":"product_cat-elektrikaubad","7":"product_cat-elektrikaubad-ja-valgustid","8":"product_cat-hamaraandurid","9":"product_cat-lulitid-ja-pistikupesad","10":"pa_kaubamark-instabalt-eesti-ou","12":"first","13":"instock","14":"sale","15":"taxable","16":"shipping-taxable","17":"purchasable","18":"product-type-simple"},"yoast_head":"<!-- This site is optimized with the Yoast SEO plugin v26.9 - https:\/\/yoast.com\/product\/yoast-seo-wordpress\/ -->\n<title>H\u00c4MARAL\u00dcLITI BRENNENSTUHL 1840W ANTRATSIIT IP44 - Espak E-pood<\/title>\n<meta name=\"robots\" content=\"index, follow, max-snippet:-1, max-image-preview:large, max-video-preview:-1\" \/>\n<link rel=\"canonical\" href=\"https:\/\/espak.ee\/epood\/toode\/hamaraluliti-1840w-antratsiit-ip44\/\" \/>\n<meta property=\"og:locale\" content=\"et_EE\" \/>\n<meta property=\"og:type\" content=\"article\" \/>\n<meta property=\"og:title\" content=\"H\u00c4MARAL\u00dcLITI BRENNENSTUHL 1840W ANTRATSIIT IP44 - Espak E-pood\" \/>\n<meta property=\"og:url\" content=\"https:\/\/espak.ee\/epood\/toode\/hamaraluliti-1840w-antratsiit-ip44\/\" \/>\n<meta property=\"og:site_name\" content=\"Espak E-pood\" \/>\n<meta property=\"article:modified_time\" content=\"2026-04-13T06:47:17+00:00\" \/>\n<meta property=\"og:image\" content=\"https:\/\/espak.ee\/epood\/wp-content\/uploads\/4007123667253_1506120.jpg\" \/>\n\t<meta property=\"og:image:width\" content=\"560\" \/>\n\t<meta property=\"og:image:height\" content=\"560\" \/>\n\t<meta property=\"og:image:type\" content=\"image\/jpeg\" \/>\n<meta name=\"twitter:card\" content=\"summary_large_image\" \/>\n<script type=\"application\/ld+json\" class=\"yoast-schema-graph\">{\"@context\":\"https:\/\/schema.org\",\"@graph\":[{\"@type\":\"WebPage\",\"@id\":\"https:\/\/espak.ee\/epood\/toode\/hamaraluliti-1840w-antratsiit-ip44\/\",\"url\":\"https:\/\/espak.ee\/epood\/toode\/hamaraluliti-1840w-antratsiit-ip44\/\",\"name\":\"H\u00c4MARAL\u00dcLITI BRENNENSTUHL 1840W ANTRATSIIT IP44 - Espak E-pood\",\"isPartOf\":{\"@id\":\"https:\/\/espak.ee\/epood\/#website\"},\"primaryImageOfPage\":{\"@id\":\"https:\/\/espak.ee\/epood\/toode\/hamaraluliti-1840w-antratsiit-ip44\/#primaryimage\"},\"image\":{\"@id\":\"https:\/\/espak.ee\/epood\/toode\/hamaraluliti-1840w-antratsiit-ip44\/#primaryimage\"},\"thumbnailUrl\":\"https:\/\/espak.ee\/epood\/wp-content\/uploads\/4007123667253_1506120.jpg\",\"datePublished\":\"2021-01-07T07:07:52+00:00\",\"dateModified\":\"2026-04-13T06:47:17+00:00\",\"breadcrumb\":{\"@id\":\"https:\/\/espak.ee\/epood\/toode\/hamaraluliti-1840w-antratsiit-ip44\/#breadcrumb\"},\"inLanguage\":\"et\",\"potentialAction\":[{\"@type\":\"ReadAction\",\"target\":[\"https:\/\/espak.ee\/epood\/toode\/hamaraluliti-1840w-antratsiit-ip44\/\"]}]},{\"@type\":\"ImageObject\",\"inLanguage\":\"et\",\"@id\":\"https:\/\/espak.ee\/epood\/toode\/hamaraluliti-1840w-antratsiit-ip44\/#primaryimage\",\"url\":\"https:\/\/espak.ee\/epood\/wp-content\/uploads\/4007123667253_1506120.jpg\",\"contentUrl\":\"https:\/\/espak.ee\/epood\/wp-content\/uploads\/4007123667253_1506120.jpg\",\"width\":560,\"height\":560,\"caption\":\"CREATOR: gd-jpeg v1.0 (using IJG JPEG v62), quality = 80\"},{\"@type\":\"BreadcrumbList\",\"@id\":\"https:\/\/espak.ee\/epood\/toode\/hamaraluliti-1840w-antratsiit-ip44\/#breadcrumb\",\"itemListElement\":[{\"@type\":\"ListItem\",\"position\":1,\"name\":\"Home\",\"item\":\"https:\/\/espak.ee\/epood\/\"},{\"@type\":\"ListItem\",\"position\":2,\"name\":\"Tootevalik\",\"item\":\"https:\/\/espak.ee\/epood\/tootevalik\/\"},{\"@type\":\"ListItem\",\"position\":3,\"name\":\"H\u00c4MARAL\u00dcLITI BRENNENSTUHL 1840W ANTRATSIIT IP44\"}]},{\"@type\":\"WebSite\",\"@id\":\"https:\/\/espak.ee\/epood\/#website\",\"url\":\"https:\/\/espak.ee\/epood\/\",\"name\":\"Espak E-pood\",\"description\":\"\",\"potentialAction\":[{\"@type\":\"SearchAction\",\"target\":{\"@type\":\"EntryPoint\",\"urlTemplate\":\"https:\/\/espak.ee\/epood\/?s={search_term_string}\"},\"query-input\":{\"@type\":\"PropertyValueSpecification\",\"valueRequired\":true,\"valueName\":\"search_term_string\"}}],\"inLanguage\":\"et\"}]}<\/script>\n<!-- \/ Yoast SEO plugin. -->","yoast_head_json":{"title":"H\u00c4MARAL\u00dcLITI BRENNENSTUHL 1840W ANTRATSIIT IP44 - Espak E-pood","robots":{"index":"index","follow":"follow","max-snippet":"max-snippet:-1","max-image-preview":"max-image-preview:large","max-video-preview":"max-video-preview:-1"},"canonical":"https:\/\/espak.ee\/epood\/toode\/hamaraluliti-1840w-antratsiit-ip44\/","og_locale":"et_EE","og_type":"article","og_title":"H\u00c4MARAL\u00dcLITI BRENNENSTUHL 1840W ANTRATSIIT IP44 - Espak E-pood","og_url":"https:\/\/espak.ee\/epood\/toode\/hamaraluliti-1840w-antratsiit-ip44\/","og_site_name":"Espak E-pood","article_modified_time":"2026-04-13T06:47:17+00:00","og_image":[{"width":560,"height":560,"url":"https:\/\/espak.ee\/epood\/wp-content\/uploads\/4007123667253_1506120.jpg","type":"image\/jpeg"}],"twitter_card":"summary_large_image","schema":{"@context":"https:\/\/schema.org","@graph":[{"@type":"WebPage","@id":"https:\/\/espak.ee\/epood\/toode\/hamaraluliti-1840w-antratsiit-ip44\/","url":"https:\/\/espak.ee\/epood\/toode\/hamaraluliti-1840w-antratsiit-ip44\/","name":"H\u00c4MARAL\u00dcLITI BRENNENSTUHL 1840W ANTRATSIIT IP44 - Espak E-pood","isPartOf":{"@id":"https:\/\/espak.ee\/epood\/#website"},"primaryImageOfPage":{"@id":"https:\/\/espak.ee\/epood\/toode\/hamaraluliti-1840w-antratsiit-ip44\/#primaryimage"},"image":{"@id":"https:\/\/espak.ee\/epood\/toode\/hamaraluliti-1840w-antratsiit-ip44\/#primaryimage"},"thumbnailUrl":"https:\/\/espak.ee\/epood\/wp-content\/uploads\/4007123667253_1506120.jpg","datePublished":"2021-01-07T07:07:52+00:00","dateModified":"2026-04-13T06:47:17+00:00","breadcrumb":{"@id":"https:\/\/espak.ee\/epood\/toode\/hamaraluliti-1840w-antratsiit-ip44\/#breadcrumb"},"inLanguage":"et","potentialAction":[{"@type":"ReadAction","target":["https:\/\/espak.ee\/epood\/toode\/hamaraluliti-1840w-antratsiit-ip44\/"]}]},{"@type":"ImageObject","inLanguage":"et","@id":"https:\/\/espak.ee\/epood\/toode\/hamaraluliti-1840w-antratsiit-ip44\/#primaryimage","url":"https:\/\/espak.ee\/epood\/wp-content\/uploads\/4007123667253_1506120.jpg","contentUrl":"https:\/\/espak.ee\/epood\/wp-content\/uploads\/4007123667253_1506120.jpg","width":560,"height":560,"caption":"CREATOR: gd-jpeg v1.0 (using IJG JPEG v62), quality = 80"},{"@type":"BreadcrumbList","@id":"https:\/\/espak.ee\/epood\/toode\/hamaraluliti-1840w-antratsiit-ip44\/#breadcrumb","itemListElement":[{"@type":"ListItem","position":1,"name":"Home","item":"https:\/\/espak.ee\/epood\/"},{"@type":"ListItem","position":2,"name":"Tootevalik","item":"https:\/\/espak.ee\/epood\/tootevalik\/"},{"@type":"ListItem","position":3,"name":"H\u00c4MARAL\u00dcLITI BRENNENSTUHL 1840W ANTRATSIIT IP44"}]},{"@type":"WebSite","@id":"https:\/\/espak.ee\/epood\/#website","url":"https:\/\/espak.ee\/epood\/","name":"Espak E-pood","description":"","potentialAction":[{"@type":"SearchAction","target":{"@type":"EntryPoint","urlTemplate":"https:\/\/espak.ee\/epood\/?s={search_term_string}"},"query-input":{"@type":"PropertyValueSpecification","valueRequired":true,"valueName":"search_term_string"}}],"inLanguage":"et"}]}},"_links":{"self":[{"href":"https:\/\/espak.ee\/epood\/wp-json\/wp\/v2\/product\/55473","targetHints":{"allow":["GET"]}}],"collection":[{"href":"https:\/\/espak.ee\/epood\/wp-json\/wp\/v2\/product"}],"about":[{"href":"https:\/\/espak.ee\/epood\/wp-json\/wp\/v2\/types\/product"}],"replies":[{"embeddable":true,"href":"https:\/\/espak.ee\/epood\/wp-json\/wp\/v2\/comments?post=55473"}],"wp:featuredmedia":[{"embeddable":true,"href":"https:\/\/espak.ee\/epood\/wp-json\/wp\/v2\/media\/60402"}],"wp:attachment":[{"href":"https:\/\/espak.ee\/epood\/wp-json\/wp\/v2\/media?parent=55473"}],"wp:term":[{"taxonomy":"product_brand","embeddable":true,"href":"https:\/\/espak.ee\/epood\/wp-json\/wp\/v2\/product_brand?post=55473"},{"taxonomy":"product_cat","embeddable":true,"href":"https:\/\/espak.ee\/epood\/wp-json\/wp\/v2\/product_cat?post=55473"},{"taxonomy":"product_tag","embeddable":true,"href":"https:\/\/espak.ee\/epood\/wp-json\/wp\/v2\/product_tag?post=55473"}],"curies":[{"name":"wp","href":"https:\/\/api.w.org\/{rel}","templated":true}]}}