{"id":55341,"date":"2021-01-06T06:52:07","date_gmt":"2021-01-06T06:52:07","guid":{"rendered":"https:\/\/espak.ee\/hinnakiri\/?post_type=product&#038;p=55341"},"modified":"2024-03-23T14:24:17","modified_gmt":"2024-03-23T12:24:17","slug":"kaablitrummel-92m-3g15-vvf-ip20","status":"publish","type":"product","link":"https:\/\/espak.ee\/epood\/toode\/kaablitrummel-92m-3g15-vvf-ip20\/","title":{"rendered":"KAABLITRUMMEL BRENNENSTUHL 9+2M 3G1,5 VVF IP20"},"content":{"rendered":"<div class=\"row\"  id=\"row-1344028718\">\n\n\t<div id=\"col-1054359290\" class=\"col medium-9 small-12 large-9\"  >\n\t\t\t\t<div class=\"col-inner\"  >\n\t\t\t\n\t\t\t\n<h2>Kaablitrummel<\/h2>\n\t<div id=\"gap-1867249691\" class=\"gap-element clearfix\" style=\"display:block; height:auto;\">\n\t\t\n<style>\n#gap-1867249691 {\n  padding-top: 30px;\n}\n<\/style>\n\t<\/div>\n\t\n<h3>Kasutamise \u00fcksikasjad<\/h3>\n<p><strong>Kirjeldus:<\/strong> Neid kaablitrumleid v\u00f5ib kinnitada nii seinale v\u00f5i lakke. Trummli korpust saab p\u00f6\u00f6rata kuni 180\u00b0. Nendes kaablitrumlites kasutatakse VV-F ja RN-F kaableid (allpool &#8211; v\u00f5ime t\u00e4iendavat teavet alla laadida) ristl\u00f5ikega 1,5 mm\u00b2. K\u00f5ik pikendusjuhtmed on varustatud termokaitsmega, mis kaitseb toote \u00fclekuumenemise eest. K\u00f5ik tooted on varustatud lastekaitsega, maandusega pistikupesaga. Erinevate mudelite kaabli pikkus kas 9m v\u00f5i 16m. Toiteallikaga \u00fchendamiseks m\u00f5eldud kaabli pikkus on 2 meetrit.<\/p>\n\t\t<\/div>\n\t\t\t\t\t<\/div>\n\n\t\n\n\t<div id=\"col-1534496475\" class=\"col medium-3 small-12 large-3\"  >\n\t\t\t\t<div class=\"col-inner\"  >\n\t\t\t\n\t\t\t\n\t<div id=\"gap-1479450954\" class=\"gap-element clearfix\" style=\"display:block; height:auto;\">\n\t\t\n<style>\n#gap-1479450954 {\n  padding-top: 30px;\n}\n<\/style>\n\t<\/div>\n\t\n<div class=\"is-divider divider clearfix\" ><\/div>\n<p><strong>\u00dcksikasjalikuma n\u00f5u saamiseks v\u00f5tke \u00fchendust:<br \/><\/strong>INSTABALT EESTI<br \/>Kadaka tee 52d<br \/>12915<br \/>Tallinn<br \/>+372 4896544<\/p>\n<div class=\"is-divider divider clearfix\" ><\/div>\n\t\t<\/div>\n\t\t\t\t\t<\/div>\n\n\t\n<\/div>\n","protected":false},"excerpt":{"rendered":"","protected":false},"featured_media":60172,"comment_status":"closed","ping_status":"closed","template":"","meta":[],"product_brand":[],"product_cat":[2935,2934,3285,3340],"product_tag":[],"class_list":{"0":"post-55341","1":"product","2":"type-product","3":"status-publish","4":"has-post-thumbnail","6":"product_cat-elektrikaubad","7":"product_cat-elektrikaubad-ja-valgustid","8":"product_cat-pikendusjuhtmed","9":"product_cat-trumlid","10":"pa_kaubamark-instabalt-eesti-ou","12":"first","13":"outofstock","14":"sale","15":"taxable","16":"shipping-taxable","17":"purchasable","18":"product-type-simple"},"yoast_head":"<!-- This site is optimized with the Yoast SEO plugin v26.9 - https:\/\/yoast.com\/product\/yoast-seo-wordpress\/ -->\n<title>KAABLITRUMMEL BRENNENSTUHL 9+2M 3G1,5 VVF IP20 - Espak E-pood<\/title>\n<meta name=\"robots\" content=\"index, follow, max-snippet:-1, max-image-preview:large, max-video-preview:-1\" \/>\n<link rel=\"canonical\" href=\"https:\/\/espak.ee\/epood\/toode\/kaablitrummel-92m-3g15-vvf-ip20\/\" \/>\n<meta property=\"og:locale\" content=\"et_EE\" \/>\n<meta property=\"og:type\" content=\"article\" \/>\n<meta property=\"og:title\" content=\"KAABLITRUMMEL BRENNENSTUHL 9+2M 3G1,5 VVF IP20 - Espak E-pood\" \/>\n<meta property=\"og:url\" content=\"https:\/\/espak.ee\/epood\/toode\/kaablitrummel-92m-3g15-vvf-ip20\/\" \/>\n<meta property=\"og:site_name\" content=\"Espak E-pood\" \/>\n<meta property=\"article:modified_time\" content=\"2024-03-23T12:24:17+00:00\" \/>\n<meta property=\"og:image\" content=\"https:\/\/espak.ee\/epood\/wp-content\/uploads\/4007123616657_1241020300.jpg\" \/>\n\t<meta property=\"og:image:width\" content=\"603\" \/>\n\t<meta property=\"og:image:height\" content=\"603\" \/>\n\t<meta property=\"og:image:type\" content=\"image\/jpeg\" \/>\n<meta name=\"twitter:card\" content=\"summary_large_image\" \/>\n<meta name=\"twitter:label1\" content=\"Est. reading time\" \/>\n\t<meta name=\"twitter:data1\" content=\"1 minut\" \/>\n<script type=\"application\/ld+json\" class=\"yoast-schema-graph\">{\"@context\":\"https:\/\/schema.org\",\"@graph\":[{\"@type\":\"WebPage\",\"@id\":\"https:\/\/espak.ee\/epood\/toode\/kaablitrummel-92m-3g15-vvf-ip20\/\",\"url\":\"https:\/\/espak.ee\/epood\/toode\/kaablitrummel-92m-3g15-vvf-ip20\/\",\"name\":\"KAABLITRUMMEL BRENNENSTUHL 9+2M 3G1,5 VVF IP20 - Espak E-pood\",\"isPartOf\":{\"@id\":\"https:\/\/espak.ee\/epood\/#website\"},\"primaryImageOfPage\":{\"@id\":\"https:\/\/espak.ee\/epood\/toode\/kaablitrummel-92m-3g15-vvf-ip20\/#primaryimage\"},\"image\":{\"@id\":\"https:\/\/espak.ee\/epood\/toode\/kaablitrummel-92m-3g15-vvf-ip20\/#primaryimage\"},\"thumbnailUrl\":\"https:\/\/espak.ee\/epood\/wp-content\/uploads\/4007123616657_1241020300.jpg\",\"datePublished\":\"2021-01-06T06:52:07+00:00\",\"dateModified\":\"2024-03-23T12:24:17+00:00\",\"breadcrumb\":{\"@id\":\"https:\/\/espak.ee\/epood\/toode\/kaablitrummel-92m-3g15-vvf-ip20\/#breadcrumb\"},\"inLanguage\":\"et\",\"potentialAction\":[{\"@type\":\"ReadAction\",\"target\":[\"https:\/\/espak.ee\/epood\/toode\/kaablitrummel-92m-3g15-vvf-ip20\/\"]}]},{\"@type\":\"ImageObject\",\"inLanguage\":\"et\",\"@id\":\"https:\/\/espak.ee\/epood\/toode\/kaablitrummel-92m-3g15-vvf-ip20\/#primaryimage\",\"url\":\"https:\/\/espak.ee\/epood\/wp-content\/uploads\/4007123616657_1241020300.jpg\",\"contentUrl\":\"https:\/\/espak.ee\/epood\/wp-content\/uploads\/4007123616657_1241020300.jpg\",\"width\":603,\"height\":603},{\"@type\":\"BreadcrumbList\",\"@id\":\"https:\/\/espak.ee\/epood\/toode\/kaablitrummel-92m-3g15-vvf-ip20\/#breadcrumb\",\"itemListElement\":[{\"@type\":\"ListItem\",\"position\":1,\"name\":\"Home\",\"item\":\"https:\/\/espak.ee\/epood\/\"},{\"@type\":\"ListItem\",\"position\":2,\"name\":\"Tootevalik\",\"item\":\"https:\/\/espak.ee\/epood\/tootevalik\/\"},{\"@type\":\"ListItem\",\"position\":3,\"name\":\"KAABLITRUMMEL BRENNENSTUHL 9+2M 3G1,5 VVF IP20\"}]},{\"@type\":\"WebSite\",\"@id\":\"https:\/\/espak.ee\/epood\/#website\",\"url\":\"https:\/\/espak.ee\/epood\/\",\"name\":\"Espak E-pood\",\"description\":\"\",\"potentialAction\":[{\"@type\":\"SearchAction\",\"target\":{\"@type\":\"EntryPoint\",\"urlTemplate\":\"https:\/\/espak.ee\/epood\/?s={search_term_string}\"},\"query-input\":{\"@type\":\"PropertyValueSpecification\",\"valueRequired\":true,\"valueName\":\"search_term_string\"}}],\"inLanguage\":\"et\"}]}<\/script>\n<!-- \/ Yoast SEO plugin. -->","yoast_head_json":{"title":"KAABLITRUMMEL BRENNENSTUHL 9+2M 3G1,5 VVF IP20 - Espak E-pood","robots":{"index":"index","follow":"follow","max-snippet":"max-snippet:-1","max-image-preview":"max-image-preview:large","max-video-preview":"max-video-preview:-1"},"canonical":"https:\/\/espak.ee\/epood\/toode\/kaablitrummel-92m-3g15-vvf-ip20\/","og_locale":"et_EE","og_type":"article","og_title":"KAABLITRUMMEL BRENNENSTUHL 9+2M 3G1,5 VVF IP20 - Espak E-pood","og_url":"https:\/\/espak.ee\/epood\/toode\/kaablitrummel-92m-3g15-vvf-ip20\/","og_site_name":"Espak E-pood","article_modified_time":"2024-03-23T12:24:17+00:00","og_image":[{"width":603,"height":603,"url":"https:\/\/espak.ee\/epood\/wp-content\/uploads\/4007123616657_1241020300.jpg","type":"image\/jpeg"}],"twitter_card":"summary_large_image","twitter_misc":{"Est. reading time":"1 minut"},"schema":{"@context":"https:\/\/schema.org","@graph":[{"@type":"WebPage","@id":"https:\/\/espak.ee\/epood\/toode\/kaablitrummel-92m-3g15-vvf-ip20\/","url":"https:\/\/espak.ee\/epood\/toode\/kaablitrummel-92m-3g15-vvf-ip20\/","name":"KAABLITRUMMEL BRENNENSTUHL 9+2M 3G1,5 VVF IP20 - Espak E-pood","isPartOf":{"@id":"https:\/\/espak.ee\/epood\/#website"},"primaryImageOfPage":{"@id":"https:\/\/espak.ee\/epood\/toode\/kaablitrummel-92m-3g15-vvf-ip20\/#primaryimage"},"image":{"@id":"https:\/\/espak.ee\/epood\/toode\/kaablitrummel-92m-3g15-vvf-ip20\/#primaryimage"},"thumbnailUrl":"https:\/\/espak.ee\/epood\/wp-content\/uploads\/4007123616657_1241020300.jpg","datePublished":"2021-01-06T06:52:07+00:00","dateModified":"2024-03-23T12:24:17+00:00","breadcrumb":{"@id":"https:\/\/espak.ee\/epood\/toode\/kaablitrummel-92m-3g15-vvf-ip20\/#breadcrumb"},"inLanguage":"et","potentialAction":[{"@type":"ReadAction","target":["https:\/\/espak.ee\/epood\/toode\/kaablitrummel-92m-3g15-vvf-ip20\/"]}]},{"@type":"ImageObject","inLanguage":"et","@id":"https:\/\/espak.ee\/epood\/toode\/kaablitrummel-92m-3g15-vvf-ip20\/#primaryimage","url":"https:\/\/espak.ee\/epood\/wp-content\/uploads\/4007123616657_1241020300.jpg","contentUrl":"https:\/\/espak.ee\/epood\/wp-content\/uploads\/4007123616657_1241020300.jpg","width":603,"height":603},{"@type":"BreadcrumbList","@id":"https:\/\/espak.ee\/epood\/toode\/kaablitrummel-92m-3g15-vvf-ip20\/#breadcrumb","itemListElement":[{"@type":"ListItem","position":1,"name":"Home","item":"https:\/\/espak.ee\/epood\/"},{"@type":"ListItem","position":2,"name":"Tootevalik","item":"https:\/\/espak.ee\/epood\/tootevalik\/"},{"@type":"ListItem","position":3,"name":"KAABLITRUMMEL BRENNENSTUHL 9+2M 3G1,5 VVF IP20"}]},{"@type":"WebSite","@id":"https:\/\/espak.ee\/epood\/#website","url":"https:\/\/espak.ee\/epood\/","name":"Espak E-pood","description":"","potentialAction":[{"@type":"SearchAction","target":{"@type":"EntryPoint","urlTemplate":"https:\/\/espak.ee\/epood\/?s={search_term_string}"},"query-input":{"@type":"PropertyValueSpecification","valueRequired":true,"valueName":"search_term_string"}}],"inLanguage":"et"}]}},"_links":{"self":[{"href":"https:\/\/espak.ee\/epood\/wp-json\/wp\/v2\/product\/55341","targetHints":{"allow":["GET"]}}],"collection":[{"href":"https:\/\/espak.ee\/epood\/wp-json\/wp\/v2\/product"}],"about":[{"href":"https:\/\/espak.ee\/epood\/wp-json\/wp\/v2\/types\/product"}],"replies":[{"embeddable":true,"href":"https:\/\/espak.ee\/epood\/wp-json\/wp\/v2\/comments?post=55341"}],"wp:featuredmedia":[{"embeddable":true,"href":"https:\/\/espak.ee\/epood\/wp-json\/wp\/v2\/media\/60172"}],"wp:attachment":[{"href":"https:\/\/espak.ee\/epood\/wp-json\/wp\/v2\/media?parent=55341"}],"wp:term":[{"taxonomy":"product_brand","embeddable":true,"href":"https:\/\/espak.ee\/epood\/wp-json\/wp\/v2\/product_brand?post=55341"},{"taxonomy":"product_cat","embeddable":true,"href":"https:\/\/espak.ee\/epood\/wp-json\/wp\/v2\/product_cat?post=55341"},{"taxonomy":"product_tag","embeddable":true,"href":"https:\/\/espak.ee\/epood\/wp-json\/wp\/v2\/product_tag?post=55341"}],"curies":[{"name":"wp","href":"https:\/\/api.w.org\/{rel}","templated":true}]}}