{"id":53732,"date":"2020-12-16T06:46:57","date_gmt":"2020-12-16T06:46:57","guid":{"rendered":"https:\/\/espak.ee\/hinnakiri\/?post_type=product&#038;p=53732"},"modified":"2025-12-01T20:53:15","modified_gmt":"2025-12-01T18:53:15","slug":"hekikaarid-fiskars-powerlevel-jouulekandega-hs52","status":"publish","type":"product","link":"https:\/\/espak.ee\/epood\/toode\/hekikaarid-fiskars-powerlevel-jouulekandega-hs52\/","title":{"rendered":"HEKIK\u00c4\u00c4RID FISKARS POWERLEVEL J\u00d5U\u00dcLEKANDEGA HS52"},"content":{"rendered":"<div class=\"row\"  id=\"row-772077329\">\n\n\t<div id=\"col-547741099\" class=\"col medium-9 small-12 large-9\"  >\n\t\t\t\t<div class=\"col-inner\"  >\n\t\t\t\n\t\t\t\n<h2>J\u00f5u\u00fclekandega hekik\u00e4\u00e4rid<\/h2>\n<p>Fiskarsi suurep\u00e4rased hekik\u00e4\u00e4rid sobivad erinevateks l\u00f5ikamist\u00f6\u00f6deks: p\u00f5\u00f5saste kujundamiseks ja k\u00e4rpimiseks, heki l\u00f5ikamiseks jne. Unikaalne hammas\u00fclekanne v\u00f5i j\u00f5u\u00fclekanne v\u00f5imaldavad sooritada raskeid l\u00f5ikamist\u00f6id. Kerge kaal ja eriline kuju muudavad l\u00f5ikamist\u00f6\u00f6 lihtsaks ja kergeks. K\u00e4epidemed on valmistatud klaasfiibriga tugevdatud pol\u00fcamiidist ning oran\u017e osa k\u00e4epidemest klaasfiibriga tugevdatud plastikust (PP).<\/p>\n<div class=\"message-box relative\" style=\"padding-top:15px;padding-bottom:15px;\"><div class=\"message-box-bg-image bg-fill fill\" ><\/div><div class=\"message-box-bg-overlay bg-fill fill\" ><\/div><div class=\"container relative\"><div class=\"inner last-reset\">\n<div class=\"row align-middle align-center\"  id=\"row-1694619027\">\n\n\t<div id=\"col-911085822\" class=\"col small-12 large-12\"  >\n\t\t\t\t<div class=\"col-inner text-left\"  >\n\t\t\t\n\t\t\t\n<h4>Omadused<\/h4>\n<div class=\"row\"  id=\"row-1650642372\">\n\n\t<div id=\"col-1442776493\" class=\"col medium-6 small-12 large-6\"  >\n\t\t\t\t<div class=\"col-inner\"  >\n\t\t\t\n\t\t\t\n<p><i class=\"fa fa-check fa-2x\"><\/i> <strong>Ainulaadne \u00fclekandes\u00fcsteem suurendab j\u00f5udu vahekorras 2,5 : 1<\/strong><\/p>\n<p><i class=\"fa fa-check fa-2x\"><\/i> <strong>Kerge kaal<\/strong><\/p>\n\t\t<\/div>\n\t\t\t\t\n<style>\n#col-1442776493 > .col-inner {\n  margin: 0px 0px 15px 0px;\n}\n<\/style>\n\t<\/div>\n\n\t\n<\/div>\n\t\t<\/div>\n\t\t\t\t\t<\/div>\n\n\t\n<\/div>\n<\/div><\/div><\/div>\n\t<div id=\"gap-1912816980\" class=\"gap-element clearfix\" style=\"display:block; height:auto;\">\n\t\t\n<style>\n#gap-1912816980 {\n  padding-top: 30px;\n}\n<\/style>\n\t<\/div>\n\t\n\t\t<\/div>\n\t\t\t\t\t<\/div>\n\n\t\n\n\t<div id=\"col-650817300\" class=\"col medium-3 small-12 large-3\"  >\n\t\t\t\t<div class=\"col-inner\"  >\n\t\t\t\n\t\t\t\n\t<div id=\"gap-615432460\" class=\"gap-element clearfix\" style=\"display:block; height:auto;\">\n\t\t\n<style>\n#gap-615432460 {\n  padding-top: 30px;\n}\n<\/style>\n\t<\/div>\n\t\n<div class=\"is-divider divider clearfix\" ><\/div>\n<p><strong>\u00dcksikasjalikuma n\u00f5u saamiseks v\u00f5tke \u00fchendust:<br \/><\/strong>LOODUS INVEST AS<br \/>Viljandi mnt. 18a<br \/>11216<br \/>Tallinn<br \/>+372 6722144<\/p>\n<div class=\"is-divider divider clearfix\" ><\/div>\n\t\t<\/div>\n\t\t\t\t\t<\/div>\n\n\t\n<\/div>\n","protected":false},"excerpt":{"rendered":"","protected":false},"featured_media":54811,"comment_status":"closed","ping_status":"closed","template":"","meta":[],"product_brand":[],"product_cat":[2789,2788,3341,3360],"product_tag":[],"class_list":{"0":"post-53732","1":"product","2":"type-product","3":"status-publish","4":"has-post-thumbnail","6":"product_cat-aiatarbed","7":"product_cat-aiatarbed-ja-kodukaubad","8":"product_cat-aiatooriistad","9":"product_cat-hekikaarid","10":"pa_kaubamark-loodus-invest-as","12":"first","13":"instock","14":"sale","15":"taxable","16":"shipping-taxable","17":"purchasable","18":"product-type-simple"},"yoast_head":"<!-- This site is optimized with the Yoast SEO plugin v26.9 - https:\/\/yoast.com\/product\/yoast-seo-wordpress\/ -->\n<title>HEKIK\u00c4\u00c4RID FISKARS POWERLEVEL J\u00d5U\u00dcLEKANDEGA HS52 - Espak E-pood<\/title>\n<meta name=\"robots\" content=\"index, follow, max-snippet:-1, max-image-preview:large, max-video-preview:-1\" \/>\n<link rel=\"canonical\" href=\"https:\/\/espak.ee\/epood\/toode\/hekikaarid-fiskars-powerlevel-jouulekandega-hs52\/\" \/>\n<meta property=\"og:locale\" content=\"et_EE\" \/>\n<meta property=\"og:type\" content=\"article\" \/>\n<meta property=\"og:title\" content=\"HEKIK\u00c4\u00c4RID FISKARS POWERLEVEL J\u00d5U\u00dcLEKANDEGA HS52 - Espak E-pood\" \/>\n<meta property=\"og:url\" content=\"https:\/\/espak.ee\/epood\/toode\/hekikaarid-fiskars-powerlevel-jouulekandega-hs52\/\" \/>\n<meta property=\"og:site_name\" content=\"Espak E-pood\" \/>\n<meta property=\"article:modified_time\" content=\"2025-12-01T18:53:15+00:00\" \/>\n<meta property=\"og:image\" content=\"https:\/\/espak.ee\/epood\/wp-content\/uploads\/1001564_PowerLever_Hedge-Shear_588-cm-scaled.jpg\" \/>\n\t<meta property=\"og:image:width\" content=\"2048\" \/>\n\t<meta property=\"og:image:height\" content=\"2048\" \/>\n\t<meta property=\"og:image:type\" content=\"image\/jpeg\" \/>\n<meta name=\"twitter:card\" content=\"summary_large_image\" \/>\n<meta name=\"twitter:label1\" content=\"Est. reading time\" \/>\n\t<meta name=\"twitter:data1\" content=\"1 minut\" \/>\n<script type=\"application\/ld+json\" class=\"yoast-schema-graph\">{\"@context\":\"https:\/\/schema.org\",\"@graph\":[{\"@type\":\"WebPage\",\"@id\":\"https:\/\/espak.ee\/epood\/toode\/hekikaarid-fiskars-powerlevel-jouulekandega-hs52\/\",\"url\":\"https:\/\/espak.ee\/epood\/toode\/hekikaarid-fiskars-powerlevel-jouulekandega-hs52\/\",\"name\":\"HEKIK\u00c4\u00c4RID FISKARS POWERLEVEL J\u00d5U\u00dcLEKANDEGA HS52 - Espak E-pood\",\"isPartOf\":{\"@id\":\"https:\/\/espak.ee\/epood\/#website\"},\"primaryImageOfPage\":{\"@id\":\"https:\/\/espak.ee\/epood\/toode\/hekikaarid-fiskars-powerlevel-jouulekandega-hs52\/#primaryimage\"},\"image\":{\"@id\":\"https:\/\/espak.ee\/epood\/toode\/hekikaarid-fiskars-powerlevel-jouulekandega-hs52\/#primaryimage\"},\"thumbnailUrl\":\"https:\/\/espak.ee\/epood\/wp-content\/uploads\/1001564_PowerLever_Hedge-Shear_588-cm-scaled.jpg\",\"datePublished\":\"2020-12-16T06:46:57+00:00\",\"dateModified\":\"2025-12-01T18:53:15+00:00\",\"breadcrumb\":{\"@id\":\"https:\/\/espak.ee\/epood\/toode\/hekikaarid-fiskars-powerlevel-jouulekandega-hs52\/#breadcrumb\"},\"inLanguage\":\"et\",\"potentialAction\":[{\"@type\":\"ReadAction\",\"target\":[\"https:\/\/espak.ee\/epood\/toode\/hekikaarid-fiskars-powerlevel-jouulekandega-hs52\/\"]}]},{\"@type\":\"ImageObject\",\"inLanguage\":\"et\",\"@id\":\"https:\/\/espak.ee\/epood\/toode\/hekikaarid-fiskars-powerlevel-jouulekandega-hs52\/#primaryimage\",\"url\":\"https:\/\/espak.ee\/epood\/wp-content\/uploads\/1001564_PowerLever_Hedge-Shear_588-cm-scaled.jpg\",\"contentUrl\":\"https:\/\/espak.ee\/epood\/wp-content\/uploads\/1001564_PowerLever_Hedge-Shear_588-cm-scaled.jpg\",\"width\":2048,\"height\":2048,\"caption\":\"Eritt\u0160in kevyet ja tehokkaat Fiskars - pensassakset pensasaitojen ja pensaiden muotoiluun sek\u0160 leikkaamiseen. Ainutlaatuisen voimamekanismin ansiosta noin 2,5 kertaa tehokkaammat kuin perinteiset pensassakset Lis\u0160voima mahdollistaa leikkuun my\u0161s aivan terien k\u0160rjill\u0160. Tehokkaat ja eritt\u0160in kevyet sakset pensasaitojen siistimiseen ja pensaikon harventamiseen. Mitat: Kokonaispituus 565 mm, paino 630 g. Myyntier\u0160: 5 Ean: 6411501967503\"},{\"@type\":\"BreadcrumbList\",\"@id\":\"https:\/\/espak.ee\/epood\/toode\/hekikaarid-fiskars-powerlevel-jouulekandega-hs52\/#breadcrumb\",\"itemListElement\":[{\"@type\":\"ListItem\",\"position\":1,\"name\":\"Home\",\"item\":\"https:\/\/espak.ee\/epood\/\"},{\"@type\":\"ListItem\",\"position\":2,\"name\":\"Tootevalik\",\"item\":\"https:\/\/espak.ee\/epood\/tootevalik\/\"},{\"@type\":\"ListItem\",\"position\":3,\"name\":\"HEKIK\u00c4\u00c4RID FISKARS POWERLEVEL J\u00d5U\u00dcLEKANDEGA HS52\"}]},{\"@type\":\"WebSite\",\"@id\":\"https:\/\/espak.ee\/epood\/#website\",\"url\":\"https:\/\/espak.ee\/epood\/\",\"name\":\"Espak E-pood\",\"description\":\"\",\"potentialAction\":[{\"@type\":\"SearchAction\",\"target\":{\"@type\":\"EntryPoint\",\"urlTemplate\":\"https:\/\/espak.ee\/epood\/?s={search_term_string}\"},\"query-input\":{\"@type\":\"PropertyValueSpecification\",\"valueRequired\":true,\"valueName\":\"search_term_string\"}}],\"inLanguage\":\"et\"}]}<\/script>\n<!-- \/ Yoast SEO plugin. -->","yoast_head_json":{"title":"HEKIK\u00c4\u00c4RID FISKARS POWERLEVEL J\u00d5U\u00dcLEKANDEGA HS52 - Espak E-pood","robots":{"index":"index","follow":"follow","max-snippet":"max-snippet:-1","max-image-preview":"max-image-preview:large","max-video-preview":"max-video-preview:-1"},"canonical":"https:\/\/espak.ee\/epood\/toode\/hekikaarid-fiskars-powerlevel-jouulekandega-hs52\/","og_locale":"et_EE","og_type":"article","og_title":"HEKIK\u00c4\u00c4RID FISKARS POWERLEVEL J\u00d5U\u00dcLEKANDEGA HS52 - Espak E-pood","og_url":"https:\/\/espak.ee\/epood\/toode\/hekikaarid-fiskars-powerlevel-jouulekandega-hs52\/","og_site_name":"Espak E-pood","article_modified_time":"2025-12-01T18:53:15+00:00","og_image":[{"width":2048,"height":2048,"url":"https:\/\/espak.ee\/epood\/wp-content\/uploads\/1001564_PowerLever_Hedge-Shear_588-cm-scaled.jpg","type":"image\/jpeg"}],"twitter_card":"summary_large_image","twitter_misc":{"Est. reading time":"1 minut"},"schema":{"@context":"https:\/\/schema.org","@graph":[{"@type":"WebPage","@id":"https:\/\/espak.ee\/epood\/toode\/hekikaarid-fiskars-powerlevel-jouulekandega-hs52\/","url":"https:\/\/espak.ee\/epood\/toode\/hekikaarid-fiskars-powerlevel-jouulekandega-hs52\/","name":"HEKIK\u00c4\u00c4RID FISKARS POWERLEVEL J\u00d5U\u00dcLEKANDEGA HS52 - Espak E-pood","isPartOf":{"@id":"https:\/\/espak.ee\/epood\/#website"},"primaryImageOfPage":{"@id":"https:\/\/espak.ee\/epood\/toode\/hekikaarid-fiskars-powerlevel-jouulekandega-hs52\/#primaryimage"},"image":{"@id":"https:\/\/espak.ee\/epood\/toode\/hekikaarid-fiskars-powerlevel-jouulekandega-hs52\/#primaryimage"},"thumbnailUrl":"https:\/\/espak.ee\/epood\/wp-content\/uploads\/1001564_PowerLever_Hedge-Shear_588-cm-scaled.jpg","datePublished":"2020-12-16T06:46:57+00:00","dateModified":"2025-12-01T18:53:15+00:00","breadcrumb":{"@id":"https:\/\/espak.ee\/epood\/toode\/hekikaarid-fiskars-powerlevel-jouulekandega-hs52\/#breadcrumb"},"inLanguage":"et","potentialAction":[{"@type":"ReadAction","target":["https:\/\/espak.ee\/epood\/toode\/hekikaarid-fiskars-powerlevel-jouulekandega-hs52\/"]}]},{"@type":"ImageObject","inLanguage":"et","@id":"https:\/\/espak.ee\/epood\/toode\/hekikaarid-fiskars-powerlevel-jouulekandega-hs52\/#primaryimage","url":"https:\/\/espak.ee\/epood\/wp-content\/uploads\/1001564_PowerLever_Hedge-Shear_588-cm-scaled.jpg","contentUrl":"https:\/\/espak.ee\/epood\/wp-content\/uploads\/1001564_PowerLever_Hedge-Shear_588-cm-scaled.jpg","width":2048,"height":2048,"caption":"Eritt\u0160in kevyet ja tehokkaat Fiskars - pensassakset pensasaitojen ja pensaiden muotoiluun sek\u0160 leikkaamiseen. Ainutlaatuisen voimamekanismin ansiosta noin 2,5 kertaa tehokkaammat kuin perinteiset pensassakset Lis\u0160voima mahdollistaa leikkuun my\u0161s aivan terien k\u0160rjill\u0160. Tehokkaat ja eritt\u0160in kevyet sakset pensasaitojen siistimiseen ja pensaikon harventamiseen. Mitat: Kokonaispituus 565 mm, paino 630 g. Myyntier\u0160: 5 Ean: 6411501967503"},{"@type":"BreadcrumbList","@id":"https:\/\/espak.ee\/epood\/toode\/hekikaarid-fiskars-powerlevel-jouulekandega-hs52\/#breadcrumb","itemListElement":[{"@type":"ListItem","position":1,"name":"Home","item":"https:\/\/espak.ee\/epood\/"},{"@type":"ListItem","position":2,"name":"Tootevalik","item":"https:\/\/espak.ee\/epood\/tootevalik\/"},{"@type":"ListItem","position":3,"name":"HEKIK\u00c4\u00c4RID FISKARS POWERLEVEL J\u00d5U\u00dcLEKANDEGA HS52"}]},{"@type":"WebSite","@id":"https:\/\/espak.ee\/epood\/#website","url":"https:\/\/espak.ee\/epood\/","name":"Espak E-pood","description":"","potentialAction":[{"@type":"SearchAction","target":{"@type":"EntryPoint","urlTemplate":"https:\/\/espak.ee\/epood\/?s={search_term_string}"},"query-input":{"@type":"PropertyValueSpecification","valueRequired":true,"valueName":"search_term_string"}}],"inLanguage":"et"}]}},"_links":{"self":[{"href":"https:\/\/espak.ee\/epood\/wp-json\/wp\/v2\/product\/53732","targetHints":{"allow":["GET"]}}],"collection":[{"href":"https:\/\/espak.ee\/epood\/wp-json\/wp\/v2\/product"}],"about":[{"href":"https:\/\/espak.ee\/epood\/wp-json\/wp\/v2\/types\/product"}],"replies":[{"embeddable":true,"href":"https:\/\/espak.ee\/epood\/wp-json\/wp\/v2\/comments?post=53732"}],"wp:featuredmedia":[{"embeddable":true,"href":"https:\/\/espak.ee\/epood\/wp-json\/wp\/v2\/media\/54811"}],"wp:attachment":[{"href":"https:\/\/espak.ee\/epood\/wp-json\/wp\/v2\/media?parent=53732"}],"wp:term":[{"taxonomy":"product_brand","embeddable":true,"href":"https:\/\/espak.ee\/epood\/wp-json\/wp\/v2\/product_brand?post=53732"},{"taxonomy":"product_cat","embeddable":true,"href":"https:\/\/espak.ee\/epood\/wp-json\/wp\/v2\/product_cat?post=53732"},{"taxonomy":"product_tag","embeddable":true,"href":"https:\/\/espak.ee\/epood\/wp-json\/wp\/v2\/product_tag?post=53732"}],"curies":[{"name":"wp","href":"https:\/\/api.w.org\/{rel}","templated":true}]}}