{"id":52895,"date":"2020-12-10T06:37:13","date_gmt":"2020-12-10T06:37:13","guid":{"rendered":"https:\/\/espak.ee\/hinnakiri\/?post_type=product&#038;p=52895"},"modified":"2024-03-23T14:31:37","modified_gmt":"2024-03-23T12:31:37","slug":"led-prozektor-slim-50wpir-jaro","status":"publish","type":"product","link":"https:\/\/espak.ee\/epood\/toode\/led-prozektor-slim-50wpir-jaro\/","title":{"rendered":"LED PRO\u017dEKTOR BRENNENSTUHL SLIM 50W+PIR JARO"},"content":{"rendered":"<div class=\"row\"  id=\"row-2126872256\">\n\n\t<div id=\"col-478699377\" class=\"col medium-9 small-12 large-9\"  >\n\t\t\t\t<div class=\"col-inner\"  >\n\t\t\t\n\t\t\t\n<h2>LED pro\u017eektor<\/h2>\n\t<div id=\"gap-1009308847\" class=\"gap-element clearfix\" style=\"display:block; height:auto;\">\n\t\t\n<style>\n#gap-1009308847 {\n  padding-top: 30px;\n}\n<\/style>\n\t<\/div>\n\t\n<h3>Kasutamise \u00fcksikasjad<\/h3>\n<p><strong>Kirjeldus:<\/strong> LED valgustid ja kantavad t\u00f6\u00f6lambid: Maksimaalne valgustusv\u00f5imsus, Maksimaalne vastupidavus. T\u00e4nu uusimale valgustustehnoloogiale ja v\u00f5imsatele reflektoritele tagavad brennenstuhl\u00ae LED-valgustid optimaalse valgustuse t\u00e4isv\u00f5imsusel kohe algusest peale. Veelgi enam,LED-id kasutavad 80% v\u00e4hem energiat kui tavap\u00e4rased valgusallikad ja kestavad kuni 50 korda kauem. Nad on ka l\u00f6\u00f6gikindlad, vastupidavad vibratsioonile, ning v\u00e4ga tugevad. Uskumatult pikaajaline kasutusiga: integreeritud LED-i kasulik eluiga 50 000 h. Toodetele on lisatud k\u00f5rgkvaliteetsed tekstuursed pinnad ning varustatud alumiiniumkorpusega. Parim valgustus: kavalad disaini kujundused ja suure v\u00f5imsusega reflektorid tagavad valguse \u00fchtlase jaotamise. Lihtsa paigalduse t\u00f5ttu saab k\u00f5ik pro\u017eektorid ja valgusteid asetada soovitud kohale. Lihtsalt ohutu: madala soojuskiirgusega LED valgustid toovad meieni maksimaalse valgustugevuse mis muudab meie LED-valgusti ja lampide kasutuse ohutuks. Saadaval ka uues vormingus LED valgustid. Sise- ja v\u00e4listingimustes kasutatav IP 54, v\u00f5imsustega 20\/30\/50 W , millel on eriti lai valgustus, et valgustada v\u00f5imalikult suurt ala.<\/p>\n\t\t<\/div>\n\t\t\t\t\t<\/div>\n\n\t\n\n\t<div id=\"col-233021211\" class=\"col medium-3 small-12 large-3\"  >\n\t\t\t\t<div class=\"col-inner\"  >\n\t\t\t\n\t\t\t\n\t<div id=\"gap-1815831697\" class=\"gap-element clearfix\" style=\"display:block; height:auto;\">\n\t\t\n<style>\n#gap-1815831697 {\n  padding-top: 30px;\n}\n<\/style>\n\t<\/div>\n\t\n<div class=\"is-divider divider clearfix\" ><\/div>\n<p><strong>\u00dcksikasjalikuma n\u00f5u saamiseks v\u00f5tke \u00fchendust:<br \/><\/strong>INSTABALT EESTI<br \/>Kadaka tee 52d<br \/>12915<br \/>Tallinn<br \/>+372 4896544<\/p>\n<div class=\"is-divider divider clearfix\" ><\/div>\n\t\t<\/div>\n\t\t\t\t\t<\/div>\n\n\t\n<\/div>\n","protected":false},"excerpt":{"rendered":"","protected":false},"featured_media":60378,"comment_status":"closed","ping_status":"closed","template":"","meta":[],"product_brand":[],"product_cat":[2934,3309,2959,2968],"product_tag":[],"class_list":{"0":"post-52895","1":"product","2":"type-product","3":"status-publish","4":"has-post-thumbnail","6":"product_cat-elektrikaubad-ja-valgustid","7":"product_cat-prozektorid","8":"product_cat-valgustid","9":"product_cat-valisvalgustid","10":"pa_kaubamark-instabalt-eesti-ou","12":"first","13":"outofstock","14":"sale","15":"taxable","16":"shipping-taxable","17":"purchasable","18":"product-type-simple"},"yoast_head":"<!-- This site is optimized with the Yoast SEO plugin v26.9 - https:\/\/yoast.com\/product\/yoast-seo-wordpress\/ -->\n<title>LED PRO\u017dEKTOR BRENNENSTUHL SLIM 50W+PIR JARO - Espak E-pood<\/title>\n<meta name=\"robots\" content=\"index, follow, max-snippet:-1, max-image-preview:large, max-video-preview:-1\" \/>\n<link rel=\"canonical\" href=\"https:\/\/espak.ee\/epood\/toode\/led-prozektor-slim-50wpir-jaro\/\" \/>\n<meta property=\"og:locale\" content=\"et_EE\" \/>\n<meta property=\"og:type\" content=\"article\" \/>\n<meta property=\"og:title\" content=\"LED PRO\u017dEKTOR BRENNENSTUHL SLIM 50W+PIR JARO - Espak E-pood\" \/>\n<meta property=\"og:url\" content=\"https:\/\/espak.ee\/epood\/toode\/led-prozektor-slim-50wpir-jaro\/\" \/>\n<meta property=\"og:site_name\" content=\"Espak E-pood\" \/>\n<meta property=\"article:modified_time\" content=\"2024-03-23T12:31:37+00:00\" \/>\n<meta property=\"og:image\" content=\"https:\/\/espak.ee\/epood\/wp-content\/uploads\/4007123656356_1171250532.jpg\" \/>\n\t<meta property=\"og:image:width\" content=\"560\" \/>\n\t<meta property=\"og:image:height\" content=\"560\" \/>\n\t<meta property=\"og:image:type\" content=\"image\/jpeg\" \/>\n<meta name=\"twitter:card\" content=\"summary_large_image\" \/>\n<meta name=\"twitter:label1\" content=\"Est. reading time\" \/>\n\t<meta name=\"twitter:data1\" content=\"1 minut\" \/>\n<script type=\"application\/ld+json\" class=\"yoast-schema-graph\">{\"@context\":\"https:\/\/schema.org\",\"@graph\":[{\"@type\":\"WebPage\",\"@id\":\"https:\/\/espak.ee\/epood\/toode\/led-prozektor-slim-50wpir-jaro\/\",\"url\":\"https:\/\/espak.ee\/epood\/toode\/led-prozektor-slim-50wpir-jaro\/\",\"name\":\"LED PRO\u017dEKTOR BRENNENSTUHL SLIM 50W+PIR JARO - Espak E-pood\",\"isPartOf\":{\"@id\":\"https:\/\/espak.ee\/epood\/#website\"},\"primaryImageOfPage\":{\"@id\":\"https:\/\/espak.ee\/epood\/toode\/led-prozektor-slim-50wpir-jaro\/#primaryimage\"},\"image\":{\"@id\":\"https:\/\/espak.ee\/epood\/toode\/led-prozektor-slim-50wpir-jaro\/#primaryimage\"},\"thumbnailUrl\":\"https:\/\/espak.ee\/epood\/wp-content\/uploads\/4007123656356_1171250532.jpg\",\"datePublished\":\"2020-12-10T06:37:13+00:00\",\"dateModified\":\"2024-03-23T12:31:37+00:00\",\"breadcrumb\":{\"@id\":\"https:\/\/espak.ee\/epood\/toode\/led-prozektor-slim-50wpir-jaro\/#breadcrumb\"},\"inLanguage\":\"et\",\"potentialAction\":[{\"@type\":\"ReadAction\",\"target\":[\"https:\/\/espak.ee\/epood\/toode\/led-prozektor-slim-50wpir-jaro\/\"]}]},{\"@type\":\"ImageObject\",\"inLanguage\":\"et\",\"@id\":\"https:\/\/espak.ee\/epood\/toode\/led-prozektor-slim-50wpir-jaro\/#primaryimage\",\"url\":\"https:\/\/espak.ee\/epood\/wp-content\/uploads\/4007123656356_1171250532.jpg\",\"contentUrl\":\"https:\/\/espak.ee\/epood\/wp-content\/uploads\/4007123656356_1171250532.jpg\",\"width\":560,\"height\":560,\"caption\":\"CREATOR: gd-jpeg v1.0 (using IJG JPEG v62), quality = 80\"},{\"@type\":\"BreadcrumbList\",\"@id\":\"https:\/\/espak.ee\/epood\/toode\/led-prozektor-slim-50wpir-jaro\/#breadcrumb\",\"itemListElement\":[{\"@type\":\"ListItem\",\"position\":1,\"name\":\"Home\",\"item\":\"https:\/\/espak.ee\/epood\/\"},{\"@type\":\"ListItem\",\"position\":2,\"name\":\"Tootevalik\",\"item\":\"https:\/\/espak.ee\/epood\/tootevalik\/\"},{\"@type\":\"ListItem\",\"position\":3,\"name\":\"LED PRO\u017dEKTOR BRENNENSTUHL SLIM 50W+PIR JARO\"}]},{\"@type\":\"WebSite\",\"@id\":\"https:\/\/espak.ee\/epood\/#website\",\"url\":\"https:\/\/espak.ee\/epood\/\",\"name\":\"Espak E-pood\",\"description\":\"\",\"potentialAction\":[{\"@type\":\"SearchAction\",\"target\":{\"@type\":\"EntryPoint\",\"urlTemplate\":\"https:\/\/espak.ee\/epood\/?s={search_term_string}\"},\"query-input\":{\"@type\":\"PropertyValueSpecification\",\"valueRequired\":true,\"valueName\":\"search_term_string\"}}],\"inLanguage\":\"et\"}]}<\/script>\n<!-- \/ Yoast SEO plugin. -->","yoast_head_json":{"title":"LED PRO\u017dEKTOR BRENNENSTUHL SLIM 50W+PIR JARO - Espak E-pood","robots":{"index":"index","follow":"follow","max-snippet":"max-snippet:-1","max-image-preview":"max-image-preview:large","max-video-preview":"max-video-preview:-1"},"canonical":"https:\/\/espak.ee\/epood\/toode\/led-prozektor-slim-50wpir-jaro\/","og_locale":"et_EE","og_type":"article","og_title":"LED PRO\u017dEKTOR BRENNENSTUHL SLIM 50W+PIR JARO - Espak E-pood","og_url":"https:\/\/espak.ee\/epood\/toode\/led-prozektor-slim-50wpir-jaro\/","og_site_name":"Espak E-pood","article_modified_time":"2024-03-23T12:31:37+00:00","og_image":[{"width":560,"height":560,"url":"https:\/\/espak.ee\/epood\/wp-content\/uploads\/4007123656356_1171250532.jpg","type":"image\/jpeg"}],"twitter_card":"summary_large_image","twitter_misc":{"Est. reading time":"1 minut"},"schema":{"@context":"https:\/\/schema.org","@graph":[{"@type":"WebPage","@id":"https:\/\/espak.ee\/epood\/toode\/led-prozektor-slim-50wpir-jaro\/","url":"https:\/\/espak.ee\/epood\/toode\/led-prozektor-slim-50wpir-jaro\/","name":"LED PRO\u017dEKTOR BRENNENSTUHL SLIM 50W+PIR JARO - Espak E-pood","isPartOf":{"@id":"https:\/\/espak.ee\/epood\/#website"},"primaryImageOfPage":{"@id":"https:\/\/espak.ee\/epood\/toode\/led-prozektor-slim-50wpir-jaro\/#primaryimage"},"image":{"@id":"https:\/\/espak.ee\/epood\/toode\/led-prozektor-slim-50wpir-jaro\/#primaryimage"},"thumbnailUrl":"https:\/\/espak.ee\/epood\/wp-content\/uploads\/4007123656356_1171250532.jpg","datePublished":"2020-12-10T06:37:13+00:00","dateModified":"2024-03-23T12:31:37+00:00","breadcrumb":{"@id":"https:\/\/espak.ee\/epood\/toode\/led-prozektor-slim-50wpir-jaro\/#breadcrumb"},"inLanguage":"et","potentialAction":[{"@type":"ReadAction","target":["https:\/\/espak.ee\/epood\/toode\/led-prozektor-slim-50wpir-jaro\/"]}]},{"@type":"ImageObject","inLanguage":"et","@id":"https:\/\/espak.ee\/epood\/toode\/led-prozektor-slim-50wpir-jaro\/#primaryimage","url":"https:\/\/espak.ee\/epood\/wp-content\/uploads\/4007123656356_1171250532.jpg","contentUrl":"https:\/\/espak.ee\/epood\/wp-content\/uploads\/4007123656356_1171250532.jpg","width":560,"height":560,"caption":"CREATOR: gd-jpeg v1.0 (using IJG JPEG v62), quality = 80"},{"@type":"BreadcrumbList","@id":"https:\/\/espak.ee\/epood\/toode\/led-prozektor-slim-50wpir-jaro\/#breadcrumb","itemListElement":[{"@type":"ListItem","position":1,"name":"Home","item":"https:\/\/espak.ee\/epood\/"},{"@type":"ListItem","position":2,"name":"Tootevalik","item":"https:\/\/espak.ee\/epood\/tootevalik\/"},{"@type":"ListItem","position":3,"name":"LED PRO\u017dEKTOR BRENNENSTUHL SLIM 50W+PIR JARO"}]},{"@type":"WebSite","@id":"https:\/\/espak.ee\/epood\/#website","url":"https:\/\/espak.ee\/epood\/","name":"Espak E-pood","description":"","potentialAction":[{"@type":"SearchAction","target":{"@type":"EntryPoint","urlTemplate":"https:\/\/espak.ee\/epood\/?s={search_term_string}"},"query-input":{"@type":"PropertyValueSpecification","valueRequired":true,"valueName":"search_term_string"}}],"inLanguage":"et"}]}},"_links":{"self":[{"href":"https:\/\/espak.ee\/epood\/wp-json\/wp\/v2\/product\/52895","targetHints":{"allow":["GET"]}}],"collection":[{"href":"https:\/\/espak.ee\/epood\/wp-json\/wp\/v2\/product"}],"about":[{"href":"https:\/\/espak.ee\/epood\/wp-json\/wp\/v2\/types\/product"}],"replies":[{"embeddable":true,"href":"https:\/\/espak.ee\/epood\/wp-json\/wp\/v2\/comments?post=52895"}],"wp:featuredmedia":[{"embeddable":true,"href":"https:\/\/espak.ee\/epood\/wp-json\/wp\/v2\/media\/60378"}],"wp:attachment":[{"href":"https:\/\/espak.ee\/epood\/wp-json\/wp\/v2\/media?parent=52895"}],"wp:term":[{"taxonomy":"product_brand","embeddable":true,"href":"https:\/\/espak.ee\/epood\/wp-json\/wp\/v2\/product_brand?post=52895"},{"taxonomy":"product_cat","embeddable":true,"href":"https:\/\/espak.ee\/epood\/wp-json\/wp\/v2\/product_cat?post=52895"},{"taxonomy":"product_tag","embeddable":true,"href":"https:\/\/espak.ee\/epood\/wp-json\/wp\/v2\/product_tag?post=52895"}],"curies":[{"name":"wp","href":"https:\/\/api.w.org\/{rel}","templated":true}]}}