{"id":52873,"date":"2020-12-10T06:37:02","date_gmt":"2020-12-10T06:37:02","guid":{"rendered":"https:\/\/espak.ee\/hinnakiri\/?post_type=product&#038;p=52873"},"modified":"2024-03-23T14:31:42","modified_gmt":"2024-03-23T12:31:42","slug":"luliti-komplekt-3-pesaga-3ip20pult","status":"publish","type":"product","link":"https:\/\/espak.ee\/epood\/toode\/luliti-komplekt-3-pesaga-3ip20pult\/","title":{"rendered":"L\u00dcLITI KOMPLEKT 3 PESAGA 3*IP20+PULT"},"content":{"rendered":"<div class=\"row\"  id=\"row-1935893550\">\n\n\t<div id=\"col-1622015002\" class=\"col medium-9 small-12 large-9\"  >\n\t\t\t\t<div class=\"col-inner\"  >\n\t\t\t\n\t\t\t\n<h2>IP20 l\u00fcliti komplekt<\/h2>\n<p>Mugavaks sedamete juhtimiseks maksimaalse v\u00f5imsusega 1000W iga pistikupesa kohta.<\/p>\n\t<div id=\"gap-1162877558\" class=\"gap-element clearfix\" style=\"display:block; height:auto;\">\n\t\t\n<style>\n#gap-1162877558 {\n  padding-top: 30px;\n}\n<\/style>\n\t<\/div>\n\t\n<h3>Kasutamise \u00fcksikasjad<\/h3>\n<p><strong>Kirjeldus:<\/strong> Mugav v\u00f5imalus elektriseadmete sisse- ja v\u00e4ljal\u00fclitamiseks kaugjuhtimispuldi abil. \u00dchendage seade vastuv\u00f5tjaga pistikupessa ning seej\u00e4rel vooluv\u00f5rku. Sobib kasutamiseks erinevate elektriliste seadmete juhtimiseks mis asetsevad raskesti ligip\u00e4\u00e4setavates kohtades. Sobib inimestele kelledel on liikumisraskused. L\u00fclitus v\u00f5imsus 1000W. T\u00f6\u00f6raadius kuni 25m. S\u00f5ltub asukohast ruumis ning hoone ehitusmaterjalidest. Sagedus 433,92 MHz. 12V (patarei t\u00fc\u00fcp A23) kaugjuhtimispuldile. Lastekaitsega pistikupesad. Blisterpakendis.<\/p>\n\t\t<\/div>\n\t\t\t\t\t<\/div>\n\n\t\n\n\t<div id=\"col-139143062\" class=\"col medium-3 small-12 large-3\"  >\n\t\t\t\t<div class=\"col-inner\"  >\n\t\t\t\n\t\t\t\n\t<div id=\"gap-180612035\" class=\"gap-element clearfix\" style=\"display:block; height:auto;\">\n\t\t\n<style>\n#gap-180612035 {\n  padding-top: 30px;\n}\n<\/style>\n\t<\/div>\n\t\n<div class=\"is-divider divider clearfix\" ><\/div>\n<p><strong>\u00dcksikasjalikuma n\u00f5u saamiseks v\u00f5tke \u00fchendust:<br \/><\/strong>INSTABALT EESTI<br \/>Kadaka tee 52d<br \/>12915<br \/>Tallinn<br \/>+372 4896544<\/p>\n<div class=\"is-divider divider clearfix\" ><\/div>\n\t\t<\/div>\n\t\t\t\t\t<\/div>\n\n\t\n<\/div>\n","protected":false},"excerpt":{"rendered":"","protected":false},"featured_media":60356,"comment_status":"closed","ping_status":"closed","template":"","meta":[],"product_brand":[],"product_cat":[2935,2934,3225,3224],"product_tag":[],"class_list":{"0":"post-52873","1":"product","2":"type-product","3":"status-publish","4":"has-post-thumbnail","6":"product_cat-elektrikaubad","7":"product_cat-elektrikaubad-ja-valgustid","8":"product_cat-lulitid","9":"product_cat-lulitid-ja-pistikupesad","10":"pa_kaubamark-instabalt-eesti-ou","12":"first","13":"instock","14":"sale","15":"taxable","16":"shipping-taxable","17":"purchasable","18":"product-type-simple"},"yoast_head":"<!-- This site is optimized with the Yoast SEO plugin v26.9 - https:\/\/yoast.com\/product\/yoast-seo-wordpress\/ -->\n<title>L\u00dcLITI KOMPLEKT 3 PESAGA 3*IP20+PULT - Espak E-pood<\/title>\n<meta name=\"robots\" content=\"index, follow, max-snippet:-1, max-image-preview:large, max-video-preview:-1\" \/>\n<link rel=\"canonical\" href=\"https:\/\/espak.ee\/epood\/toode\/luliti-komplekt-3-pesaga-3ip20pult\/\" \/>\n<meta property=\"og:locale\" content=\"et_EE\" \/>\n<meta property=\"og:type\" content=\"article\" \/>\n<meta property=\"og:title\" content=\"L\u00dcLITI KOMPLEKT 3 PESAGA 3*IP20+PULT - Espak E-pood\" \/>\n<meta property=\"og:url\" content=\"https:\/\/espak.ee\/epood\/toode\/luliti-komplekt-3-pesaga-3ip20pult\/\" \/>\n<meta property=\"og:site_name\" content=\"Espak E-pood\" \/>\n<meta property=\"article:modified_time\" content=\"2024-03-23T12:31:42+00:00\" \/>\n<meta property=\"og:image\" content=\"https:\/\/espak.ee\/epood\/wp-content\/uploads\/4007123643554_1507040.jpg\" \/>\n\t<meta property=\"og:image:width\" content=\"560\" \/>\n\t<meta property=\"og:image:height\" content=\"560\" \/>\n\t<meta property=\"og:image:type\" content=\"image\/jpeg\" \/>\n<meta name=\"twitter:card\" content=\"summary_large_image\" \/>\n<meta name=\"twitter:label1\" content=\"Est. reading time\" \/>\n\t<meta name=\"twitter:data1\" content=\"1 minut\" \/>\n<script type=\"application\/ld+json\" class=\"yoast-schema-graph\">{\"@context\":\"https:\/\/schema.org\",\"@graph\":[{\"@type\":\"WebPage\",\"@id\":\"https:\/\/espak.ee\/epood\/toode\/luliti-komplekt-3-pesaga-3ip20pult\/\",\"url\":\"https:\/\/espak.ee\/epood\/toode\/luliti-komplekt-3-pesaga-3ip20pult\/\",\"name\":\"L\u00dcLITI KOMPLEKT 3 PESAGA 3*IP20+PULT - Espak E-pood\",\"isPartOf\":{\"@id\":\"https:\/\/espak.ee\/epood\/#website\"},\"primaryImageOfPage\":{\"@id\":\"https:\/\/espak.ee\/epood\/toode\/luliti-komplekt-3-pesaga-3ip20pult\/#primaryimage\"},\"image\":{\"@id\":\"https:\/\/espak.ee\/epood\/toode\/luliti-komplekt-3-pesaga-3ip20pult\/#primaryimage\"},\"thumbnailUrl\":\"https:\/\/espak.ee\/epood\/wp-content\/uploads\/4007123643554_1507040.jpg\",\"datePublished\":\"2020-12-10T06:37:02+00:00\",\"dateModified\":\"2024-03-23T12:31:42+00:00\",\"breadcrumb\":{\"@id\":\"https:\/\/espak.ee\/epood\/toode\/luliti-komplekt-3-pesaga-3ip20pult\/#breadcrumb\"},\"inLanguage\":\"et\",\"potentialAction\":[{\"@type\":\"ReadAction\",\"target\":[\"https:\/\/espak.ee\/epood\/toode\/luliti-komplekt-3-pesaga-3ip20pult\/\"]}]},{\"@type\":\"ImageObject\",\"inLanguage\":\"et\",\"@id\":\"https:\/\/espak.ee\/epood\/toode\/luliti-komplekt-3-pesaga-3ip20pult\/#primaryimage\",\"url\":\"https:\/\/espak.ee\/epood\/wp-content\/uploads\/4007123643554_1507040.jpg\",\"contentUrl\":\"https:\/\/espak.ee\/epood\/wp-content\/uploads\/4007123643554_1507040.jpg\",\"width\":560,\"height\":560,\"caption\":\"CREATOR: gd-jpeg v1.0 (using IJG JPEG v62), quality = 80\"},{\"@type\":\"BreadcrumbList\",\"@id\":\"https:\/\/espak.ee\/epood\/toode\/luliti-komplekt-3-pesaga-3ip20pult\/#breadcrumb\",\"itemListElement\":[{\"@type\":\"ListItem\",\"position\":1,\"name\":\"Home\",\"item\":\"https:\/\/espak.ee\/epood\/\"},{\"@type\":\"ListItem\",\"position\":2,\"name\":\"Tootevalik\",\"item\":\"https:\/\/espak.ee\/epood\/tootevalik\/\"},{\"@type\":\"ListItem\",\"position\":3,\"name\":\"L\u00dcLITI KOMPLEKT 3 PESAGA 3*IP20+PULT\"}]},{\"@type\":\"WebSite\",\"@id\":\"https:\/\/espak.ee\/epood\/#website\",\"url\":\"https:\/\/espak.ee\/epood\/\",\"name\":\"Espak E-pood\",\"description\":\"\",\"potentialAction\":[{\"@type\":\"SearchAction\",\"target\":{\"@type\":\"EntryPoint\",\"urlTemplate\":\"https:\/\/espak.ee\/epood\/?s={search_term_string}\"},\"query-input\":{\"@type\":\"PropertyValueSpecification\",\"valueRequired\":true,\"valueName\":\"search_term_string\"}}],\"inLanguage\":\"et\"}]}<\/script>\n<!-- \/ Yoast SEO plugin. -->","yoast_head_json":{"title":"L\u00dcLITI KOMPLEKT 3 PESAGA 3*IP20+PULT - Espak E-pood","robots":{"index":"index","follow":"follow","max-snippet":"max-snippet:-1","max-image-preview":"max-image-preview:large","max-video-preview":"max-video-preview:-1"},"canonical":"https:\/\/espak.ee\/epood\/toode\/luliti-komplekt-3-pesaga-3ip20pult\/","og_locale":"et_EE","og_type":"article","og_title":"L\u00dcLITI KOMPLEKT 3 PESAGA 3*IP20+PULT - Espak E-pood","og_url":"https:\/\/espak.ee\/epood\/toode\/luliti-komplekt-3-pesaga-3ip20pult\/","og_site_name":"Espak E-pood","article_modified_time":"2024-03-23T12:31:42+00:00","og_image":[{"width":560,"height":560,"url":"https:\/\/espak.ee\/epood\/wp-content\/uploads\/4007123643554_1507040.jpg","type":"image\/jpeg"}],"twitter_card":"summary_large_image","twitter_misc":{"Est. reading time":"1 minut"},"schema":{"@context":"https:\/\/schema.org","@graph":[{"@type":"WebPage","@id":"https:\/\/espak.ee\/epood\/toode\/luliti-komplekt-3-pesaga-3ip20pult\/","url":"https:\/\/espak.ee\/epood\/toode\/luliti-komplekt-3-pesaga-3ip20pult\/","name":"L\u00dcLITI KOMPLEKT 3 PESAGA 3*IP20+PULT - Espak E-pood","isPartOf":{"@id":"https:\/\/espak.ee\/epood\/#website"},"primaryImageOfPage":{"@id":"https:\/\/espak.ee\/epood\/toode\/luliti-komplekt-3-pesaga-3ip20pult\/#primaryimage"},"image":{"@id":"https:\/\/espak.ee\/epood\/toode\/luliti-komplekt-3-pesaga-3ip20pult\/#primaryimage"},"thumbnailUrl":"https:\/\/espak.ee\/epood\/wp-content\/uploads\/4007123643554_1507040.jpg","datePublished":"2020-12-10T06:37:02+00:00","dateModified":"2024-03-23T12:31:42+00:00","breadcrumb":{"@id":"https:\/\/espak.ee\/epood\/toode\/luliti-komplekt-3-pesaga-3ip20pult\/#breadcrumb"},"inLanguage":"et","potentialAction":[{"@type":"ReadAction","target":["https:\/\/espak.ee\/epood\/toode\/luliti-komplekt-3-pesaga-3ip20pult\/"]}]},{"@type":"ImageObject","inLanguage":"et","@id":"https:\/\/espak.ee\/epood\/toode\/luliti-komplekt-3-pesaga-3ip20pult\/#primaryimage","url":"https:\/\/espak.ee\/epood\/wp-content\/uploads\/4007123643554_1507040.jpg","contentUrl":"https:\/\/espak.ee\/epood\/wp-content\/uploads\/4007123643554_1507040.jpg","width":560,"height":560,"caption":"CREATOR: gd-jpeg v1.0 (using IJG JPEG v62), quality = 80"},{"@type":"BreadcrumbList","@id":"https:\/\/espak.ee\/epood\/toode\/luliti-komplekt-3-pesaga-3ip20pult\/#breadcrumb","itemListElement":[{"@type":"ListItem","position":1,"name":"Home","item":"https:\/\/espak.ee\/epood\/"},{"@type":"ListItem","position":2,"name":"Tootevalik","item":"https:\/\/espak.ee\/epood\/tootevalik\/"},{"@type":"ListItem","position":3,"name":"L\u00dcLITI KOMPLEKT 3 PESAGA 3*IP20+PULT"}]},{"@type":"WebSite","@id":"https:\/\/espak.ee\/epood\/#website","url":"https:\/\/espak.ee\/epood\/","name":"Espak E-pood","description":"","potentialAction":[{"@type":"SearchAction","target":{"@type":"EntryPoint","urlTemplate":"https:\/\/espak.ee\/epood\/?s={search_term_string}"},"query-input":{"@type":"PropertyValueSpecification","valueRequired":true,"valueName":"search_term_string"}}],"inLanguage":"et"}]}},"_links":{"self":[{"href":"https:\/\/espak.ee\/epood\/wp-json\/wp\/v2\/product\/52873","targetHints":{"allow":["GET"]}}],"collection":[{"href":"https:\/\/espak.ee\/epood\/wp-json\/wp\/v2\/product"}],"about":[{"href":"https:\/\/espak.ee\/epood\/wp-json\/wp\/v2\/types\/product"}],"replies":[{"embeddable":true,"href":"https:\/\/espak.ee\/epood\/wp-json\/wp\/v2\/comments?post=52873"}],"wp:featuredmedia":[{"embeddable":true,"href":"https:\/\/espak.ee\/epood\/wp-json\/wp\/v2\/media\/60356"}],"wp:attachment":[{"href":"https:\/\/espak.ee\/epood\/wp-json\/wp\/v2\/media?parent=52873"}],"wp:term":[{"taxonomy":"product_brand","embeddable":true,"href":"https:\/\/espak.ee\/epood\/wp-json\/wp\/v2\/product_brand?post=52873"},{"taxonomy":"product_cat","embeddable":true,"href":"https:\/\/espak.ee\/epood\/wp-json\/wp\/v2\/product_cat?post=52873"},{"taxonomy":"product_tag","embeddable":true,"href":"https:\/\/espak.ee\/epood\/wp-json\/wp\/v2\/product_tag?post=52873"}],"curies":[{"name":"wp","href":"https:\/\/api.w.org\/{rel}","templated":true}]}}