{"id":48597,"date":"2020-11-06T07:22:40","date_gmt":"2020-11-06T05:22:40","guid":{"rendered":"https:\/\/espak.ee\/hinnakiri\/?post_type=product&#038;p=48597"},"modified":"2026-04-02T10:19:56","modified_gmt":"2026-04-02T07:19:56","slug":"roosivaetis-1-kg-kilepakend","status":"publish","type":"product","link":"https:\/\/espak.ee\/epood\/toode\/roosivaetis-1-kg-kilepakend\/","title":{"rendered":"ROOSIV\u00c4ETIS BALTIC AGRO 1KG KILEKOTIS"},"content":{"rendered":"<div class=\"row\"  id=\"row-2133139565\">\n\n\t<div id=\"col-224680403\" class=\"col medium-9 small-12 large-9\"  >\n\t\t\t\t<div class=\"col-inner\"  >\n\t\t\t\n\t\t\t\n<p>Mikroelementidega kompleksv\u00e4etis erinevatele roosiliikidele.Kiirendab \u00f5itsemise algust, soodustab uute \u00f5iepungade moodustumist.V\u00e4etises sisalduv magneesium ja mikroelemendid tugevdavad taimi, tagavad optimaalse kasvu ja muudavad \u00f5iev\u00e4rvi kirkaks.Roosid \u00f5itsevad rikkalikult ja pikalt. V\u00e4etises sisalduv kaalium tugevdab taimi, muudab \u00f5ite l\u00f5hna intensiivsemaks ning suurendab taimede k\u00fclmakindlust ning vastupanuv\u00f5imet ebasoodsate kasvutingimuste ja haiguste suhtes. NORM 1 kg = 50 m2<\/p>\n<p>KASUTAMINE<br \/>\nV\u00e4etada 2 korda hooaja jooksul:<br \/>\nI v\u00e4etamine varakevadel (aprillis-mais), II v\u00e4etamine juunis-juulis. V\u00e4etis laotada \u00fcmber taime, segada mulda ja seej\u00e4rel kasta taimi.<\/p>\n<p>\u00dchele roositaimele puistata 30 g v\u00e4etist (u 1 peot\u00e4is).<\/p>\n<p>Alates augusti keskpaigast v\u00e4etage roose s\u00fcgisv\u00e4etisega.<\/p>\n<p>20\u201325 g = umbes pool peot\u00e4it.<br \/>\n40 g = umbes peot\u00e4is.<\/p>\n\t\t<\/div>\n\t\t\t\t\t<\/div>\n\n\t\n\n\t<div id=\"col-160050538\" class=\"col medium-3 small-12 large-3\"  >\n\t\t\t\t<div class=\"col-inner\"  >\n\t\t\t\n\t\t\t\n<p><strong>\u00dcksikasjalikuma n\u00f5u saamiseks v\u00f5tke \u00fchendust:<br \/><\/strong>Baltic Agro AS, Rukki tee 8, Lehmja k\u00fcla, Rae vald, Telefon +372 606 2260<\/p>\n\t\t<\/div>\n\t\t\t\t\t<\/div>\n\n\t\n<\/div>\n","protected":false},"excerpt":{"rendered":"","protected":false},"featured_media":61099,"comment_status":"closed","ping_status":"closed","template":"","meta":[],"product_brand":[],"product_cat":[2789,2788,2878,2877],"product_tag":[],"class_list":{"0":"post-48597","1":"product","2":"type-product","3":"status-publish","4":"has-post-thumbnail","6":"product_cat-aiatarbed","7":"product_cat-aiatarbed-ja-kodukaubad","8":"product_cat-aiavaetised","9":"product_cat-vaetised","10":"pa_kaubamark-baltic-agro-as","12":"first","13":"instock","14":"sale","15":"taxable","16":"shipping-taxable","17":"purchasable","18":"product-type-simple"},"yoast_head":"<!-- This site is optimized with the Yoast SEO plugin v26.9 - https:\/\/yoast.com\/product\/yoast-seo-wordpress\/ -->\n<title>ROOSIV\u00c4ETIS BALTIC AGRO 1KG KILEKOTIS - Espak E-pood<\/title>\n<meta name=\"robots\" content=\"index, follow, max-snippet:-1, max-image-preview:large, max-video-preview:-1\" \/>\n<link rel=\"canonical\" href=\"https:\/\/espak.ee\/epood\/toode\/roosivaetis-1-kg-kilepakend\/\" \/>\n<meta property=\"og:locale\" content=\"et_EE\" \/>\n<meta property=\"og:type\" content=\"article\" \/>\n<meta property=\"og:title\" content=\"ROOSIV\u00c4ETIS BALTIC AGRO 1KG KILEKOTIS - Espak E-pood\" \/>\n<meta property=\"og:url\" content=\"https:\/\/espak.ee\/epood\/toode\/roosivaetis-1-kg-kilepakend\/\" \/>\n<meta property=\"og:site_name\" content=\"Espak E-pood\" \/>\n<meta property=\"article:modified_time\" content=\"2026-04-02T07:19:56+00:00\" \/>\n<meta property=\"og:image\" content=\"https:\/\/espak.ee\/epood\/wp-content\/uploads\/4742604000784-1.jpg\" \/>\n\t<meta property=\"og:image:width\" content=\"2000\" \/>\n\t<meta property=\"og:image:height\" content=\"2000\" \/>\n\t<meta property=\"og:image:type\" content=\"image\/jpeg\" \/>\n<meta name=\"twitter:card\" content=\"summary_large_image\" \/>\n<meta name=\"twitter:label1\" content=\"Est. reading time\" \/>\n\t<meta name=\"twitter:data1\" content=\"1 minut\" \/>\n<script type=\"application\/ld+json\" class=\"yoast-schema-graph\">{\"@context\":\"https:\/\/schema.org\",\"@graph\":[{\"@type\":\"WebPage\",\"@id\":\"https:\/\/espak.ee\/epood\/toode\/roosivaetis-1-kg-kilepakend\/\",\"url\":\"https:\/\/espak.ee\/epood\/toode\/roosivaetis-1-kg-kilepakend\/\",\"name\":\"ROOSIV\u00c4ETIS BALTIC AGRO 1KG KILEKOTIS - Espak E-pood\",\"isPartOf\":{\"@id\":\"https:\/\/espak.ee\/epood\/#website\"},\"primaryImageOfPage\":{\"@id\":\"https:\/\/espak.ee\/epood\/toode\/roosivaetis-1-kg-kilepakend\/#primaryimage\"},\"image\":{\"@id\":\"https:\/\/espak.ee\/epood\/toode\/roosivaetis-1-kg-kilepakend\/#primaryimage\"},\"thumbnailUrl\":\"https:\/\/espak.ee\/epood\/wp-content\/uploads\/4742604000784-1.jpg\",\"datePublished\":\"2020-11-06T05:22:40+00:00\",\"dateModified\":\"2026-04-02T07:19:56+00:00\",\"breadcrumb\":{\"@id\":\"https:\/\/espak.ee\/epood\/toode\/roosivaetis-1-kg-kilepakend\/#breadcrumb\"},\"inLanguage\":\"et\",\"potentialAction\":[{\"@type\":\"ReadAction\",\"target\":[\"https:\/\/espak.ee\/epood\/toode\/roosivaetis-1-kg-kilepakend\/\"]}]},{\"@type\":\"ImageObject\",\"inLanguage\":\"et\",\"@id\":\"https:\/\/espak.ee\/epood\/toode\/roosivaetis-1-kg-kilepakend\/#primaryimage\",\"url\":\"https:\/\/espak.ee\/epood\/wp-content\/uploads\/4742604000784-1.jpg\",\"contentUrl\":\"https:\/\/espak.ee\/epood\/wp-content\/uploads\/4742604000784-1.jpg\",\"width\":2000,\"height\":2000},{\"@type\":\"BreadcrumbList\",\"@id\":\"https:\/\/espak.ee\/epood\/toode\/roosivaetis-1-kg-kilepakend\/#breadcrumb\",\"itemListElement\":[{\"@type\":\"ListItem\",\"position\":1,\"name\":\"Home\",\"item\":\"https:\/\/espak.ee\/epood\/\"},{\"@type\":\"ListItem\",\"position\":2,\"name\":\"Tootevalik\",\"item\":\"https:\/\/espak.ee\/epood\/tootevalik\/\"},{\"@type\":\"ListItem\",\"position\":3,\"name\":\"ROOSIV\u00c4ETIS BALTIC AGRO 1KG KILEKOTIS\"}]},{\"@type\":\"WebSite\",\"@id\":\"https:\/\/espak.ee\/epood\/#website\",\"url\":\"https:\/\/espak.ee\/epood\/\",\"name\":\"Espak E-pood\",\"description\":\"\",\"potentialAction\":[{\"@type\":\"SearchAction\",\"target\":{\"@type\":\"EntryPoint\",\"urlTemplate\":\"https:\/\/espak.ee\/epood\/?s={search_term_string}\"},\"query-input\":{\"@type\":\"PropertyValueSpecification\",\"valueRequired\":true,\"valueName\":\"search_term_string\"}}],\"inLanguage\":\"et\"}]}<\/script>\n<!-- \/ Yoast SEO plugin. -->","yoast_head_json":{"title":"ROOSIV\u00c4ETIS BALTIC AGRO 1KG KILEKOTIS - Espak E-pood","robots":{"index":"index","follow":"follow","max-snippet":"max-snippet:-1","max-image-preview":"max-image-preview:large","max-video-preview":"max-video-preview:-1"},"canonical":"https:\/\/espak.ee\/epood\/toode\/roosivaetis-1-kg-kilepakend\/","og_locale":"et_EE","og_type":"article","og_title":"ROOSIV\u00c4ETIS BALTIC AGRO 1KG KILEKOTIS - Espak E-pood","og_url":"https:\/\/espak.ee\/epood\/toode\/roosivaetis-1-kg-kilepakend\/","og_site_name":"Espak E-pood","article_modified_time":"2026-04-02T07:19:56+00:00","og_image":[{"width":2000,"height":2000,"url":"https:\/\/espak.ee\/epood\/wp-content\/uploads\/4742604000784-1.jpg","type":"image\/jpeg"}],"twitter_card":"summary_large_image","twitter_misc":{"Est. reading time":"1 minut"},"schema":{"@context":"https:\/\/schema.org","@graph":[{"@type":"WebPage","@id":"https:\/\/espak.ee\/epood\/toode\/roosivaetis-1-kg-kilepakend\/","url":"https:\/\/espak.ee\/epood\/toode\/roosivaetis-1-kg-kilepakend\/","name":"ROOSIV\u00c4ETIS BALTIC AGRO 1KG KILEKOTIS - Espak E-pood","isPartOf":{"@id":"https:\/\/espak.ee\/epood\/#website"},"primaryImageOfPage":{"@id":"https:\/\/espak.ee\/epood\/toode\/roosivaetis-1-kg-kilepakend\/#primaryimage"},"image":{"@id":"https:\/\/espak.ee\/epood\/toode\/roosivaetis-1-kg-kilepakend\/#primaryimage"},"thumbnailUrl":"https:\/\/espak.ee\/epood\/wp-content\/uploads\/4742604000784-1.jpg","datePublished":"2020-11-06T05:22:40+00:00","dateModified":"2026-04-02T07:19:56+00:00","breadcrumb":{"@id":"https:\/\/espak.ee\/epood\/toode\/roosivaetis-1-kg-kilepakend\/#breadcrumb"},"inLanguage":"et","potentialAction":[{"@type":"ReadAction","target":["https:\/\/espak.ee\/epood\/toode\/roosivaetis-1-kg-kilepakend\/"]}]},{"@type":"ImageObject","inLanguage":"et","@id":"https:\/\/espak.ee\/epood\/toode\/roosivaetis-1-kg-kilepakend\/#primaryimage","url":"https:\/\/espak.ee\/epood\/wp-content\/uploads\/4742604000784-1.jpg","contentUrl":"https:\/\/espak.ee\/epood\/wp-content\/uploads\/4742604000784-1.jpg","width":2000,"height":2000},{"@type":"BreadcrumbList","@id":"https:\/\/espak.ee\/epood\/toode\/roosivaetis-1-kg-kilepakend\/#breadcrumb","itemListElement":[{"@type":"ListItem","position":1,"name":"Home","item":"https:\/\/espak.ee\/epood\/"},{"@type":"ListItem","position":2,"name":"Tootevalik","item":"https:\/\/espak.ee\/epood\/tootevalik\/"},{"@type":"ListItem","position":3,"name":"ROOSIV\u00c4ETIS BALTIC AGRO 1KG KILEKOTIS"}]},{"@type":"WebSite","@id":"https:\/\/espak.ee\/epood\/#website","url":"https:\/\/espak.ee\/epood\/","name":"Espak E-pood","description":"","potentialAction":[{"@type":"SearchAction","target":{"@type":"EntryPoint","urlTemplate":"https:\/\/espak.ee\/epood\/?s={search_term_string}"},"query-input":{"@type":"PropertyValueSpecification","valueRequired":true,"valueName":"search_term_string"}}],"inLanguage":"et"}]}},"_links":{"self":[{"href":"https:\/\/espak.ee\/epood\/wp-json\/wp\/v2\/product\/48597","targetHints":{"allow":["GET"]}}],"collection":[{"href":"https:\/\/espak.ee\/epood\/wp-json\/wp\/v2\/product"}],"about":[{"href":"https:\/\/espak.ee\/epood\/wp-json\/wp\/v2\/types\/product"}],"replies":[{"embeddable":true,"href":"https:\/\/espak.ee\/epood\/wp-json\/wp\/v2\/comments?post=48597"}],"wp:featuredmedia":[{"embeddable":true,"href":"https:\/\/espak.ee\/epood\/wp-json\/wp\/v2\/media\/61099"}],"wp:attachment":[{"href":"https:\/\/espak.ee\/epood\/wp-json\/wp\/v2\/media?parent=48597"}],"wp:term":[{"taxonomy":"product_brand","embeddable":true,"href":"https:\/\/espak.ee\/epood\/wp-json\/wp\/v2\/product_brand?post=48597"},{"taxonomy":"product_cat","embeddable":true,"href":"https:\/\/espak.ee\/epood\/wp-json\/wp\/v2\/product_cat?post=48597"},{"taxonomy":"product_tag","embeddable":true,"href":"https:\/\/espak.ee\/epood\/wp-json\/wp\/v2\/product_tag?post=48597"}],"curies":[{"name":"wp","href":"https:\/\/api.w.org\/{rel}","templated":true}]}}