{"id":47026,"date":"2020-10-20T07:16:12","date_gmt":"2020-10-20T04:16:12","guid":{"rendered":"https:\/\/espak.ee\/hinnakiri\/?post_type=product&#038;p=47026"},"modified":"2025-05-18T18:50:03","modified_gmt":"2025-05-18T15:50:03","slug":"umbrohujuurija-premium","status":"publish","type":"product","link":"https:\/\/espak.ee\/epood\/toode\/umbrohujuurija-premium\/","title":{"rendered":"UMBROHUJUURIJA PREMIUM"},"content":{"rendered":"<p>H\u00fcvasti t\u00f5rksad v\u00f5ilille ja takjate juured. Aeduri metallist Premium sarja umbrohujuurijaga saate vastu ka k\u00f5ige tugevamatele juurtele. Umbrohujuurijal on kummist libisemiskindel k\u00e4epide, mis t\u00f6\u00f6tamise mugavaks ja lihtsaks.<\/p>\n","protected":false},"excerpt":{"rendered":"<p>H\u00fcvasti t\u00f5rksad v\u00f5ilille ja takjate juured. Aeduri metallist Premium sarja umbrohujuurijaga saate vastu ka k\u00f5ige tugevamatele juurtele. Umbrohujuurijal on kummist libisemiskindel k\u00e4epide, mis t\u00f6\u00f6tamise mugavaks ja lihtsaks.<\/p>\n","protected":false},"featured_media":47294,"comment_status":"closed","ping_status":"open","template":"","meta":[],"product_brand":[],"product_cat":[2789,2788,3341,3362],"product_tag":[],"class_list":{"0":"post-47026","1":"product","2":"type-product","3":"status-publish","4":"has-post-thumbnail","6":"product_cat-aiatarbed","7":"product_cat-aiatarbed-ja-kodukaubad","8":"product_cat-aiatooriistad","9":"product_cat-vaiketooriistad-aeda","10":"pa_kaubamark-aquacraft-industry-ltd","12":"first","13":"instock","14":"sale","15":"taxable","16":"shipping-taxable","17":"purchasable","18":"product-type-simple"},"yoast_head":"<!-- This site is optimized with the Yoast SEO plugin v26.9 - https:\/\/yoast.com\/product\/yoast-seo-wordpress\/ -->\n<title>UMBROHUJUURIJA PREMIUM - Espak E-pood<\/title>\n<meta name=\"robots\" content=\"index, follow, max-snippet:-1, max-image-preview:large, max-video-preview:-1\" \/>\n<link rel=\"canonical\" href=\"https:\/\/espak.ee\/epood\/toode\/umbrohujuurija-premium\/\" \/>\n<meta property=\"og:locale\" content=\"et_EE\" \/>\n<meta property=\"og:type\" content=\"article\" \/>\n<meta property=\"og:title\" content=\"UMBROHUJUURIJA PREMIUM - Espak E-pood\" \/>\n<meta property=\"og:description\" content=\"H\u00fcvasti t\u00f5rksad v\u00f5ilille ja takjate juured. Aeduri metallist Premium sarja umbrohujuurijaga saate vastu ka k\u00f5ige tugevamatele juurtele. Umbrohujuurijal on kummist libisemiskindel k\u00e4epide, mis t\u00f6\u00f6tamise mugavaks ja lihtsaks.\" \/>\n<meta property=\"og:url\" content=\"https:\/\/espak.ee\/epood\/toode\/umbrohujuurija-premium\/\" \/>\n<meta property=\"og:site_name\" content=\"Espak E-pood\" \/>\n<meta property=\"article:modified_time\" content=\"2025-05-18T15:50:03+00:00\" \/>\n<meta property=\"og:image\" content=\"https:\/\/espak.ee\/epood\/wp-content\/uploads\/A380791.jpg\" \/>\n\t<meta property=\"og:image:width\" content=\"1000\" \/>\n\t<meta property=\"og:image:height\" content=\"1000\" \/>\n\t<meta property=\"og:image:type\" content=\"image\/jpeg\" \/>\n<meta name=\"twitter:card\" content=\"summary_large_image\" \/>\n<script type=\"application\/ld+json\" class=\"yoast-schema-graph\">{\"@context\":\"https:\/\/schema.org\",\"@graph\":[{\"@type\":\"WebPage\",\"@id\":\"https:\/\/espak.ee\/epood\/toode\/umbrohujuurija-premium\/\",\"url\":\"https:\/\/espak.ee\/epood\/toode\/umbrohujuurija-premium\/\",\"name\":\"UMBROHUJUURIJA PREMIUM - Espak E-pood\",\"isPartOf\":{\"@id\":\"https:\/\/espak.ee\/epood\/#website\"},\"primaryImageOfPage\":{\"@id\":\"https:\/\/espak.ee\/epood\/toode\/umbrohujuurija-premium\/#primaryimage\"},\"image\":{\"@id\":\"https:\/\/espak.ee\/epood\/toode\/umbrohujuurija-premium\/#primaryimage\"},\"thumbnailUrl\":\"https:\/\/espak.ee\/epood\/wp-content\/uploads\/A380791.jpg\",\"datePublished\":\"2020-10-20T04:16:12+00:00\",\"dateModified\":\"2025-05-18T15:50:03+00:00\",\"breadcrumb\":{\"@id\":\"https:\/\/espak.ee\/epood\/toode\/umbrohujuurija-premium\/#breadcrumb\"},\"inLanguage\":\"et\",\"potentialAction\":[{\"@type\":\"ReadAction\",\"target\":[\"https:\/\/espak.ee\/epood\/toode\/umbrohujuurija-premium\/\"]}]},{\"@type\":\"ImageObject\",\"inLanguage\":\"et\",\"@id\":\"https:\/\/espak.ee\/epood\/toode\/umbrohujuurija-premium\/#primaryimage\",\"url\":\"https:\/\/espak.ee\/epood\/wp-content\/uploads\/A380791.jpg\",\"contentUrl\":\"https:\/\/espak.ee\/epood\/wp-content\/uploads\/A380791.jpg\",\"width\":1000,\"height\":1000},{\"@type\":\"BreadcrumbList\",\"@id\":\"https:\/\/espak.ee\/epood\/toode\/umbrohujuurija-premium\/#breadcrumb\",\"itemListElement\":[{\"@type\":\"ListItem\",\"position\":1,\"name\":\"Home\",\"item\":\"https:\/\/espak.ee\/epood\/\"},{\"@type\":\"ListItem\",\"position\":2,\"name\":\"Tootevalik\",\"item\":\"https:\/\/espak.ee\/epood\/tootevalik\/\"},{\"@type\":\"ListItem\",\"position\":3,\"name\":\"UMBROHUJUURIJA PREMIUM\"}]},{\"@type\":\"WebSite\",\"@id\":\"https:\/\/espak.ee\/epood\/#website\",\"url\":\"https:\/\/espak.ee\/epood\/\",\"name\":\"Espak E-pood\",\"description\":\"\",\"potentialAction\":[{\"@type\":\"SearchAction\",\"target\":{\"@type\":\"EntryPoint\",\"urlTemplate\":\"https:\/\/espak.ee\/epood\/?s={search_term_string}\"},\"query-input\":{\"@type\":\"PropertyValueSpecification\",\"valueRequired\":true,\"valueName\":\"search_term_string\"}}],\"inLanguage\":\"et\"}]}<\/script>\n<!-- \/ Yoast SEO plugin. -->","yoast_head_json":{"title":"UMBROHUJUURIJA PREMIUM - Espak E-pood","robots":{"index":"index","follow":"follow","max-snippet":"max-snippet:-1","max-image-preview":"max-image-preview:large","max-video-preview":"max-video-preview:-1"},"canonical":"https:\/\/espak.ee\/epood\/toode\/umbrohujuurija-premium\/","og_locale":"et_EE","og_type":"article","og_title":"UMBROHUJUURIJA PREMIUM - Espak E-pood","og_description":"H\u00fcvasti t\u00f5rksad v\u00f5ilille ja takjate juured. Aeduri metallist Premium sarja umbrohujuurijaga saate vastu ka k\u00f5ige tugevamatele juurtele. Umbrohujuurijal on kummist libisemiskindel k\u00e4epide, mis t\u00f6\u00f6tamise mugavaks ja lihtsaks.","og_url":"https:\/\/espak.ee\/epood\/toode\/umbrohujuurija-premium\/","og_site_name":"Espak E-pood","article_modified_time":"2025-05-18T15:50:03+00:00","og_image":[{"width":1000,"height":1000,"url":"https:\/\/espak.ee\/epood\/wp-content\/uploads\/A380791.jpg","type":"image\/jpeg"}],"twitter_card":"summary_large_image","schema":{"@context":"https:\/\/schema.org","@graph":[{"@type":"WebPage","@id":"https:\/\/espak.ee\/epood\/toode\/umbrohujuurija-premium\/","url":"https:\/\/espak.ee\/epood\/toode\/umbrohujuurija-premium\/","name":"UMBROHUJUURIJA PREMIUM - Espak E-pood","isPartOf":{"@id":"https:\/\/espak.ee\/epood\/#website"},"primaryImageOfPage":{"@id":"https:\/\/espak.ee\/epood\/toode\/umbrohujuurija-premium\/#primaryimage"},"image":{"@id":"https:\/\/espak.ee\/epood\/toode\/umbrohujuurija-premium\/#primaryimage"},"thumbnailUrl":"https:\/\/espak.ee\/epood\/wp-content\/uploads\/A380791.jpg","datePublished":"2020-10-20T04:16:12+00:00","dateModified":"2025-05-18T15:50:03+00:00","breadcrumb":{"@id":"https:\/\/espak.ee\/epood\/toode\/umbrohujuurija-premium\/#breadcrumb"},"inLanguage":"et","potentialAction":[{"@type":"ReadAction","target":["https:\/\/espak.ee\/epood\/toode\/umbrohujuurija-premium\/"]}]},{"@type":"ImageObject","inLanguage":"et","@id":"https:\/\/espak.ee\/epood\/toode\/umbrohujuurija-premium\/#primaryimage","url":"https:\/\/espak.ee\/epood\/wp-content\/uploads\/A380791.jpg","contentUrl":"https:\/\/espak.ee\/epood\/wp-content\/uploads\/A380791.jpg","width":1000,"height":1000},{"@type":"BreadcrumbList","@id":"https:\/\/espak.ee\/epood\/toode\/umbrohujuurija-premium\/#breadcrumb","itemListElement":[{"@type":"ListItem","position":1,"name":"Home","item":"https:\/\/espak.ee\/epood\/"},{"@type":"ListItem","position":2,"name":"Tootevalik","item":"https:\/\/espak.ee\/epood\/tootevalik\/"},{"@type":"ListItem","position":3,"name":"UMBROHUJUURIJA PREMIUM"}]},{"@type":"WebSite","@id":"https:\/\/espak.ee\/epood\/#website","url":"https:\/\/espak.ee\/epood\/","name":"Espak E-pood","description":"","potentialAction":[{"@type":"SearchAction","target":{"@type":"EntryPoint","urlTemplate":"https:\/\/espak.ee\/epood\/?s={search_term_string}"},"query-input":{"@type":"PropertyValueSpecification","valueRequired":true,"valueName":"search_term_string"}}],"inLanguage":"et"}]}},"_links":{"self":[{"href":"https:\/\/espak.ee\/epood\/wp-json\/wp\/v2\/product\/47026","targetHints":{"allow":["GET"]}}],"collection":[{"href":"https:\/\/espak.ee\/epood\/wp-json\/wp\/v2\/product"}],"about":[{"href":"https:\/\/espak.ee\/epood\/wp-json\/wp\/v2\/types\/product"}],"replies":[{"embeddable":true,"href":"https:\/\/espak.ee\/epood\/wp-json\/wp\/v2\/comments?post=47026"}],"wp:featuredmedia":[{"embeddable":true,"href":"https:\/\/espak.ee\/epood\/wp-json\/wp\/v2\/media\/47294"}],"wp:attachment":[{"href":"https:\/\/espak.ee\/epood\/wp-json\/wp\/v2\/media?parent=47026"}],"wp:term":[{"taxonomy":"product_brand","embeddable":true,"href":"https:\/\/espak.ee\/epood\/wp-json\/wp\/v2\/product_brand?post=47026"},{"taxonomy":"product_cat","embeddable":true,"href":"https:\/\/espak.ee\/epood\/wp-json\/wp\/v2\/product_cat?post=47026"},{"taxonomy":"product_tag","embeddable":true,"href":"https:\/\/espak.ee\/epood\/wp-json\/wp\/v2\/product_tag?post=47026"}],"curies":[{"name":"wp","href":"https:\/\/api.w.org\/{rel}","templated":true}]}}