{"id":42882,"date":"2020-09-25T07:21:53","date_gmt":"2020-09-25T04:21:53","guid":{"rendered":"https:\/\/espak.ee\/hinnakiri\/?post_type=product&#038;p=42882"},"modified":"2024-03-23T14:55:40","modified_gmt":"2024-03-23T12:55:40","slug":"sidumisvoo-1m-2tk-psv0251kp","status":"publish","type":"product","link":"https:\/\/espak.ee\/epood\/toode\/sidumisvoo-1m-2tk-psv0251kp\/","title":{"rendered":"SIDUMISV\u00d6\u00d6 1M \/ 2TK"},"content":{"rendered":"<div class=\"row\"  id=\"row-1495889834\">\n\n\t<div id=\"col-1190413806\" class=\"col medium-9 small-12 large-9\"  >\n\t\t\t\t<div class=\"col-inner\"  >\n\t\t\t\n\t\t\t\n<h3>Sidumisv\u00f6\u00f6 Powertex 1m 2tk\/pk<\/h3>\n<p> <strong>\u00dcldinfo:<\/strong> Pannalv\u00f6\u00f6d on kiire ja mugav vahend kergemate koormuste sidumiseks ja kinnitamiseks. Lint on 100% pol\u00fcester ning 25mm lindile on saadaval kahe eri tugevusega pandlad. Enimm\u00fc\u00fcdud on 250kg pandlaga kinnitusrihmad aga vajadusel saab kasutada ka 500kg pandlaid. Lisaks standardpikkusele ja standardv\u00e4rvile toodame pannalv\u00f6id vastavalt soovitud pikkusele ja v\u00e4rvile kusjuures, l\u00fchikese tarneajaga on saadaval j\u00e4rgmise v\u00e4rviga lindid: valge, must, sinine, roheline, military green, kolland, oran\u017e, punane.<\/p>\n<p><strong>M\u00e4rgistus:<\/strong> Vastavalt standardile, : Tellimusel on v\u00f5imalik valmistada ka pol\u00fcprop\u00fcleen lindist pannalv\u00f6id, kus lindi sisse on kootud tekst v\u00f5i lihtsam logo.<br \/>\n<strong>Standard:<\/strong> EN 12195-2<\/p>\n<p><strong>Lindi laius:<\/strong> 25 mm.<br \/>\n<strong>V\u00e4rvus: <\/strong>Punane.<br \/>\n<strong>2xLC daN: <\/strong> 250.<br \/>\n<strong>Pikkus m:<\/strong> 1.<\/p>\n\t\t<\/div>\n\t\t\t\t\t<\/div>\n\n\t\n\n\t<div id=\"col-2145985748\" class=\"col medium-3 small-12 large-3\"  >\n\t\t\t\t<div class=\"col-inner\"  >\n\t\t\t\n\t\t\t\n<div class=\"is-divider divider clearfix\" ><\/div>\n<p><strong>\u00dcksikasjalikuma n\u00f5u saamiseks v\u00f5tke \u00fchendust:<br \/><\/strong>Certex Eesti O\u00dc<br \/>V\u00e4ike-Paala 2\/1<br \/>11415<br \/>Tallinn<br \/>+372 6062 599<\/p>\n\t\t<\/div>\n\t\t\t\t\t<\/div>\n\n\t\n<\/div>\n","protected":false},"excerpt":{"rendered":"","protected":false},"featured_media":153309,"comment_status":"closed","ping_status":"closed","template":"","meta":[],"product_brand":[],"product_cat":[2917,2981,2893,3300],"product_tag":[],"class_list":{"0":"post-42882","1":"product","2":"type-product","3":"status-publish","4":"has-post-thumbnail","6":"product_cat-kinnitustarvikud","7":"product_cat-koormarihmad-ja-vood","8":"product_cat-rauakaubad","9":"product_cat-sidumisvood","10":"pa_kaubamark-certex-eesti-ou","12":"first","13":"instock","14":"sale","15":"taxable","16":"shipping-taxable","17":"purchasable","18":"product-type-simple"},"yoast_head":"<!-- This site is optimized with the Yoast SEO plugin v26.9 - https:\/\/yoast.com\/product\/yoast-seo-wordpress\/ -->\n<title>SIDUMISV\u00d6\u00d6 1M \/ 2TK - Espak E-pood<\/title>\n<meta name=\"robots\" content=\"index, follow, max-snippet:-1, max-image-preview:large, max-video-preview:-1\" \/>\n<link rel=\"canonical\" href=\"https:\/\/espak.ee\/epood\/toode\/sidumisvoo-1m-2tk-psv0251kp\/\" \/>\n<meta property=\"og:locale\" content=\"et_EE\" \/>\n<meta property=\"og:type\" content=\"article\" \/>\n<meta property=\"og:title\" content=\"SIDUMISV\u00d6\u00d6 1M \/ 2TK - Espak E-pood\" \/>\n<meta property=\"og:url\" content=\"https:\/\/espak.ee\/epood\/toode\/sidumisvoo-1m-2tk-psv0251kp\/\" \/>\n<meta property=\"og:site_name\" content=\"Espak E-pood\" \/>\n<meta property=\"article:modified_time\" content=\"2024-03-23T12:55:40+00:00\" \/>\n<meta property=\"og:image\" content=\"https:\/\/espak.ee\/epood\/wp-content\/uploads\/2020\/09\/130310060_2.jpg\" \/>\n\t<meta property=\"og:image:width\" content=\"1000\" \/>\n\t<meta property=\"og:image:height\" content=\"1000\" \/>\n\t<meta property=\"og:image:type\" content=\"image\/jpeg\" \/>\n<meta name=\"twitter:card\" content=\"summary_large_image\" \/>\n<meta name=\"twitter:label1\" content=\"Est. reading time\" \/>\n\t<meta name=\"twitter:data1\" content=\"1 minut\" \/>\n<script type=\"application\/ld+json\" class=\"yoast-schema-graph\">{\"@context\":\"https:\/\/schema.org\",\"@graph\":[{\"@type\":\"WebPage\",\"@id\":\"https:\/\/espak.ee\/epood\/toode\/sidumisvoo-1m-2tk-psv0251kp\/\",\"url\":\"https:\/\/espak.ee\/epood\/toode\/sidumisvoo-1m-2tk-psv0251kp\/\",\"name\":\"SIDUMISV\u00d6\u00d6 1M \/ 2TK - Espak E-pood\",\"isPartOf\":{\"@id\":\"https:\/\/espak.ee\/epood\/#website\"},\"primaryImageOfPage\":{\"@id\":\"https:\/\/espak.ee\/epood\/toode\/sidumisvoo-1m-2tk-psv0251kp\/#primaryimage\"},\"image\":{\"@id\":\"https:\/\/espak.ee\/epood\/toode\/sidumisvoo-1m-2tk-psv0251kp\/#primaryimage\"},\"thumbnailUrl\":\"https:\/\/espak.ee\/epood\/wp-content\/uploads\/2020\/09\/130310060_2.jpg\",\"datePublished\":\"2020-09-25T04:21:53+00:00\",\"dateModified\":\"2024-03-23T12:55:40+00:00\",\"breadcrumb\":{\"@id\":\"https:\/\/espak.ee\/epood\/toode\/sidumisvoo-1m-2tk-psv0251kp\/#breadcrumb\"},\"inLanguage\":\"et\",\"potentialAction\":[{\"@type\":\"ReadAction\",\"target\":[\"https:\/\/espak.ee\/epood\/toode\/sidumisvoo-1m-2tk-psv0251kp\/\"]}]},{\"@type\":\"ImageObject\",\"inLanguage\":\"et\",\"@id\":\"https:\/\/espak.ee\/epood\/toode\/sidumisvoo-1m-2tk-psv0251kp\/#primaryimage\",\"url\":\"https:\/\/espak.ee\/epood\/wp-content\/uploads\/2020\/09\/130310060_2.jpg\",\"contentUrl\":\"https:\/\/espak.ee\/epood\/wp-content\/uploads\/2020\/09\/130310060_2.jpg\",\"width\":1000,\"height\":1000},{\"@type\":\"BreadcrumbList\",\"@id\":\"https:\/\/espak.ee\/epood\/toode\/sidumisvoo-1m-2tk-psv0251kp\/#breadcrumb\",\"itemListElement\":[{\"@type\":\"ListItem\",\"position\":1,\"name\":\"Home\",\"item\":\"https:\/\/espak.ee\/epood\/\"},{\"@type\":\"ListItem\",\"position\":2,\"name\":\"Tootevalik\",\"item\":\"https:\/\/espak.ee\/epood\/tootevalik\/\"},{\"@type\":\"ListItem\",\"position\":3,\"name\":\"SIDUMISV\u00d6\u00d6 1M \/ 2TK\"}]},{\"@type\":\"WebSite\",\"@id\":\"https:\/\/espak.ee\/epood\/#website\",\"url\":\"https:\/\/espak.ee\/epood\/\",\"name\":\"Espak E-pood\",\"description\":\"\",\"potentialAction\":[{\"@type\":\"SearchAction\",\"target\":{\"@type\":\"EntryPoint\",\"urlTemplate\":\"https:\/\/espak.ee\/epood\/?s={search_term_string}\"},\"query-input\":{\"@type\":\"PropertyValueSpecification\",\"valueRequired\":true,\"valueName\":\"search_term_string\"}}],\"inLanguage\":\"et\"}]}<\/script>\n<!-- \/ Yoast SEO plugin. -->","yoast_head_json":{"title":"SIDUMISV\u00d6\u00d6 1M \/ 2TK - Espak E-pood","robots":{"index":"index","follow":"follow","max-snippet":"max-snippet:-1","max-image-preview":"max-image-preview:large","max-video-preview":"max-video-preview:-1"},"canonical":"https:\/\/espak.ee\/epood\/toode\/sidumisvoo-1m-2tk-psv0251kp\/","og_locale":"et_EE","og_type":"article","og_title":"SIDUMISV\u00d6\u00d6 1M \/ 2TK - Espak E-pood","og_url":"https:\/\/espak.ee\/epood\/toode\/sidumisvoo-1m-2tk-psv0251kp\/","og_site_name":"Espak E-pood","article_modified_time":"2024-03-23T12:55:40+00:00","og_image":[{"width":1000,"height":1000,"url":"https:\/\/espak.ee\/epood\/wp-content\/uploads\/2020\/09\/130310060_2.jpg","type":"image\/jpeg"}],"twitter_card":"summary_large_image","twitter_misc":{"Est. reading time":"1 minut"},"schema":{"@context":"https:\/\/schema.org","@graph":[{"@type":"WebPage","@id":"https:\/\/espak.ee\/epood\/toode\/sidumisvoo-1m-2tk-psv0251kp\/","url":"https:\/\/espak.ee\/epood\/toode\/sidumisvoo-1m-2tk-psv0251kp\/","name":"SIDUMISV\u00d6\u00d6 1M \/ 2TK - Espak E-pood","isPartOf":{"@id":"https:\/\/espak.ee\/epood\/#website"},"primaryImageOfPage":{"@id":"https:\/\/espak.ee\/epood\/toode\/sidumisvoo-1m-2tk-psv0251kp\/#primaryimage"},"image":{"@id":"https:\/\/espak.ee\/epood\/toode\/sidumisvoo-1m-2tk-psv0251kp\/#primaryimage"},"thumbnailUrl":"https:\/\/espak.ee\/epood\/wp-content\/uploads\/2020\/09\/130310060_2.jpg","datePublished":"2020-09-25T04:21:53+00:00","dateModified":"2024-03-23T12:55:40+00:00","breadcrumb":{"@id":"https:\/\/espak.ee\/epood\/toode\/sidumisvoo-1m-2tk-psv0251kp\/#breadcrumb"},"inLanguage":"et","potentialAction":[{"@type":"ReadAction","target":["https:\/\/espak.ee\/epood\/toode\/sidumisvoo-1m-2tk-psv0251kp\/"]}]},{"@type":"ImageObject","inLanguage":"et","@id":"https:\/\/espak.ee\/epood\/toode\/sidumisvoo-1m-2tk-psv0251kp\/#primaryimage","url":"https:\/\/espak.ee\/epood\/wp-content\/uploads\/2020\/09\/130310060_2.jpg","contentUrl":"https:\/\/espak.ee\/epood\/wp-content\/uploads\/2020\/09\/130310060_2.jpg","width":1000,"height":1000},{"@type":"BreadcrumbList","@id":"https:\/\/espak.ee\/epood\/toode\/sidumisvoo-1m-2tk-psv0251kp\/#breadcrumb","itemListElement":[{"@type":"ListItem","position":1,"name":"Home","item":"https:\/\/espak.ee\/epood\/"},{"@type":"ListItem","position":2,"name":"Tootevalik","item":"https:\/\/espak.ee\/epood\/tootevalik\/"},{"@type":"ListItem","position":3,"name":"SIDUMISV\u00d6\u00d6 1M \/ 2TK"}]},{"@type":"WebSite","@id":"https:\/\/espak.ee\/epood\/#website","url":"https:\/\/espak.ee\/epood\/","name":"Espak E-pood","description":"","potentialAction":[{"@type":"SearchAction","target":{"@type":"EntryPoint","urlTemplate":"https:\/\/espak.ee\/epood\/?s={search_term_string}"},"query-input":{"@type":"PropertyValueSpecification","valueRequired":true,"valueName":"search_term_string"}}],"inLanguage":"et"}]}},"_links":{"self":[{"href":"https:\/\/espak.ee\/epood\/wp-json\/wp\/v2\/product\/42882","targetHints":{"allow":["GET"]}}],"collection":[{"href":"https:\/\/espak.ee\/epood\/wp-json\/wp\/v2\/product"}],"about":[{"href":"https:\/\/espak.ee\/epood\/wp-json\/wp\/v2\/types\/product"}],"replies":[{"embeddable":true,"href":"https:\/\/espak.ee\/epood\/wp-json\/wp\/v2\/comments?post=42882"}],"wp:featuredmedia":[{"embeddable":true,"href":"https:\/\/espak.ee\/epood\/wp-json\/wp\/v2\/media\/153309"}],"wp:attachment":[{"href":"https:\/\/espak.ee\/epood\/wp-json\/wp\/v2\/media?parent=42882"}],"wp:term":[{"taxonomy":"product_brand","embeddable":true,"href":"https:\/\/espak.ee\/epood\/wp-json\/wp\/v2\/product_brand?post=42882"},{"taxonomy":"product_cat","embeddable":true,"href":"https:\/\/espak.ee\/epood\/wp-json\/wp\/v2\/product_cat?post=42882"},{"taxonomy":"product_tag","embeddable":true,"href":"https:\/\/espak.ee\/epood\/wp-json\/wp\/v2\/product_tag?post=42882"}],"curies":[{"name":"wp","href":"https:\/\/api.w.org\/{rel}","templated":true}]}}