{"id":42245,"date":"2020-09-23T07:11:31","date_gmt":"2020-09-23T04:11:31","guid":{"rendered":"https:\/\/espak.ee\/hinnakiri\/?post_type=product&#038;p=42245"},"modified":"2026-05-11T22:24:50","modified_gmt":"2026-05-11T19:24:50","slug":"voolikupool-gardena-classic-50-komplekt","status":"publish","type":"product","link":"https:\/\/espak.ee\/epood\/toode\/voolikupool-gardena-classic-50-komplekt\/","title":{"rendered":"VOOLIKUPOOL GARDENA CLASSIC 50 KOMPLEKT"},"content":{"rendered":"<div class=\"row\"  id=\"row-367720150\">\n\n\t<div id=\"col-713754959\" class=\"col medium-9 small-12 large-9\"  >\n\t\t\t\t<div class=\"col-inner\"  >\n\t\t\t\n\t\t\t\n<h2>Voolikupooli Classic 50 komplekt<\/h2>\n<div class=\"message-box relative\" style=\"padding-top:15px;padding-bottom:15px;\"><div class=\"message-box-bg-image bg-fill fill\" ><\/div><div class=\"message-box-bg-overlay bg-fill fill\" ><\/div><div class=\"container relative\"><div class=\"inner last-reset\">\n<div class=\"row align-middle align-center\"  id=\"row-1806236081\">\n\n\t<div id=\"col-207659985\" class=\"col small-12 large-12\"  >\n\t\t\t\t<div class=\"col-inner text-left\"  >\n\t\t\t\n\t\t\t\n<h4>Omadused<\/h4>\n<div class=\"row\"  id=\"row-1091996507\">\n\n\t<div id=\"col-2090411085\" class=\"col medium-6 small-12 large-6\"  >\n\t\t\t\t<div class=\"col-inner\"  >\n\t\t\t\n\t\t\t\n<p><i class=\"fa fa-check fa-2x\"><\/i> <strong>Kasutusvalmis<\/strong><\/p>\n<p><i class=\"fa fa-check fa-2x\"><\/i> <strong>\u00dcleliigne vesi ei tilgu maha<\/strong><\/p>\n\t\t<\/div>\n\t\t\t\t\n<style>\n#col-2090411085 > .col-inner {\n  margin: 0px 0px 15px 0px;\n}\n<\/style>\n\t<\/div>\n\n\t\n\n\t<div id=\"col-345721840\" class=\"col medium-6 small-12 large-6\"  >\n\t\t\t\t<div class=\"col-inner\"  >\n\t\t\t\n\t\t\t\n<p><i class=\"fa fa-check fa-2x\"><\/i> <strong>Voolik ei l\u00e4he s\u00f5lme<\/strong><\/p>\n<p><i class=\"fa fa-check fa-2x\"><\/i> <strong>Mugav kastmine<\/strong><\/p>\n\t\t<\/div>\n\t\t\t\t\n<style>\n#col-345721840 > .col-inner {\n  margin: 0px 0px 15px 0px;\n}\n<\/style>\n\t<\/div>\n\n\t\n<\/div>\n\t\t<\/div>\n\t\t\t\t\t<\/div>\n\n\t\n<\/div>\n<\/div><\/div><\/div>\n\t<div id=\"gap-1002048895\" class=\"gap-element clearfix\" style=\"display:block; height:auto;\">\n\t\t\n<style>\n#gap-1002048895 {\n  padding-top: 30px;\n}\n<\/style>\n\t<\/div>\n\t\n<h3>Kasutamise \u00fcksikasjad<\/h3>\n<p><strong>Kirjeldus:<\/strong> Voolikupool toetab alati, kui vaja. M\u00f5eldud on vooliku kaitseks ja hoiustamiseks seinal, aga v\u00f5ib ka maha v\u00f5tta ja mobiilselt aias kasutada. T\u00e4nu ergonoomilisele k\u00e4epidemele saab seda mugavalt kanda. GARDENA seinale kinnitatav voolikupooli komplekt Classic 50 on t\u00e4ielikult komplekteeritud &#8211; 20 meetrit 13 mm (1\/2&#8243;) voolikut, kastmispihusti ja vajalikke Original GARDENA Systemi kinnitustarvikuid. Sobib eriti h\u00e4sti v\u00e4ikestesse ja keskmistesse aedadesse. K\u00e4epidemel asuva v\u00e4nda abil saab voolikupooliga h\u00f5lpsasti t\u00f6\u00f6tada. Saab ruumis\u00e4\u00e4stlikult kokku panna. Seinahoidik, kruvid, t\u00fc\u00fcblid ja paigaldamisinstruktsioon on kaasas. Kinnitamine on v\u00e4ga lihtne. Nurga alla keeratud voolikuliitmik on nurga all ning voolik ei niverdu, vesi saab alati vabalt voolata. P\u00f6\u00f6rdtelg v\u00e4ldib vooliku keerdumist lahti ja kokku kerimisel. Integreeritud tilgat\u00f5kised garanteerivad, et transportimisel ega p\u00e4rast kasutamist vett ei lekiks. Vee leketest ei teki loike ja vett ei l\u00e4he raisku. Voolikupooli k\u00fcljeosad on kolmnurksed ja madala raskuskeskmega. Nii on voolikupool v\u00e4ga stabiilne ega l\u00e4he kergesti \u00fcmber. Nii on kastmine palju l\u00f5busam.<\/p>\n\t\t<\/div>\n\t\t\t\t\t<\/div>\n\n\t\n\n\t<div id=\"col-58604090\" class=\"col medium-3 small-12 large-3\"  >\n\t\t\t\t<div class=\"col-inner\"  >\n\t\t\t\n\t\t\t\n\t<div id=\"gap-1637439471\" class=\"gap-element clearfix\" style=\"display:block; height:auto;\">\n\t\t\n<style>\n#gap-1637439471 {\n  padding-top: 30px;\n}\n<\/style>\n\t<\/div>\n\t\n<div class=\"is-divider divider clearfix\" ><\/div>\n<p><strong>\u00dcksikasjalikuma n\u00f5u saamiseks v\u00f5tke \u00fchendust:<br \/><\/strong>Espak AS<br \/>Viadukti 42<br \/>11313<br \/>Tallinn<br \/>+372 6 512333<\/p>\n<div class=\"is-divider divider clearfix\" ><\/div>\n\t\t<\/div>\n\t\t\t\t\t<\/div>\n\n\t\n<\/div>\n","protected":false},"excerpt":{"rendered":"","protected":false},"featured_media":44290,"comment_status":"closed","ping_status":"closed","template":"","meta":[],"product_brand":[],"product_cat":[2789,2788,3280,4749],"product_tag":[],"class_list":{"0":"post-42245","1":"product","2":"type-product","3":"status-publish","4":"has-post-thumbnail","6":"product_cat-aiatarbed","7":"product_cat-aiatarbed-ja-kodukaubad","8":"product_cat-kastmistarvikud","9":"product_cat-voolikukarud","10":"pa_kaubamark-husqvarna-eesti-ou","12":"first","13":"instock","14":"sale","15":"taxable","16":"shipping-taxable","17":"purchasable","18":"product-type-simple"},"yoast_head":"<!-- This site is optimized with the Yoast SEO plugin v26.9 - https:\/\/yoast.com\/product\/yoast-seo-wordpress\/ -->\n<title>VOOLIKUPOOL GARDENA CLASSIC 50 KOMPLEKT - Espak E-pood<\/title>\n<meta name=\"robots\" content=\"index, follow, max-snippet:-1, max-image-preview:large, max-video-preview:-1\" \/>\n<link rel=\"canonical\" href=\"https:\/\/espak.ee\/epood\/toode\/voolikupool-gardena-classic-50-komplekt\/\" \/>\n<meta property=\"og:locale\" content=\"et_EE\" \/>\n<meta property=\"og:type\" content=\"article\" \/>\n<meta property=\"og:title\" content=\"VOOLIKUPOOL GARDENA CLASSIC 50 KOMPLEKT - Espak E-pood\" \/>\n<meta property=\"og:url\" content=\"https:\/\/espak.ee\/epood\/toode\/voolikupool-gardena-classic-50-komplekt\/\" \/>\n<meta property=\"og:site_name\" content=\"Espak E-pood\" \/>\n<meta property=\"article:modified_time\" content=\"2026-05-11T19:24:50+00:00\" \/>\n<meta property=\"og:image\" content=\"https:\/\/espak.ee\/epood\/wp-content\/uploads\/VOOLIKUPOOL-GARDENA-CLASSIC-50-KOMPLEKT.png\" \/>\n\t<meta property=\"og:image:width\" content=\"530\" \/>\n\t<meta property=\"og:image:height\" content=\"530\" \/>\n\t<meta property=\"og:image:type\" content=\"image\/png\" \/>\n<meta name=\"twitter:card\" content=\"summary_large_image\" \/>\n<meta name=\"twitter:label1\" content=\"Est. reading time\" \/>\n\t<meta name=\"twitter:data1\" content=\"1 minut\" \/>\n<script type=\"application\/ld+json\" class=\"yoast-schema-graph\">{\"@context\":\"https:\/\/schema.org\",\"@graph\":[{\"@type\":\"WebPage\",\"@id\":\"https:\/\/espak.ee\/epood\/toode\/voolikupool-gardena-classic-50-komplekt\/\",\"url\":\"https:\/\/espak.ee\/epood\/toode\/voolikupool-gardena-classic-50-komplekt\/\",\"name\":\"VOOLIKUPOOL GARDENA CLASSIC 50 KOMPLEKT - Espak E-pood\",\"isPartOf\":{\"@id\":\"https:\/\/espak.ee\/epood\/#website\"},\"primaryImageOfPage\":{\"@id\":\"https:\/\/espak.ee\/epood\/toode\/voolikupool-gardena-classic-50-komplekt\/#primaryimage\"},\"image\":{\"@id\":\"https:\/\/espak.ee\/epood\/toode\/voolikupool-gardena-classic-50-komplekt\/#primaryimage\"},\"thumbnailUrl\":\"https:\/\/espak.ee\/epood\/wp-content\/uploads\/VOOLIKUPOOL-GARDENA-CLASSIC-50-KOMPLEKT.png\",\"datePublished\":\"2020-09-23T04:11:31+00:00\",\"dateModified\":\"2026-05-11T19:24:50+00:00\",\"breadcrumb\":{\"@id\":\"https:\/\/espak.ee\/epood\/toode\/voolikupool-gardena-classic-50-komplekt\/#breadcrumb\"},\"inLanguage\":\"et\",\"potentialAction\":[{\"@type\":\"ReadAction\",\"target\":[\"https:\/\/espak.ee\/epood\/toode\/voolikupool-gardena-classic-50-komplekt\/\"]}]},{\"@type\":\"ImageObject\",\"inLanguage\":\"et\",\"@id\":\"https:\/\/espak.ee\/epood\/toode\/voolikupool-gardena-classic-50-komplekt\/#primaryimage\",\"url\":\"https:\/\/espak.ee\/epood\/wp-content\/uploads\/VOOLIKUPOOL-GARDENA-CLASSIC-50-KOMPLEKT.png\",\"contentUrl\":\"https:\/\/espak.ee\/epood\/wp-content\/uploads\/VOOLIKUPOOL-GARDENA-CLASSIC-50-KOMPLEKT.png\",\"width\":530,\"height\":530},{\"@type\":\"BreadcrumbList\",\"@id\":\"https:\/\/espak.ee\/epood\/toode\/voolikupool-gardena-classic-50-komplekt\/#breadcrumb\",\"itemListElement\":[{\"@type\":\"ListItem\",\"position\":1,\"name\":\"Home\",\"item\":\"https:\/\/espak.ee\/epood\/\"},{\"@type\":\"ListItem\",\"position\":2,\"name\":\"Tootevalik\",\"item\":\"https:\/\/espak.ee\/epood\/tootevalik\/\"},{\"@type\":\"ListItem\",\"position\":3,\"name\":\"VOOLIKUPOOL GARDENA CLASSIC 50 KOMPLEKT\"}]},{\"@type\":\"WebSite\",\"@id\":\"https:\/\/espak.ee\/epood\/#website\",\"url\":\"https:\/\/espak.ee\/epood\/\",\"name\":\"Espak E-pood\",\"description\":\"\",\"potentialAction\":[{\"@type\":\"SearchAction\",\"target\":{\"@type\":\"EntryPoint\",\"urlTemplate\":\"https:\/\/espak.ee\/epood\/?s={search_term_string}\"},\"query-input\":{\"@type\":\"PropertyValueSpecification\",\"valueRequired\":true,\"valueName\":\"search_term_string\"}}],\"inLanguage\":\"et\"}]}<\/script>\n<!-- \/ Yoast SEO plugin. -->","yoast_head_json":{"title":"VOOLIKUPOOL GARDENA CLASSIC 50 KOMPLEKT - Espak E-pood","robots":{"index":"index","follow":"follow","max-snippet":"max-snippet:-1","max-image-preview":"max-image-preview:large","max-video-preview":"max-video-preview:-1"},"canonical":"https:\/\/espak.ee\/epood\/toode\/voolikupool-gardena-classic-50-komplekt\/","og_locale":"et_EE","og_type":"article","og_title":"VOOLIKUPOOL GARDENA CLASSIC 50 KOMPLEKT - Espak E-pood","og_url":"https:\/\/espak.ee\/epood\/toode\/voolikupool-gardena-classic-50-komplekt\/","og_site_name":"Espak E-pood","article_modified_time":"2026-05-11T19:24:50+00:00","og_image":[{"width":530,"height":530,"url":"https:\/\/espak.ee\/epood\/wp-content\/uploads\/VOOLIKUPOOL-GARDENA-CLASSIC-50-KOMPLEKT.png","type":"image\/png"}],"twitter_card":"summary_large_image","twitter_misc":{"Est. reading time":"1 minut"},"schema":{"@context":"https:\/\/schema.org","@graph":[{"@type":"WebPage","@id":"https:\/\/espak.ee\/epood\/toode\/voolikupool-gardena-classic-50-komplekt\/","url":"https:\/\/espak.ee\/epood\/toode\/voolikupool-gardena-classic-50-komplekt\/","name":"VOOLIKUPOOL GARDENA CLASSIC 50 KOMPLEKT - Espak E-pood","isPartOf":{"@id":"https:\/\/espak.ee\/epood\/#website"},"primaryImageOfPage":{"@id":"https:\/\/espak.ee\/epood\/toode\/voolikupool-gardena-classic-50-komplekt\/#primaryimage"},"image":{"@id":"https:\/\/espak.ee\/epood\/toode\/voolikupool-gardena-classic-50-komplekt\/#primaryimage"},"thumbnailUrl":"https:\/\/espak.ee\/epood\/wp-content\/uploads\/VOOLIKUPOOL-GARDENA-CLASSIC-50-KOMPLEKT.png","datePublished":"2020-09-23T04:11:31+00:00","dateModified":"2026-05-11T19:24:50+00:00","breadcrumb":{"@id":"https:\/\/espak.ee\/epood\/toode\/voolikupool-gardena-classic-50-komplekt\/#breadcrumb"},"inLanguage":"et","potentialAction":[{"@type":"ReadAction","target":["https:\/\/espak.ee\/epood\/toode\/voolikupool-gardena-classic-50-komplekt\/"]}]},{"@type":"ImageObject","inLanguage":"et","@id":"https:\/\/espak.ee\/epood\/toode\/voolikupool-gardena-classic-50-komplekt\/#primaryimage","url":"https:\/\/espak.ee\/epood\/wp-content\/uploads\/VOOLIKUPOOL-GARDENA-CLASSIC-50-KOMPLEKT.png","contentUrl":"https:\/\/espak.ee\/epood\/wp-content\/uploads\/VOOLIKUPOOL-GARDENA-CLASSIC-50-KOMPLEKT.png","width":530,"height":530},{"@type":"BreadcrumbList","@id":"https:\/\/espak.ee\/epood\/toode\/voolikupool-gardena-classic-50-komplekt\/#breadcrumb","itemListElement":[{"@type":"ListItem","position":1,"name":"Home","item":"https:\/\/espak.ee\/epood\/"},{"@type":"ListItem","position":2,"name":"Tootevalik","item":"https:\/\/espak.ee\/epood\/tootevalik\/"},{"@type":"ListItem","position":3,"name":"VOOLIKUPOOL GARDENA CLASSIC 50 KOMPLEKT"}]},{"@type":"WebSite","@id":"https:\/\/espak.ee\/epood\/#website","url":"https:\/\/espak.ee\/epood\/","name":"Espak E-pood","description":"","potentialAction":[{"@type":"SearchAction","target":{"@type":"EntryPoint","urlTemplate":"https:\/\/espak.ee\/epood\/?s={search_term_string}"},"query-input":{"@type":"PropertyValueSpecification","valueRequired":true,"valueName":"search_term_string"}}],"inLanguage":"et"}]}},"_links":{"self":[{"href":"https:\/\/espak.ee\/epood\/wp-json\/wp\/v2\/product\/42245","targetHints":{"allow":["GET"]}}],"collection":[{"href":"https:\/\/espak.ee\/epood\/wp-json\/wp\/v2\/product"}],"about":[{"href":"https:\/\/espak.ee\/epood\/wp-json\/wp\/v2\/types\/product"}],"replies":[{"embeddable":true,"href":"https:\/\/espak.ee\/epood\/wp-json\/wp\/v2\/comments?post=42245"}],"wp:featuredmedia":[{"embeddable":true,"href":"https:\/\/espak.ee\/epood\/wp-json\/wp\/v2\/media\/44290"}],"wp:attachment":[{"href":"https:\/\/espak.ee\/epood\/wp-json\/wp\/v2\/media?parent=42245"}],"wp:term":[{"taxonomy":"product_brand","embeddable":true,"href":"https:\/\/espak.ee\/epood\/wp-json\/wp\/v2\/product_brand?post=42245"},{"taxonomy":"product_cat","embeddable":true,"href":"https:\/\/espak.ee\/epood\/wp-json\/wp\/v2\/product_cat?post=42245"},{"taxonomy":"product_tag","embeddable":true,"href":"https:\/\/espak.ee\/epood\/wp-json\/wp\/v2\/product_tag?post=42245"}],"curies":[{"name":"wp","href":"https:\/\/api.w.org\/{rel}","templated":true}]}}