{"id":42130,"date":"2020-09-22T07:16:05","date_gmt":"2020-09-22T04:16:05","guid":{"rendered":"https:\/\/espak.ee\/hinnakiri\/?post_type=product&#038;p=42130"},"modified":"2024-07-11T14:42:42","modified_gmt":"2024-07-11T11:42:42","slug":"pop-up-vihmuti-gardena-t200","status":"publish","type":"product","link":"https:\/\/espak.ee\/epood\/toode\/pop-up-vihmuti-gardena-t200\/","title":{"rendered":"POP-UP VIHMUTI GARDENA T200"},"content":{"rendered":"<div class=\"row\"  id=\"row-1060558944\">\n\n\t<div id=\"col-169467259\" class=\"col medium-9 small-12 large-9\"  >\n\t\t\t\t<div class=\"col-inner\"  >\n\t\t\t\n\t\t\t\n<h2>Pop-Up vihmuti<\/h2>\n<div class=\"message-box relative\" style=\"padding-top:15px;padding-bottom:15px;\"><div class=\"message-box-bg-image bg-fill fill\" ><\/div><div class=\"message-box-bg-overlay bg-fill fill\" ><\/div><div class=\"container relative\"><div class=\"inner last-reset\">\n<div class=\"row align-middle align-center\"  id=\"row-966644604\">\n\n\t<div id=\"col-87184866\" class=\"col small-12 large-12\"  >\n\t\t\t\t<div class=\"col-inner text-left\"  >\n\t\t\t\n\t\t\t\n<h4>Omadused<\/h4>\n<div class=\"row\"  id=\"row-505268517\">\n\n\t<div id=\"col-555726076\" class=\"col medium-6 small-12 large-6\"  >\n\t\t\t\t<div class=\"col-inner\"  >\n\t\t\t\n\t\t\t\n<p><i class=\"fa fa-check fa-2x\"><\/i> <strong>Mugav kasta<\/strong><\/p>\n<p><i class=\"fa fa-check fa-2x\"><\/i> <strong>\u00dchtlane kastmine<\/strong><\/p>\n\t\t<\/div>\n\t\t\t\t\n<style>\n#col-555726076 > .col-inner {\n  margin: 0px 0px 15px 0px;\n}\n<\/style>\n\t<\/div>\n\n\t\n\n\t<div id=\"col-228614739\" class=\"col medium-6 small-12 large-6\"  >\n\t\t\t\t<div class=\"col-inner\"  >\n\t\t\t\n\t\t\t\n<p><i class=\"fa fa-check fa-2x\"><\/i> <strong>Erineva suurusega aladele<\/strong><\/p>\n<p><i class=\"fa fa-check fa-2x\"><\/i> <strong>Seadistatavad kastmissektorid<\/strong><\/p>\n\t\t<\/div>\n\t\t\t\t\n<style>\n#col-228614739 > .col-inner {\n  margin: 0px 0px 15px 0px;\n}\n<\/style>\n\t<\/div>\n\n\t\n<\/div>\n\t\t<\/div>\n\t\t\t\t\t<\/div>\n\n\t\n<\/div>\n<\/div><\/div><\/div>\n\t<div id=\"gap-1467738879\" class=\"gap-element clearfix\" style=\"display:block; height:auto;\">\n\t\t\n<style>\n#gap-1467738879 {\n  padding-top: 30px;\n}\n<\/style>\n\t<\/div>\n\t\n<h3>Kasutamise \u00fcksikasjad<\/h3>\n<p><strong>Kirjeldus:<\/strong> Pop-up-vihmuti T 200 (kuulub GARDENA vihmutis\u00fcsteemi) sobib suurep\u00e4raselt keskmise suurusega muruplatside (kuni 200 m\u00b2) kastmiseks. Vajadusel saab pop-up-vihmutit T 200 kombineerida pop-up-vihmutitega T 100 ja 380 ning v\u00f5nkuva pop-up-vihmutiga OS 140. Vihmutuskaugus on reguleeritav vahemikus 5-8 m. Kastmissektor on vihmutipea k\u00fcljest ilma t\u00f6\u00f6riistadeta reguleeritav vahemikus 25-360\u00b0. Kasta on v\u00f5imalik v\u00e4ga kitsast sektorist kuni t\u00e4isringini. T\u00e4nu m\u00e4lufunktsioonile p\u00f6\u00f6rdub vihmuti alati tagasi eelm\u00e4\u00e4ratud sektorisse, isegi kui pead on tahtlikult p\u00f6\u00f6ratud. See tagab, et kastetud saab alati \u00f5ige ala. Kastmisv\u00f5imaluste paindlikkuse tagamiseks on kaasas neli erineva voolutugevusega otsikut, mida saab vahetada vastavalt kastmisalade vajadustele. See on \u00fchtlase kastmistulemuse saamiseks eriti oluline kombineeritud vihmutite ja erinevalt seadistatud kastmissektorite puhul. Sisseehitatud prahifilter tagab katkestusteta t\u00f6\u00f6. Vastupidav liivakindel \u00fclekanne tagab pika kasutusea. Kui toru k\u00fclge paigaldada ka \u00e4ravooluklapp, muutub vihmutis\u00fcsteem k\u00fclmakindlaks. \u00dchendatakse 1\/2&#8243; sisekeermega.<\/p>\n\t\t<\/div>\n\t\t\t\t\t<\/div>\n\n\t\n\n\t<div id=\"col-1809970625\" class=\"col medium-3 small-12 large-3\"  >\n\t\t\t\t<div class=\"col-inner\"  >\n\t\t\t\n\t\t\t\n\t<div id=\"gap-1428310143\" class=\"gap-element clearfix\" style=\"display:block; height:auto;\">\n\t\t\n<style>\n#gap-1428310143 {\n  padding-top: 30px;\n}\n<\/style>\n\t<\/div>\n\t\n<div class=\"is-divider divider clearfix\" ><\/div>\n<p><strong>\u00dcksikasjalikuma n\u00f5u saamiseks v\u00f5tke \u00fchendust:<br \/><\/strong>Espak AS<br \/>Viadukti 42<br \/>11313<br \/>Tallinn<br \/>+372 6 512333<\/p>\n<div class=\"is-divider divider clearfix\" ><\/div>\n\t\t<\/div>\n\t\t\t\t\t<\/div>\n\n\t\n<\/div>\n","protected":false},"excerpt":{"rendered":"","protected":false},"featured_media":46668,"comment_status":"closed","ping_status":"closed","template":"","meta":[],"product_brand":[],"product_cat":[2789,2788,3280,3365],"product_tag":[],"class_list":{"0":"post-42130","1":"product","2":"type-product","3":"status-publish","4":"has-post-thumbnail","6":"product_cat-aiatarbed","7":"product_cat-aiatarbed-ja-kodukaubad","8":"product_cat-kastmistarvikud","9":"product_cat-vihmutid","10":"pa_kaubamark-husqvarna-eesti-ou","12":"first","13":"instock","14":"sale","15":"taxable","16":"shipping-taxable","17":"purchasable","18":"product-type-simple"},"yoast_head":"<!-- This site is optimized with the Yoast SEO plugin v26.9 - https:\/\/yoast.com\/product\/yoast-seo-wordpress\/ -->\n<title>POP-UP VIHMUTI GARDENA T200 - Espak E-pood<\/title>\n<meta name=\"robots\" content=\"index, follow, max-snippet:-1, max-image-preview:large, max-video-preview:-1\" \/>\n<link rel=\"canonical\" href=\"https:\/\/espak.ee\/epood\/toode\/pop-up-vihmuti-gardena-t200\/\" \/>\n<meta property=\"og:locale\" content=\"et_EE\" \/>\n<meta property=\"og:type\" content=\"article\" \/>\n<meta property=\"og:title\" content=\"POP-UP VIHMUTI GARDENA T200 - Espak E-pood\" \/>\n<meta property=\"og:url\" content=\"https:\/\/espak.ee\/epood\/toode\/pop-up-vihmuti-gardena-t200\/\" \/>\n<meta property=\"og:site_name\" content=\"Espak E-pood\" \/>\n<meta property=\"article:modified_time\" content=\"2024-07-11T11:42:42+00:00\" \/>\n<meta property=\"og:image\" content=\"https:\/\/espak.ee\/epood\/wp-content\/uploads\/POP-UP-VIHMUTI-GARDENA-T200.png\" \/>\n\t<meta property=\"og:image:width\" content=\"530\" \/>\n\t<meta property=\"og:image:height\" content=\"530\" \/>\n\t<meta property=\"og:image:type\" content=\"image\/png\" \/>\n<meta name=\"twitter:card\" content=\"summary_large_image\" \/>\n<meta name=\"twitter:label1\" content=\"Est. reading time\" \/>\n\t<meta name=\"twitter:data1\" content=\"1 minut\" \/>\n<script type=\"application\/ld+json\" class=\"yoast-schema-graph\">{\"@context\":\"https:\/\/schema.org\",\"@graph\":[{\"@type\":\"WebPage\",\"@id\":\"https:\/\/espak.ee\/epood\/toode\/pop-up-vihmuti-gardena-t200\/\",\"url\":\"https:\/\/espak.ee\/epood\/toode\/pop-up-vihmuti-gardena-t200\/\",\"name\":\"POP-UP VIHMUTI GARDENA T200 - Espak E-pood\",\"isPartOf\":{\"@id\":\"https:\/\/espak.ee\/epood\/#website\"},\"primaryImageOfPage\":{\"@id\":\"https:\/\/espak.ee\/epood\/toode\/pop-up-vihmuti-gardena-t200\/#primaryimage\"},\"image\":{\"@id\":\"https:\/\/espak.ee\/epood\/toode\/pop-up-vihmuti-gardena-t200\/#primaryimage\"},\"thumbnailUrl\":\"https:\/\/espak.ee\/epood\/wp-content\/uploads\/POP-UP-VIHMUTI-GARDENA-T200.png\",\"datePublished\":\"2020-09-22T04:16:05+00:00\",\"dateModified\":\"2024-07-11T11:42:42+00:00\",\"breadcrumb\":{\"@id\":\"https:\/\/espak.ee\/epood\/toode\/pop-up-vihmuti-gardena-t200\/#breadcrumb\"},\"inLanguage\":\"et\",\"potentialAction\":[{\"@type\":\"ReadAction\",\"target\":[\"https:\/\/espak.ee\/epood\/toode\/pop-up-vihmuti-gardena-t200\/\"]}]},{\"@type\":\"ImageObject\",\"inLanguage\":\"et\",\"@id\":\"https:\/\/espak.ee\/epood\/toode\/pop-up-vihmuti-gardena-t200\/#primaryimage\",\"url\":\"https:\/\/espak.ee\/epood\/wp-content\/uploads\/POP-UP-VIHMUTI-GARDENA-T200.png\",\"contentUrl\":\"https:\/\/espak.ee\/epood\/wp-content\/uploads\/POP-UP-VIHMUTI-GARDENA-T200.png\",\"width\":530,\"height\":530},{\"@type\":\"BreadcrumbList\",\"@id\":\"https:\/\/espak.ee\/epood\/toode\/pop-up-vihmuti-gardena-t200\/#breadcrumb\",\"itemListElement\":[{\"@type\":\"ListItem\",\"position\":1,\"name\":\"Home\",\"item\":\"https:\/\/espak.ee\/epood\/\"},{\"@type\":\"ListItem\",\"position\":2,\"name\":\"Tootevalik\",\"item\":\"https:\/\/espak.ee\/epood\/tootevalik\/\"},{\"@type\":\"ListItem\",\"position\":3,\"name\":\"POP-UP VIHMUTI GARDENA T200\"}]},{\"@type\":\"WebSite\",\"@id\":\"https:\/\/espak.ee\/epood\/#website\",\"url\":\"https:\/\/espak.ee\/epood\/\",\"name\":\"Espak E-pood\",\"description\":\"\",\"potentialAction\":[{\"@type\":\"SearchAction\",\"target\":{\"@type\":\"EntryPoint\",\"urlTemplate\":\"https:\/\/espak.ee\/epood\/?s={search_term_string}\"},\"query-input\":{\"@type\":\"PropertyValueSpecification\",\"valueRequired\":true,\"valueName\":\"search_term_string\"}}],\"inLanguage\":\"et\"}]}<\/script>\n<!-- \/ Yoast SEO plugin. -->","yoast_head_json":{"title":"POP-UP VIHMUTI GARDENA T200 - Espak E-pood","robots":{"index":"index","follow":"follow","max-snippet":"max-snippet:-1","max-image-preview":"max-image-preview:large","max-video-preview":"max-video-preview:-1"},"canonical":"https:\/\/espak.ee\/epood\/toode\/pop-up-vihmuti-gardena-t200\/","og_locale":"et_EE","og_type":"article","og_title":"POP-UP VIHMUTI GARDENA T200 - Espak E-pood","og_url":"https:\/\/espak.ee\/epood\/toode\/pop-up-vihmuti-gardena-t200\/","og_site_name":"Espak E-pood","article_modified_time":"2024-07-11T11:42:42+00:00","og_image":[{"width":530,"height":530,"url":"https:\/\/espak.ee\/epood\/wp-content\/uploads\/POP-UP-VIHMUTI-GARDENA-T200.png","type":"image\/png"}],"twitter_card":"summary_large_image","twitter_misc":{"Est. reading time":"1 minut"},"schema":{"@context":"https:\/\/schema.org","@graph":[{"@type":"WebPage","@id":"https:\/\/espak.ee\/epood\/toode\/pop-up-vihmuti-gardena-t200\/","url":"https:\/\/espak.ee\/epood\/toode\/pop-up-vihmuti-gardena-t200\/","name":"POP-UP VIHMUTI GARDENA T200 - Espak E-pood","isPartOf":{"@id":"https:\/\/espak.ee\/epood\/#website"},"primaryImageOfPage":{"@id":"https:\/\/espak.ee\/epood\/toode\/pop-up-vihmuti-gardena-t200\/#primaryimage"},"image":{"@id":"https:\/\/espak.ee\/epood\/toode\/pop-up-vihmuti-gardena-t200\/#primaryimage"},"thumbnailUrl":"https:\/\/espak.ee\/epood\/wp-content\/uploads\/POP-UP-VIHMUTI-GARDENA-T200.png","datePublished":"2020-09-22T04:16:05+00:00","dateModified":"2024-07-11T11:42:42+00:00","breadcrumb":{"@id":"https:\/\/espak.ee\/epood\/toode\/pop-up-vihmuti-gardena-t200\/#breadcrumb"},"inLanguage":"et","potentialAction":[{"@type":"ReadAction","target":["https:\/\/espak.ee\/epood\/toode\/pop-up-vihmuti-gardena-t200\/"]}]},{"@type":"ImageObject","inLanguage":"et","@id":"https:\/\/espak.ee\/epood\/toode\/pop-up-vihmuti-gardena-t200\/#primaryimage","url":"https:\/\/espak.ee\/epood\/wp-content\/uploads\/POP-UP-VIHMUTI-GARDENA-T200.png","contentUrl":"https:\/\/espak.ee\/epood\/wp-content\/uploads\/POP-UP-VIHMUTI-GARDENA-T200.png","width":530,"height":530},{"@type":"BreadcrumbList","@id":"https:\/\/espak.ee\/epood\/toode\/pop-up-vihmuti-gardena-t200\/#breadcrumb","itemListElement":[{"@type":"ListItem","position":1,"name":"Home","item":"https:\/\/espak.ee\/epood\/"},{"@type":"ListItem","position":2,"name":"Tootevalik","item":"https:\/\/espak.ee\/epood\/tootevalik\/"},{"@type":"ListItem","position":3,"name":"POP-UP VIHMUTI GARDENA T200"}]},{"@type":"WebSite","@id":"https:\/\/espak.ee\/epood\/#website","url":"https:\/\/espak.ee\/epood\/","name":"Espak E-pood","description":"","potentialAction":[{"@type":"SearchAction","target":{"@type":"EntryPoint","urlTemplate":"https:\/\/espak.ee\/epood\/?s={search_term_string}"},"query-input":{"@type":"PropertyValueSpecification","valueRequired":true,"valueName":"search_term_string"}}],"inLanguage":"et"}]}},"_links":{"self":[{"href":"https:\/\/espak.ee\/epood\/wp-json\/wp\/v2\/product\/42130","targetHints":{"allow":["GET"]}}],"collection":[{"href":"https:\/\/espak.ee\/epood\/wp-json\/wp\/v2\/product"}],"about":[{"href":"https:\/\/espak.ee\/epood\/wp-json\/wp\/v2\/types\/product"}],"replies":[{"embeddable":true,"href":"https:\/\/espak.ee\/epood\/wp-json\/wp\/v2\/comments?post=42130"}],"wp:featuredmedia":[{"embeddable":true,"href":"https:\/\/espak.ee\/epood\/wp-json\/wp\/v2\/media\/46668"}],"wp:attachment":[{"href":"https:\/\/espak.ee\/epood\/wp-json\/wp\/v2\/media?parent=42130"}],"wp:term":[{"taxonomy":"product_brand","embeddable":true,"href":"https:\/\/espak.ee\/epood\/wp-json\/wp\/v2\/product_brand?post=42130"},{"taxonomy":"product_cat","embeddable":true,"href":"https:\/\/espak.ee\/epood\/wp-json\/wp\/v2\/product_cat?post=42130"},{"taxonomy":"product_tag","embeddable":true,"href":"https:\/\/espak.ee\/epood\/wp-json\/wp\/v2\/product_tag?post=42130"}],"curies":[{"name":"wp","href":"https:\/\/api.w.org\/{rel}","templated":true}]}}