{"id":41947,"date":"2020-09-19T07:06:51","date_gmt":"2020-09-19T04:06:51","guid":{"rendered":"https:\/\/espak.ee\/hinnakiri\/?post_type=product&#038;p=41947"},"modified":"2024-03-23T14:59:52","modified_gmt":"2024-03-23T12:59:52","slug":"maapealne-tilgutusvoolik-gardena-komplekt-s-15-m","status":"publish","type":"product","link":"https:\/\/espak.ee\/epood\/toode\/maapealne-tilgutusvoolik-gardena-komplekt-s-15-m\/","title":{"rendered":"MAAPEALNE TILGUTUSVOOLIK GARDENA KOMPLEKT S (15 M)"},"content":{"rendered":"<div class=\"row\"  id=\"row-333534046\">\n\n\t<div id=\"col-26018469\" class=\"col medium-9 small-12 large-9\"  >\n\t\t\t\t<div class=\"col-inner\"  >\n\t\t\t\n\t\t\t\n<h2>Maapealne tilgutusvoolik komplekt S<\/h2>\n<div class=\"message-box relative\" style=\"padding-top:15px;padding-bottom:15px;\"><div class=\"message-box-bg-image bg-fill fill\" ><\/div><div class=\"message-box-bg-overlay bg-fill fill\" ><\/div><div class=\"container relative\"><div class=\"inner last-reset\">\n<div class=\"row align-middle align-center\"  id=\"row-220824096\">\n\n\t<div id=\"col-1328076619\" class=\"col small-12 large-12\"  >\n\t\t\t\t<div class=\"col-inner text-left\"  >\n\t\t\t\n\t\t\t\n<h4>Omadused<\/h4>\n<div class=\"row\"  id=\"row-1619912044\">\n\n\t<div id=\"col-1080034747\" class=\"col medium-6 small-12 large-6\"  >\n\t\t\t\t<div class=\"col-inner\"  >\n\t\t\t\n\t\t\t\n<p><i class=\"fa fa-check fa-2x\"><\/i> <strong>Hooldusvaba<\/strong><\/p>\n<p><i class=\"fa fa-check fa-2x\"><\/i> <strong>Paindlik ja lihtne paigaldada<\/strong><\/p>\n\t\t<\/div>\n\t\t\t\t\n<style>\n#col-1080034747 > .col-inner {\n  margin: 0px 0px 15px 0px;\n}\n<\/style>\n\t<\/div>\n\n\t\n\n\t<div id=\"col-1314030785\" class=\"col medium-6 small-12 large-6\"  >\n\t\t\t\t<div class=\"col-inner\"  >\n\t\t\t\n\t\t\t\n<p><i class=\"fa fa-check fa-2x\"><\/i> <strong>Koheselt kasutusvalmis<\/strong><\/p>\n<p><i class=\"fa fa-check fa-2x\"><\/i> <strong>Vett s\u00e4\u00e4stev kastmine<\/strong><\/p>\n\t\t<\/div>\n\t\t\t\t\n<style>\n#col-1314030785 > .col-inner {\n  margin: 0px 0px 15px 0px;\n}\n<\/style>\n\t<\/div>\n\n\t\n<\/div>\n\t\t<\/div>\n\t\t\t\t\t<\/div>\n\n\t\n<\/div>\n<\/div><\/div><\/div>\n\t<div id=\"gap-1349326587\" class=\"gap-element clearfix\" style=\"display:block; height:auto;\">\n\t\t\n<style>\n#gap-1349326587 {\n  padding-top: 30px;\n}\n<\/style>\n\t<\/div>\n\t\n<h3>Kasutamise \u00fcksikasjad<\/h3>\n<p><strong>Kirjeldus:<\/strong> GARDENA maapealse tilgutusvooliku stardikomplekt S on m\u00f5eldud v\u00e4ikeste taimeridade ning tundlike taimede (nt tomatid) mugavaks ja vett s\u00e4\u00e4stvaks kastmiseks. Tilgutusvooliku algusesse paigaldatakse survealaldi, mis \u00fchendatakse vooliku abil kraaniga. Isepuhastuvad tilgutuspead asetsevad iga 30 cm j\u00e4rel ning need tagavad peenarde ja taimeridade \u00fchtlase kastmise. Komplekti kuuluvad: 1x survealaldi Master Unit 1000; 15 m tilkkastmisvoolik 4.6 mm (3\/16&#8243;); 15x voolikuhoidja 4.6 mm (3\/16&#8243;) ja 1x otsakork 4.6 mm (3\/16&#8243;).<\/p>\n\t\t<\/div>\n\t\t\t\t\t<\/div>\n\n\t\n\n\t<div id=\"col-832947957\" class=\"col medium-3 small-12 large-3\"  >\n\t\t\t\t<div class=\"col-inner\"  >\n\t\t\t\n\t\t\t\n\t<div id=\"gap-1690895030\" class=\"gap-element clearfix\" style=\"display:block; height:auto;\">\n\t\t\n<style>\n#gap-1690895030 {\n  padding-top: 30px;\n}\n<\/style>\n\t<\/div>\n\t\n<div class=\"is-divider divider clearfix\" ><\/div>\n<p><strong>\u00dcksikasjalikuma n\u00f5u saamiseks v\u00f5tke \u00fchendust:<br \/><\/strong>Espak AS<br \/>Viadukti 42<br \/>11313<br \/>Tallinn<br \/>+372 6 512333<\/p>\n<div class=\"is-divider divider clearfix\" ><\/div>\n\t\t<\/div>\n\t\t\t\t\t<\/div>\n\n\t\n<\/div>\n","protected":false},"excerpt":{"rendered":"","protected":false},"featured_media":43815,"comment_status":"closed","ping_status":"open","template":"","meta":[],"product_brand":[],"product_cat":[2789,2788,3372,3374],"product_tag":[],"class_list":{"0":"post-41947","1":"product","2":"type-product","3":"status-publish","4":"has-post-thumbnail","6":"product_cat-aiatarbed","7":"product_cat-aiatarbed-ja-kodukaubad","8":"product_cat-voolikud","9":"product_cat-voolikuklambrid","10":"pa_kaubamark-husqvarna-eesti-ou","12":"first","13":"instock","14":"sale","15":"taxable","16":"shipping-taxable","17":"purchasable","18":"product-type-simple"},"yoast_head":"<!-- This site is optimized with the Yoast SEO plugin v26.9 - https:\/\/yoast.com\/product\/yoast-seo-wordpress\/ -->\n<title>MAAPEALNE TILGUTUSVOOLIK GARDENA KOMPLEKT S (15 M) - Espak E-pood<\/title>\n<meta name=\"robots\" content=\"index, follow, max-snippet:-1, max-image-preview:large, max-video-preview:-1\" \/>\n<link rel=\"canonical\" href=\"https:\/\/espak.ee\/epood\/toode\/maapealne-tilgutusvoolik-gardena-komplekt-s-15-m\/\" \/>\n<meta property=\"og:locale\" content=\"et_EE\" \/>\n<meta property=\"og:type\" content=\"article\" \/>\n<meta property=\"og:title\" content=\"MAAPEALNE TILGUTUSVOOLIK GARDENA KOMPLEKT S (15 M) - Espak E-pood\" \/>\n<meta property=\"og:url\" content=\"https:\/\/espak.ee\/epood\/toode\/maapealne-tilgutusvoolik-gardena-komplekt-s-15-m\/\" \/>\n<meta property=\"og:site_name\" content=\"Espak E-pood\" \/>\n<meta property=\"article:modified_time\" content=\"2024-03-23T12:59:52+00:00\" \/>\n<meta property=\"og:image\" content=\"https:\/\/espak.ee\/epood\/wp-content\/uploads\/MAAPEALNE-TILGUTUSVOOLIK-GARDENA-KOMPLEKT-S-15-M.png\" \/>\n\t<meta property=\"og:image:width\" content=\"530\" \/>\n\t<meta property=\"og:image:height\" content=\"530\" \/>\n\t<meta property=\"og:image:type\" content=\"image\/png\" \/>\n<meta name=\"twitter:card\" content=\"summary_large_image\" \/>\n<meta name=\"twitter:label1\" content=\"Est. reading time\" \/>\n\t<meta name=\"twitter:data1\" content=\"1 minut\" \/>\n<script type=\"application\/ld+json\" class=\"yoast-schema-graph\">{\"@context\":\"https:\/\/schema.org\",\"@graph\":[{\"@type\":\"WebPage\",\"@id\":\"https:\/\/espak.ee\/epood\/toode\/maapealne-tilgutusvoolik-gardena-komplekt-s-15-m\/\",\"url\":\"https:\/\/espak.ee\/epood\/toode\/maapealne-tilgutusvoolik-gardena-komplekt-s-15-m\/\",\"name\":\"MAAPEALNE TILGUTUSVOOLIK GARDENA KOMPLEKT S (15 M) - Espak E-pood\",\"isPartOf\":{\"@id\":\"https:\/\/espak.ee\/epood\/#website\"},\"primaryImageOfPage\":{\"@id\":\"https:\/\/espak.ee\/epood\/toode\/maapealne-tilgutusvoolik-gardena-komplekt-s-15-m\/#primaryimage\"},\"image\":{\"@id\":\"https:\/\/espak.ee\/epood\/toode\/maapealne-tilgutusvoolik-gardena-komplekt-s-15-m\/#primaryimage\"},\"thumbnailUrl\":\"https:\/\/espak.ee\/epood\/wp-content\/uploads\/MAAPEALNE-TILGUTUSVOOLIK-GARDENA-KOMPLEKT-S-15-M.png\",\"datePublished\":\"2020-09-19T04:06:51+00:00\",\"dateModified\":\"2024-03-23T12:59:52+00:00\",\"breadcrumb\":{\"@id\":\"https:\/\/espak.ee\/epood\/toode\/maapealne-tilgutusvoolik-gardena-komplekt-s-15-m\/#breadcrumb\"},\"inLanguage\":\"et\",\"potentialAction\":[{\"@type\":\"ReadAction\",\"target\":[\"https:\/\/espak.ee\/epood\/toode\/maapealne-tilgutusvoolik-gardena-komplekt-s-15-m\/\"]}]},{\"@type\":\"ImageObject\",\"inLanguage\":\"et\",\"@id\":\"https:\/\/espak.ee\/epood\/toode\/maapealne-tilgutusvoolik-gardena-komplekt-s-15-m\/#primaryimage\",\"url\":\"https:\/\/espak.ee\/epood\/wp-content\/uploads\/MAAPEALNE-TILGUTUSVOOLIK-GARDENA-KOMPLEKT-S-15-M.png\",\"contentUrl\":\"https:\/\/espak.ee\/epood\/wp-content\/uploads\/MAAPEALNE-TILGUTUSVOOLIK-GARDENA-KOMPLEKT-S-15-M.png\",\"width\":530,\"height\":530},{\"@type\":\"BreadcrumbList\",\"@id\":\"https:\/\/espak.ee\/epood\/toode\/maapealne-tilgutusvoolik-gardena-komplekt-s-15-m\/#breadcrumb\",\"itemListElement\":[{\"@type\":\"ListItem\",\"position\":1,\"name\":\"Home\",\"item\":\"https:\/\/espak.ee\/epood\/\"},{\"@type\":\"ListItem\",\"position\":2,\"name\":\"Tootevalik\",\"item\":\"https:\/\/espak.ee\/epood\/tootevalik\/\"},{\"@type\":\"ListItem\",\"position\":3,\"name\":\"MAAPEALNE TILGUTUSVOOLIK GARDENA KOMPLEKT S (15 M)\"}]},{\"@type\":\"WebSite\",\"@id\":\"https:\/\/espak.ee\/epood\/#website\",\"url\":\"https:\/\/espak.ee\/epood\/\",\"name\":\"Espak E-pood\",\"description\":\"\",\"potentialAction\":[{\"@type\":\"SearchAction\",\"target\":{\"@type\":\"EntryPoint\",\"urlTemplate\":\"https:\/\/espak.ee\/epood\/?s={search_term_string}\"},\"query-input\":{\"@type\":\"PropertyValueSpecification\",\"valueRequired\":true,\"valueName\":\"search_term_string\"}}],\"inLanguage\":\"et\"}]}<\/script>\n<!-- \/ Yoast SEO plugin. -->","yoast_head_json":{"title":"MAAPEALNE TILGUTUSVOOLIK GARDENA KOMPLEKT S (15 M) - Espak E-pood","robots":{"index":"index","follow":"follow","max-snippet":"max-snippet:-1","max-image-preview":"max-image-preview:large","max-video-preview":"max-video-preview:-1"},"canonical":"https:\/\/espak.ee\/epood\/toode\/maapealne-tilgutusvoolik-gardena-komplekt-s-15-m\/","og_locale":"et_EE","og_type":"article","og_title":"MAAPEALNE TILGUTUSVOOLIK GARDENA KOMPLEKT S (15 M) - Espak E-pood","og_url":"https:\/\/espak.ee\/epood\/toode\/maapealne-tilgutusvoolik-gardena-komplekt-s-15-m\/","og_site_name":"Espak E-pood","article_modified_time":"2024-03-23T12:59:52+00:00","og_image":[{"width":530,"height":530,"url":"https:\/\/espak.ee\/epood\/wp-content\/uploads\/MAAPEALNE-TILGUTUSVOOLIK-GARDENA-KOMPLEKT-S-15-M.png","type":"image\/png"}],"twitter_card":"summary_large_image","twitter_misc":{"Est. reading time":"1 minut"},"schema":{"@context":"https:\/\/schema.org","@graph":[{"@type":"WebPage","@id":"https:\/\/espak.ee\/epood\/toode\/maapealne-tilgutusvoolik-gardena-komplekt-s-15-m\/","url":"https:\/\/espak.ee\/epood\/toode\/maapealne-tilgutusvoolik-gardena-komplekt-s-15-m\/","name":"MAAPEALNE TILGUTUSVOOLIK GARDENA KOMPLEKT S (15 M) - Espak E-pood","isPartOf":{"@id":"https:\/\/espak.ee\/epood\/#website"},"primaryImageOfPage":{"@id":"https:\/\/espak.ee\/epood\/toode\/maapealne-tilgutusvoolik-gardena-komplekt-s-15-m\/#primaryimage"},"image":{"@id":"https:\/\/espak.ee\/epood\/toode\/maapealne-tilgutusvoolik-gardena-komplekt-s-15-m\/#primaryimage"},"thumbnailUrl":"https:\/\/espak.ee\/epood\/wp-content\/uploads\/MAAPEALNE-TILGUTUSVOOLIK-GARDENA-KOMPLEKT-S-15-M.png","datePublished":"2020-09-19T04:06:51+00:00","dateModified":"2024-03-23T12:59:52+00:00","breadcrumb":{"@id":"https:\/\/espak.ee\/epood\/toode\/maapealne-tilgutusvoolik-gardena-komplekt-s-15-m\/#breadcrumb"},"inLanguage":"et","potentialAction":[{"@type":"ReadAction","target":["https:\/\/espak.ee\/epood\/toode\/maapealne-tilgutusvoolik-gardena-komplekt-s-15-m\/"]}]},{"@type":"ImageObject","inLanguage":"et","@id":"https:\/\/espak.ee\/epood\/toode\/maapealne-tilgutusvoolik-gardena-komplekt-s-15-m\/#primaryimage","url":"https:\/\/espak.ee\/epood\/wp-content\/uploads\/MAAPEALNE-TILGUTUSVOOLIK-GARDENA-KOMPLEKT-S-15-M.png","contentUrl":"https:\/\/espak.ee\/epood\/wp-content\/uploads\/MAAPEALNE-TILGUTUSVOOLIK-GARDENA-KOMPLEKT-S-15-M.png","width":530,"height":530},{"@type":"BreadcrumbList","@id":"https:\/\/espak.ee\/epood\/toode\/maapealne-tilgutusvoolik-gardena-komplekt-s-15-m\/#breadcrumb","itemListElement":[{"@type":"ListItem","position":1,"name":"Home","item":"https:\/\/espak.ee\/epood\/"},{"@type":"ListItem","position":2,"name":"Tootevalik","item":"https:\/\/espak.ee\/epood\/tootevalik\/"},{"@type":"ListItem","position":3,"name":"MAAPEALNE TILGUTUSVOOLIK GARDENA KOMPLEKT S (15 M)"}]},{"@type":"WebSite","@id":"https:\/\/espak.ee\/epood\/#website","url":"https:\/\/espak.ee\/epood\/","name":"Espak E-pood","description":"","potentialAction":[{"@type":"SearchAction","target":{"@type":"EntryPoint","urlTemplate":"https:\/\/espak.ee\/epood\/?s={search_term_string}"},"query-input":{"@type":"PropertyValueSpecification","valueRequired":true,"valueName":"search_term_string"}}],"inLanguage":"et"}]}},"_links":{"self":[{"href":"https:\/\/espak.ee\/epood\/wp-json\/wp\/v2\/product\/41947","targetHints":{"allow":["GET"]}}],"collection":[{"href":"https:\/\/espak.ee\/epood\/wp-json\/wp\/v2\/product"}],"about":[{"href":"https:\/\/espak.ee\/epood\/wp-json\/wp\/v2\/types\/product"}],"replies":[{"embeddable":true,"href":"https:\/\/espak.ee\/epood\/wp-json\/wp\/v2\/comments?post=41947"}],"wp:featuredmedia":[{"embeddable":true,"href":"https:\/\/espak.ee\/epood\/wp-json\/wp\/v2\/media\/43815"}],"wp:attachment":[{"href":"https:\/\/espak.ee\/epood\/wp-json\/wp\/v2\/media?parent=41947"}],"wp:term":[{"taxonomy":"product_brand","embeddable":true,"href":"https:\/\/espak.ee\/epood\/wp-json\/wp\/v2\/product_brand?post=41947"},{"taxonomy":"product_cat","embeddable":true,"href":"https:\/\/espak.ee\/epood\/wp-json\/wp\/v2\/product_cat?post=41947"},{"taxonomy":"product_tag","embeddable":true,"href":"https:\/\/espak.ee\/epood\/wp-json\/wp\/v2\/product_tag?post=41947"}],"curies":[{"name":"wp","href":"https:\/\/api.w.org\/{rel}","templated":true}]}}