{"id":41881,"date":"2020-09-19T07:05:59","date_gmt":"2020-09-19T04:05:59","guid":{"rendered":"https:\/\/espak.ee\/hinnakiri\/?post_type=product&#038;p=41881"},"modified":"2026-02-17T10:48:20","modified_gmt":"2026-02-17T08:48:20","slug":"gardena-profi-maxi-flow-system-reguleeritava-ventiiliga-voolikuliitmik-19-mm-3-4","status":"publish","type":"product","link":"https:\/\/espak.ee\/epood\/toode\/gardena-profi-maxi-flow-system-reguleeritava-ventiiliga-voolikuliitmik-19-mm-3-4\/","title":{"rendered":"GARDENA &#8220;PROFI&#8221; MAXI-FLOW SYSTEM REGULEERITAVA VENTIILIGA VOOLIKULIITMIK 19 MM (3\/4&#8243;)"},"content":{"rendered":"<div class=\"row\"  id=\"row-873003939\">\n\n\t<div id=\"col-1916592542\" class=\"col medium-9 small-12 large-9\"  >\n\t\t\t\t<div class=\"col-inner\"  >\n\t\t\t\n\t\t\t\n<h2>Reguleeritava ventiiliga vooluliitmik<\/h2>\n<div class=\"message-box relative\" style=\"padding-top:15px;padding-bottom:15px;\"><div class=\"message-box-bg-image bg-fill fill\" ><\/div><div class=\"message-box-bg-overlay bg-fill fill\" ><\/div><div class=\"container relative\"><div class=\"inner last-reset\">\n<div class=\"row align-middle align-center\"  id=\"row-2001157801\">\n\n\t<div id=\"col-1286914699\" class=\"col small-12 large-12\"  >\n\t\t\t\t<div class=\"col-inner text-left\"  >\n\t\t\t\n\t\t\t\n<h4>Omadused<\/h4>\n<div class=\"row\"  id=\"row-531428670\">\n\n\t<div id=\"col-2111569400\" class=\"col medium-6 small-12 large-6\"  >\n\t\t\t\t<div class=\"col-inner\"  >\n\t\t\t\n\t\t\t\n<p><i class=\"fa fa-check fa-2x\"><\/i> <strong>Lihtne k\u00e4sitseda<\/strong><\/p>\n<p><i class=\"fa fa-check fa-2x\"><\/i> <strong>Tarvikuid on lihtne vahetada<\/strong><\/p>\n\t\t<\/div>\n\t\t\t\t\n<style>\n#col-2111569400 > .col-inner {\n  margin: 0px 0px 15px 0px;\n}\n<\/style>\n\t<\/div>\n\n\t\n<\/div>\n\t\t<\/div>\n\t\t\t\t\t<\/div>\n\n\t\n<\/div>\n<\/div><\/div><\/div>\n\t<div id=\"gap-1859499700\" class=\"gap-element clearfix\" style=\"display:block; height:auto;\">\n\t\t\n<style>\n#gap-1859499700 {\n  padding-top: 30px;\n}\n<\/style>\n\t<\/div>\n\t\n<h3>Kasutamise \u00fcksikasjad<\/h3>\n<p><strong>Kirjeldus:<\/strong> GARDENA &#8220;Profi&#8221; Maxi-Flow System reguleeritava ventiiliga voolikuliitmik sobib h\u00e4sti pikemate voolikute v\u00f5i pumpade jaoks. V\u00f5imaldab \u00fchendustarvikuid vahetada, ka k\u00f5rge veesurve puhul. Reguleeritava ventiiliga voolikuliitmik kinnitatakse vooliku otsa. Siit saab mugavalt vee voolu reguleerida v\u00f5i kinni panna nt tarvikute vahetamiseks. Nii s\u00e4\u00e4state jalavaeva kraani juurde ja tagasi k\u00f5ndimisel vee kinni keeramiseks. Reguleeritava ventiiliga voolikuliitmik sobib 19 mm (3\/4&#8243;) voolikutele.<\/p>\n\t\t<\/div>\n\t\t\t\t\t<\/div>\n\n\t\n\n\t<div id=\"col-291452216\" class=\"col medium-3 small-12 large-3\"  >\n\t\t\t\t<div class=\"col-inner\"  >\n\t\t\t\n\t\t\t\n\t<div id=\"gap-2106716516\" class=\"gap-element clearfix\" style=\"display:block; height:auto;\">\n\t\t\n<style>\n#gap-2106716516 {\n  padding-top: 30px;\n}\n<\/style>\n\t<\/div>\n\t\n<div class=\"is-divider divider clearfix\" ><\/div>\n<p><strong>\u00dcksikasjalikuma n\u00f5u saamiseks v\u00f5tke \u00fchendust:<br \/><\/strong>Espak AS<br \/>Viadukti 42<br \/>11313<br \/>Tallinn<br \/>+372 6 512333<\/p>\n<div class=\"is-divider divider clearfix\" ><\/div>\n\t\t<\/div>\n\t\t\t\t\t<\/div>\n\n\t\n<\/div>\n","protected":false},"excerpt":{"rendered":"","protected":false},"featured_media":47121,"comment_status":"closed","ping_status":"closed","template":"","meta":[],"product_brand":[],"product_cat":[2789,2788,3280,3282],"product_tag":[],"class_list":{"0":"post-41881","1":"product","2":"type-product","3":"status-publish","4":"has-post-thumbnail","6":"product_cat-aiatarbed","7":"product_cat-aiatarbed-ja-kodukaubad","8":"product_cat-kastmistarvikud","9":"product_cat-kiirliited","10":"pa_kaubamark-husqvarna-eesti-ou","12":"first","13":"instock","14":"sale","15":"taxable","16":"shipping-taxable","17":"purchasable","18":"product-type-simple"},"yoast_head":"<!-- This site is optimized with the Yoast SEO plugin v26.9 - https:\/\/yoast.com\/product\/yoast-seo-wordpress\/ -->\n<title>GARDENA &quot;PROFI&quot; MAXI-FLOW SYSTEM REGULEERITAVA VENTIILIGA VOOLIKULIITMIK 19 MM (3\/4&quot;) - Espak E-pood<\/title>\n<meta name=\"robots\" content=\"index, follow, max-snippet:-1, max-image-preview:large, max-video-preview:-1\" \/>\n<link rel=\"canonical\" href=\"https:\/\/espak.ee\/epood\/toode\/gardena-profi-maxi-flow-system-reguleeritava-ventiiliga-voolikuliitmik-19-mm-3-4\/\" \/>\n<meta property=\"og:locale\" content=\"et_EE\" \/>\n<meta property=\"og:type\" content=\"article\" \/>\n<meta property=\"og:title\" content=\"GARDENA &quot;PROFI&quot; MAXI-FLOW SYSTEM REGULEERITAVA VENTIILIGA VOOLIKULIITMIK 19 MM (3\/4&quot;) - Espak E-pood\" \/>\n<meta property=\"og:url\" content=\"https:\/\/espak.ee\/epood\/toode\/gardena-profi-maxi-flow-system-reguleeritava-ventiiliga-voolikuliitmik-19-mm-3-4\/\" \/>\n<meta property=\"og:site_name\" content=\"Espak E-pood\" \/>\n<meta property=\"article:modified_time\" content=\"2026-02-17T08:48:20+00:00\" \/>\n<meta property=\"og:image\" content=\"https:\/\/espak.ee\/epood\/wp-content\/uploads\/GARDENA-PROFI-MAXI-FLOW-SYSTEM-REGULEERITAVA-VENTIILIGA-VOOLIKULIITMIK-19-MM-3-4.png\" \/>\n\t<meta property=\"og:image:width\" content=\"530\" \/>\n\t<meta property=\"og:image:height\" content=\"530\" \/>\n\t<meta property=\"og:image:type\" content=\"image\/png\" \/>\n<meta name=\"twitter:card\" content=\"summary_large_image\" \/>\n<meta name=\"twitter:label1\" content=\"Est. reading time\" \/>\n\t<meta name=\"twitter:data1\" content=\"1 minut\" \/>\n<script type=\"application\/ld+json\" class=\"yoast-schema-graph\">{\"@context\":\"https:\/\/schema.org\",\"@graph\":[{\"@type\":\"WebPage\",\"@id\":\"https:\/\/espak.ee\/epood\/toode\/gardena-profi-maxi-flow-system-reguleeritava-ventiiliga-voolikuliitmik-19-mm-3-4\/\",\"url\":\"https:\/\/espak.ee\/epood\/toode\/gardena-profi-maxi-flow-system-reguleeritava-ventiiliga-voolikuliitmik-19-mm-3-4\/\",\"name\":\"GARDENA \\\"PROFI\\\" MAXI-FLOW SYSTEM REGULEERITAVA VENTIILIGA VOOLIKULIITMIK 19 MM (3\/4\\\") - Espak E-pood\",\"isPartOf\":{\"@id\":\"https:\/\/espak.ee\/epood\/#website\"},\"primaryImageOfPage\":{\"@id\":\"https:\/\/espak.ee\/epood\/toode\/gardena-profi-maxi-flow-system-reguleeritava-ventiiliga-voolikuliitmik-19-mm-3-4\/#primaryimage\"},\"image\":{\"@id\":\"https:\/\/espak.ee\/epood\/toode\/gardena-profi-maxi-flow-system-reguleeritava-ventiiliga-voolikuliitmik-19-mm-3-4\/#primaryimage\"},\"thumbnailUrl\":\"https:\/\/espak.ee\/epood\/wp-content\/uploads\/GARDENA-PROFI-MAXI-FLOW-SYSTEM-REGULEERITAVA-VENTIILIGA-VOOLIKULIITMIK-19-MM-3-4.png\",\"datePublished\":\"2020-09-19T04:05:59+00:00\",\"dateModified\":\"2026-02-17T08:48:20+00:00\",\"breadcrumb\":{\"@id\":\"https:\/\/espak.ee\/epood\/toode\/gardena-profi-maxi-flow-system-reguleeritava-ventiiliga-voolikuliitmik-19-mm-3-4\/#breadcrumb\"},\"inLanguage\":\"et\",\"potentialAction\":[{\"@type\":\"ReadAction\",\"target\":[\"https:\/\/espak.ee\/epood\/toode\/gardena-profi-maxi-flow-system-reguleeritava-ventiiliga-voolikuliitmik-19-mm-3-4\/\"]}]},{\"@type\":\"ImageObject\",\"inLanguage\":\"et\",\"@id\":\"https:\/\/espak.ee\/epood\/toode\/gardena-profi-maxi-flow-system-reguleeritava-ventiiliga-voolikuliitmik-19-mm-3-4\/#primaryimage\",\"url\":\"https:\/\/espak.ee\/epood\/wp-content\/uploads\/GARDENA-PROFI-MAXI-FLOW-SYSTEM-REGULEERITAVA-VENTIILIGA-VOOLIKULIITMIK-19-MM-3-4.png\",\"contentUrl\":\"https:\/\/espak.ee\/epood\/wp-content\/uploads\/GARDENA-PROFI-MAXI-FLOW-SYSTEM-REGULEERITAVA-VENTIILIGA-VOOLIKULIITMIK-19-MM-3-4.png\",\"width\":530,\"height\":530},{\"@type\":\"BreadcrumbList\",\"@id\":\"https:\/\/espak.ee\/epood\/toode\/gardena-profi-maxi-flow-system-reguleeritava-ventiiliga-voolikuliitmik-19-mm-3-4\/#breadcrumb\",\"itemListElement\":[{\"@type\":\"ListItem\",\"position\":1,\"name\":\"Home\",\"item\":\"https:\/\/espak.ee\/epood\/\"},{\"@type\":\"ListItem\",\"position\":2,\"name\":\"Tootevalik\",\"item\":\"https:\/\/espak.ee\/epood\/tootevalik\/\"},{\"@type\":\"ListItem\",\"position\":3,\"name\":\"GARDENA &#8220;PROFI&#8221; MAXI-FLOW SYSTEM REGULEERITAVA VENTIILIGA VOOLIKULIITMIK 19 MM (3\/4&#8243;)\"}]},{\"@type\":\"WebSite\",\"@id\":\"https:\/\/espak.ee\/epood\/#website\",\"url\":\"https:\/\/espak.ee\/epood\/\",\"name\":\"Espak E-pood\",\"description\":\"\",\"potentialAction\":[{\"@type\":\"SearchAction\",\"target\":{\"@type\":\"EntryPoint\",\"urlTemplate\":\"https:\/\/espak.ee\/epood\/?s={search_term_string}\"},\"query-input\":{\"@type\":\"PropertyValueSpecification\",\"valueRequired\":true,\"valueName\":\"search_term_string\"}}],\"inLanguage\":\"et\"}]}<\/script>\n<!-- \/ Yoast SEO plugin. -->","yoast_head_json":{"title":"GARDENA \"PROFI\" MAXI-FLOW SYSTEM REGULEERITAVA VENTIILIGA VOOLIKULIITMIK 19 MM (3\/4\") - Espak E-pood","robots":{"index":"index","follow":"follow","max-snippet":"max-snippet:-1","max-image-preview":"max-image-preview:large","max-video-preview":"max-video-preview:-1"},"canonical":"https:\/\/espak.ee\/epood\/toode\/gardena-profi-maxi-flow-system-reguleeritava-ventiiliga-voolikuliitmik-19-mm-3-4\/","og_locale":"et_EE","og_type":"article","og_title":"GARDENA \"PROFI\" MAXI-FLOW SYSTEM REGULEERITAVA VENTIILIGA VOOLIKULIITMIK 19 MM (3\/4\") - Espak E-pood","og_url":"https:\/\/espak.ee\/epood\/toode\/gardena-profi-maxi-flow-system-reguleeritava-ventiiliga-voolikuliitmik-19-mm-3-4\/","og_site_name":"Espak E-pood","article_modified_time":"2026-02-17T08:48:20+00:00","og_image":[{"width":530,"height":530,"url":"https:\/\/espak.ee\/epood\/wp-content\/uploads\/GARDENA-PROFI-MAXI-FLOW-SYSTEM-REGULEERITAVA-VENTIILIGA-VOOLIKULIITMIK-19-MM-3-4.png","type":"image\/png"}],"twitter_card":"summary_large_image","twitter_misc":{"Est. reading time":"1 minut"},"schema":{"@context":"https:\/\/schema.org","@graph":[{"@type":"WebPage","@id":"https:\/\/espak.ee\/epood\/toode\/gardena-profi-maxi-flow-system-reguleeritava-ventiiliga-voolikuliitmik-19-mm-3-4\/","url":"https:\/\/espak.ee\/epood\/toode\/gardena-profi-maxi-flow-system-reguleeritava-ventiiliga-voolikuliitmik-19-mm-3-4\/","name":"GARDENA \"PROFI\" MAXI-FLOW SYSTEM REGULEERITAVA VENTIILIGA VOOLIKULIITMIK 19 MM (3\/4\") - Espak E-pood","isPartOf":{"@id":"https:\/\/espak.ee\/epood\/#website"},"primaryImageOfPage":{"@id":"https:\/\/espak.ee\/epood\/toode\/gardena-profi-maxi-flow-system-reguleeritava-ventiiliga-voolikuliitmik-19-mm-3-4\/#primaryimage"},"image":{"@id":"https:\/\/espak.ee\/epood\/toode\/gardena-profi-maxi-flow-system-reguleeritava-ventiiliga-voolikuliitmik-19-mm-3-4\/#primaryimage"},"thumbnailUrl":"https:\/\/espak.ee\/epood\/wp-content\/uploads\/GARDENA-PROFI-MAXI-FLOW-SYSTEM-REGULEERITAVA-VENTIILIGA-VOOLIKULIITMIK-19-MM-3-4.png","datePublished":"2020-09-19T04:05:59+00:00","dateModified":"2026-02-17T08:48:20+00:00","breadcrumb":{"@id":"https:\/\/espak.ee\/epood\/toode\/gardena-profi-maxi-flow-system-reguleeritava-ventiiliga-voolikuliitmik-19-mm-3-4\/#breadcrumb"},"inLanguage":"et","potentialAction":[{"@type":"ReadAction","target":["https:\/\/espak.ee\/epood\/toode\/gardena-profi-maxi-flow-system-reguleeritava-ventiiliga-voolikuliitmik-19-mm-3-4\/"]}]},{"@type":"ImageObject","inLanguage":"et","@id":"https:\/\/espak.ee\/epood\/toode\/gardena-profi-maxi-flow-system-reguleeritava-ventiiliga-voolikuliitmik-19-mm-3-4\/#primaryimage","url":"https:\/\/espak.ee\/epood\/wp-content\/uploads\/GARDENA-PROFI-MAXI-FLOW-SYSTEM-REGULEERITAVA-VENTIILIGA-VOOLIKULIITMIK-19-MM-3-4.png","contentUrl":"https:\/\/espak.ee\/epood\/wp-content\/uploads\/GARDENA-PROFI-MAXI-FLOW-SYSTEM-REGULEERITAVA-VENTIILIGA-VOOLIKULIITMIK-19-MM-3-4.png","width":530,"height":530},{"@type":"BreadcrumbList","@id":"https:\/\/espak.ee\/epood\/toode\/gardena-profi-maxi-flow-system-reguleeritava-ventiiliga-voolikuliitmik-19-mm-3-4\/#breadcrumb","itemListElement":[{"@type":"ListItem","position":1,"name":"Home","item":"https:\/\/espak.ee\/epood\/"},{"@type":"ListItem","position":2,"name":"Tootevalik","item":"https:\/\/espak.ee\/epood\/tootevalik\/"},{"@type":"ListItem","position":3,"name":"GARDENA &#8220;PROFI&#8221; MAXI-FLOW SYSTEM REGULEERITAVA VENTIILIGA VOOLIKULIITMIK 19 MM (3\/4&#8243;)"}]},{"@type":"WebSite","@id":"https:\/\/espak.ee\/epood\/#website","url":"https:\/\/espak.ee\/epood\/","name":"Espak E-pood","description":"","potentialAction":[{"@type":"SearchAction","target":{"@type":"EntryPoint","urlTemplate":"https:\/\/espak.ee\/epood\/?s={search_term_string}"},"query-input":{"@type":"PropertyValueSpecification","valueRequired":true,"valueName":"search_term_string"}}],"inLanguage":"et"}]}},"_links":{"self":[{"href":"https:\/\/espak.ee\/epood\/wp-json\/wp\/v2\/product\/41881","targetHints":{"allow":["GET"]}}],"collection":[{"href":"https:\/\/espak.ee\/epood\/wp-json\/wp\/v2\/product"}],"about":[{"href":"https:\/\/espak.ee\/epood\/wp-json\/wp\/v2\/types\/product"}],"replies":[{"embeddable":true,"href":"https:\/\/espak.ee\/epood\/wp-json\/wp\/v2\/comments?post=41881"}],"wp:featuredmedia":[{"embeddable":true,"href":"https:\/\/espak.ee\/epood\/wp-json\/wp\/v2\/media\/47121"}],"wp:attachment":[{"href":"https:\/\/espak.ee\/epood\/wp-json\/wp\/v2\/media?parent=41881"}],"wp:term":[{"taxonomy":"product_brand","embeddable":true,"href":"https:\/\/espak.ee\/epood\/wp-json\/wp\/v2\/product_brand?post=41881"},{"taxonomy":"product_cat","embeddable":true,"href":"https:\/\/espak.ee\/epood\/wp-json\/wp\/v2\/product_cat?post=41881"},{"taxonomy":"product_tag","embeddable":true,"href":"https:\/\/espak.ee\/epood\/wp-json\/wp\/v2\/product_tag?post=41881"}],"curies":[{"name":"wp","href":"https:\/\/api.w.org\/{rel}","templated":true}]}}