{"id":38524,"date":"2020-08-24T07:00:09","date_gmt":"2020-08-24T04:00:09","guid":{"rendered":"https:\/\/espak.ee\/hinnakiri\/?post_type=product&#038;p=38524"},"modified":"2025-12-10T20:35:40","modified_gmt":"2025-12-10T18:35:40","slug":"universaalpuur-10mm-048700","status":"publish","type":"product","link":"https:\/\/espak.ee\/epood\/toode\/universaalpuur-10mm-048700\/","title":{"rendered":"UNIVERSAALPUUR 10MM 048700"},"content":{"rendered":"<p><strong>Tootekirjeldus:<\/strong><br \/>Universaalpuurid, volframkarbiidotsaga, eriti tugev volfram-titaan-karbiidteravik, teemantlihvitud l\u00f5iketiivad, k\u00f5rgel temperatuuril joodetud, eemaldab laastud, ebas\u00fcmmeetriline keerd puurimisj\u00e4\u00e4tmete parimaks eemaldamiseks, k\u00f5igile p\u00f6\u00f6rd- ja l\u00f6\u00f6ktrellidele. Vasev\u00e4rvi, lihvitud pinnad, kivi, marmori, tehiskivi, betooni, graniidi, telliskivi, keraamika, leht- ja okaspuidu, plasti ja akr\u00fc\u00fcli, legeeritud ja legeerimata terase, klaasi ja kristalli puurimiseks.<\/p>\n","protected":false},"excerpt":{"rendered":"<p>Tootekirjeldus:Universaalpuurid, volframkarbiidotsaga, eriti tugev volfram-titaan-karbiidteravik, teemantlihvitud l\u00f5iketiivad, k\u00f5rgel temperatuuril joodetud, eemaldab laastud, ebas\u00fcmmeetriline keerd puurimisj\u00e4\u00e4tmete parimaks eemaldamiseks, k\u00f5igile p\u00f6\u00f6rd- ja l\u00f6\u00f6ktrellidele. Vasev\u00e4rvi, lihvitud pinnad, kivi, marmori, tehiskivi, betooni, graniidi, telliskivi, keraamika, leht- ja okaspuidu, plasti ja akr\u00fc\u00fcli, legeeritud ja legeerimata terase, klaasi ja kristalli puurimiseks.<\/p>\n","protected":false},"featured_media":44762,"comment_status":"closed","ping_status":"open","template":"","meta":[],"product_brand":[],"product_cat":[3091,2679,2951,3410],"product_tag":[],"class_list":{"0":"post-38524","1":"product","2":"type-product","3":"status-publish","4":"has-post-thumbnail","6":"product_cat-puurid","7":"product_cat-tooriistad","8":"product_cat-tooriistatarvikud","9":"product_cat-universaalpuurid","10":"pa_kaubamark-kwb","12":"first","13":"instock","14":"sale","15":"taxable","16":"shipping-taxable","17":"purchasable","18":"product-type-simple"},"yoast_head":"<!-- This site is optimized with the Yoast SEO plugin v26.9 - https:\/\/yoast.com\/product\/yoast-seo-wordpress\/ -->\n<title>UNIVERSAALPUUR 10MM 048700 - Espak E-pood<\/title>\n<meta name=\"robots\" content=\"index, follow, max-snippet:-1, max-image-preview:large, max-video-preview:-1\" \/>\n<link rel=\"canonical\" href=\"https:\/\/espak.ee\/epood\/toode\/universaalpuur-10mm-048700\/\" \/>\n<meta property=\"og:locale\" content=\"et_EE\" \/>\n<meta property=\"og:type\" content=\"article\" \/>\n<meta property=\"og:title\" content=\"UNIVERSAALPUUR 10MM 048700 - Espak E-pood\" \/>\n<meta property=\"og:description\" content=\"Tootekirjeldus:Universaalpuurid, volframkarbiidotsaga, eriti tugev volfram-titaan-karbiidteravik, teemantlihvitud l\u00f5iketiivad, k\u00f5rgel temperatuuril joodetud, eemaldab laastud, ebas\u00fcmmeetriline keerd puurimisj\u00e4\u00e4tmete parimaks eemaldamiseks, k\u00f5igile p\u00f6\u00f6rd- ja l\u00f6\u00f6ktrellidele. Vasev\u00e4rvi, lihvitud pinnad, kivi, marmori, tehiskivi, betooni, graniidi, telliskivi, keraamika, leht- ja okaspuidu, plasti ja akr\u00fc\u00fcli, legeeritud ja legeerimata terase, klaasi ja kristalli puurimiseks.\" \/>\n<meta property=\"og:url\" content=\"https:\/\/espak.ee\/epood\/toode\/universaalpuur-10mm-048700\/\" \/>\n<meta property=\"og:site_name\" content=\"Espak E-pood\" \/>\n<meta property=\"article:modified_time\" content=\"2025-12-10T18:35:40+00:00\" \/>\n<meta property=\"og:image\" content=\"https:\/\/espak.ee\/epood\/wp-content\/uploads\/048700-KWB.jpg\" \/>\n\t<meta property=\"og:image:width\" content=\"1000\" \/>\n\t<meta property=\"og:image:height\" content=\"1000\" \/>\n\t<meta property=\"og:image:type\" content=\"image\/jpeg\" \/>\n<meta name=\"twitter:card\" content=\"summary_large_image\" \/>\n<script type=\"application\/ld+json\" class=\"yoast-schema-graph\">{\"@context\":\"https:\/\/schema.org\",\"@graph\":[{\"@type\":\"WebPage\",\"@id\":\"https:\/\/espak.ee\/epood\/toode\/universaalpuur-10mm-048700\/\",\"url\":\"https:\/\/espak.ee\/epood\/toode\/universaalpuur-10mm-048700\/\",\"name\":\"UNIVERSAALPUUR 10MM 048700 - Espak E-pood\",\"isPartOf\":{\"@id\":\"https:\/\/espak.ee\/epood\/#website\"},\"primaryImageOfPage\":{\"@id\":\"https:\/\/espak.ee\/epood\/toode\/universaalpuur-10mm-048700\/#primaryimage\"},\"image\":{\"@id\":\"https:\/\/espak.ee\/epood\/toode\/universaalpuur-10mm-048700\/#primaryimage\"},\"thumbnailUrl\":\"https:\/\/espak.ee\/epood\/wp-content\/uploads\/048700-KWB.jpg\",\"datePublished\":\"2020-08-24T04:00:09+00:00\",\"dateModified\":\"2025-12-10T18:35:40+00:00\",\"breadcrumb\":{\"@id\":\"https:\/\/espak.ee\/epood\/toode\/universaalpuur-10mm-048700\/#breadcrumb\"},\"inLanguage\":\"et\",\"potentialAction\":[{\"@type\":\"ReadAction\",\"target\":[\"https:\/\/espak.ee\/epood\/toode\/universaalpuur-10mm-048700\/\"]}]},{\"@type\":\"ImageObject\",\"inLanguage\":\"et\",\"@id\":\"https:\/\/espak.ee\/epood\/toode\/universaalpuur-10mm-048700\/#primaryimage\",\"url\":\"https:\/\/espak.ee\/epood\/wp-content\/uploads\/048700-KWB.jpg\",\"contentUrl\":\"https:\/\/espak.ee\/epood\/wp-content\/uploads\/048700-KWB.jpg\",\"width\":1000,\"height\":1000},{\"@type\":\"BreadcrumbList\",\"@id\":\"https:\/\/espak.ee\/epood\/toode\/universaalpuur-10mm-048700\/#breadcrumb\",\"itemListElement\":[{\"@type\":\"ListItem\",\"position\":1,\"name\":\"Home\",\"item\":\"https:\/\/espak.ee\/epood\/\"},{\"@type\":\"ListItem\",\"position\":2,\"name\":\"Tootevalik\",\"item\":\"https:\/\/espak.ee\/epood\/tootevalik\/\"},{\"@type\":\"ListItem\",\"position\":3,\"name\":\"UNIVERSAALPUUR 10MM 048700\"}]},{\"@type\":\"WebSite\",\"@id\":\"https:\/\/espak.ee\/epood\/#website\",\"url\":\"https:\/\/espak.ee\/epood\/\",\"name\":\"Espak E-pood\",\"description\":\"\",\"potentialAction\":[{\"@type\":\"SearchAction\",\"target\":{\"@type\":\"EntryPoint\",\"urlTemplate\":\"https:\/\/espak.ee\/epood\/?s={search_term_string}\"},\"query-input\":{\"@type\":\"PropertyValueSpecification\",\"valueRequired\":true,\"valueName\":\"search_term_string\"}}],\"inLanguage\":\"et\"}]}<\/script>\n<!-- \/ Yoast SEO plugin. -->","yoast_head_json":{"title":"UNIVERSAALPUUR 10MM 048700 - Espak E-pood","robots":{"index":"index","follow":"follow","max-snippet":"max-snippet:-1","max-image-preview":"max-image-preview:large","max-video-preview":"max-video-preview:-1"},"canonical":"https:\/\/espak.ee\/epood\/toode\/universaalpuur-10mm-048700\/","og_locale":"et_EE","og_type":"article","og_title":"UNIVERSAALPUUR 10MM 048700 - Espak E-pood","og_description":"Tootekirjeldus:Universaalpuurid, volframkarbiidotsaga, eriti tugev volfram-titaan-karbiidteravik, teemantlihvitud l\u00f5iketiivad, k\u00f5rgel temperatuuril joodetud, eemaldab laastud, ebas\u00fcmmeetriline keerd puurimisj\u00e4\u00e4tmete parimaks eemaldamiseks, k\u00f5igile p\u00f6\u00f6rd- ja l\u00f6\u00f6ktrellidele. Vasev\u00e4rvi, lihvitud pinnad, kivi, marmori, tehiskivi, betooni, graniidi, telliskivi, keraamika, leht- ja okaspuidu, plasti ja akr\u00fc\u00fcli, legeeritud ja legeerimata terase, klaasi ja kristalli puurimiseks.","og_url":"https:\/\/espak.ee\/epood\/toode\/universaalpuur-10mm-048700\/","og_site_name":"Espak E-pood","article_modified_time":"2025-12-10T18:35:40+00:00","og_image":[{"width":1000,"height":1000,"url":"https:\/\/espak.ee\/epood\/wp-content\/uploads\/048700-KWB.jpg","type":"image\/jpeg"}],"twitter_card":"summary_large_image","schema":{"@context":"https:\/\/schema.org","@graph":[{"@type":"WebPage","@id":"https:\/\/espak.ee\/epood\/toode\/universaalpuur-10mm-048700\/","url":"https:\/\/espak.ee\/epood\/toode\/universaalpuur-10mm-048700\/","name":"UNIVERSAALPUUR 10MM 048700 - Espak E-pood","isPartOf":{"@id":"https:\/\/espak.ee\/epood\/#website"},"primaryImageOfPage":{"@id":"https:\/\/espak.ee\/epood\/toode\/universaalpuur-10mm-048700\/#primaryimage"},"image":{"@id":"https:\/\/espak.ee\/epood\/toode\/universaalpuur-10mm-048700\/#primaryimage"},"thumbnailUrl":"https:\/\/espak.ee\/epood\/wp-content\/uploads\/048700-KWB.jpg","datePublished":"2020-08-24T04:00:09+00:00","dateModified":"2025-12-10T18:35:40+00:00","breadcrumb":{"@id":"https:\/\/espak.ee\/epood\/toode\/universaalpuur-10mm-048700\/#breadcrumb"},"inLanguage":"et","potentialAction":[{"@type":"ReadAction","target":["https:\/\/espak.ee\/epood\/toode\/universaalpuur-10mm-048700\/"]}]},{"@type":"ImageObject","inLanguage":"et","@id":"https:\/\/espak.ee\/epood\/toode\/universaalpuur-10mm-048700\/#primaryimage","url":"https:\/\/espak.ee\/epood\/wp-content\/uploads\/048700-KWB.jpg","contentUrl":"https:\/\/espak.ee\/epood\/wp-content\/uploads\/048700-KWB.jpg","width":1000,"height":1000},{"@type":"BreadcrumbList","@id":"https:\/\/espak.ee\/epood\/toode\/universaalpuur-10mm-048700\/#breadcrumb","itemListElement":[{"@type":"ListItem","position":1,"name":"Home","item":"https:\/\/espak.ee\/epood\/"},{"@type":"ListItem","position":2,"name":"Tootevalik","item":"https:\/\/espak.ee\/epood\/tootevalik\/"},{"@type":"ListItem","position":3,"name":"UNIVERSAALPUUR 10MM 048700"}]},{"@type":"WebSite","@id":"https:\/\/espak.ee\/epood\/#website","url":"https:\/\/espak.ee\/epood\/","name":"Espak E-pood","description":"","potentialAction":[{"@type":"SearchAction","target":{"@type":"EntryPoint","urlTemplate":"https:\/\/espak.ee\/epood\/?s={search_term_string}"},"query-input":{"@type":"PropertyValueSpecification","valueRequired":true,"valueName":"search_term_string"}}],"inLanguage":"et"}]}},"_links":{"self":[{"href":"https:\/\/espak.ee\/epood\/wp-json\/wp\/v2\/product\/38524","targetHints":{"allow":["GET"]}}],"collection":[{"href":"https:\/\/espak.ee\/epood\/wp-json\/wp\/v2\/product"}],"about":[{"href":"https:\/\/espak.ee\/epood\/wp-json\/wp\/v2\/types\/product"}],"replies":[{"embeddable":true,"href":"https:\/\/espak.ee\/epood\/wp-json\/wp\/v2\/comments?post=38524"}],"wp:featuredmedia":[{"embeddable":true,"href":"https:\/\/espak.ee\/epood\/wp-json\/wp\/v2\/media\/44762"}],"wp:attachment":[{"href":"https:\/\/espak.ee\/epood\/wp-json\/wp\/v2\/media?parent=38524"}],"wp:term":[{"taxonomy":"product_brand","embeddable":true,"href":"https:\/\/espak.ee\/epood\/wp-json\/wp\/v2\/product_brand?post=38524"},{"taxonomy":"product_cat","embeddable":true,"href":"https:\/\/espak.ee\/epood\/wp-json\/wp\/v2\/product_cat?post=38524"},{"taxonomy":"product_tag","embeddable":true,"href":"https:\/\/espak.ee\/epood\/wp-json\/wp\/v2\/product_tag?post=38524"}],"curies":[{"name":"wp","href":"https:\/\/api.w.org\/{rel}","templated":true}]}}