{"id":38013,"date":"2020-08-24T06:46:44","date_gmt":"2020-08-24T03:46:44","guid":{"rendered":"https:\/\/espak.ee\/hinnakiri\/?post_type=product&#038;p=38013"},"modified":"2025-09-13T13:09:11","modified_gmt":"2025-09-13T10:09:11","slug":"liimipustol-kwb-11mm-liimile-538211","status":"publish","type":"product","link":"https:\/\/espak.ee\/epood\/toode\/liimipustol-kwb-11mm-liimile-538211\/","title":{"rendered":"LIIMIP\u00dcSTOL KWB 11MM LIIMILE 538211"},"content":{"rendered":"<p><strong>Tootekirjeldus:<\/strong><br \/>Kiireks ja ohutuks liimimiseks, k\u00e4sit\u00f6\u00f6, remondi ja kaunistuste tegemiseks.<br \/>\nUniversaalliim majapidamises, t\u00f6\u00f6kojas kasutamiseks, meisterdamiseks, \u00fclit\u00e4pseks metalli, klaasi, keraamika, marmori, puidu, naha, tekstiili, plasti (mitte PP, PE, pol\u00fcst\u00fcreeni) liimimiseks. Liik on ilmastikukindel. Sobib kasutamiseks sise- ja v\u00e4litingimustes. Kasutamiseks vahelduvvooluga 230 V\u00a0\/\u00a050\u00a0Hz, soojenemisaeg 3\u20135\u00a0min, t\u00f6\u00f6temperatuur 195\u00a0\u00b0C, v\u00f5imsus 8\u201312 g\/min, kaabli pikkus 140 cm, mass 220 g.<\/p>\n","protected":false},"excerpt":{"rendered":"<p>Tootekirjeldus:Kiireks ja ohutuks liimimiseks, k\u00e4sit\u00f6\u00f6, remondi ja kaunistuste tegemiseks. Universaalliim majapidamises, t\u00f6\u00f6kojas kasutamiseks, meisterdamiseks, \u00fclit\u00e4pseks metalli, klaasi, keraamika, marmori, puidu, naha, tekstiili, plasti (mitte PP, PE, pol\u00fcst\u00fcreeni) liimimiseks. Liik on ilmastikukindel. Sobib kasutamiseks sise- ja v\u00e4litingimustes. Kasutamiseks vahelduvvooluga 230 V\u00a0\/\u00a050\u00a0Hz, soojenemisaeg 3\u20135\u00a0min, t\u00f6\u00f6temperatuur 195\u00a0\u00b0C, v\u00f5imsus 8\u201312 g\/min, kaabli pikkus 140 cm, mass 220 g.<\/p>\n","protected":false},"featured_media":45753,"comment_status":"closed","ping_status":"open","template":"","meta":[],"product_brand":[],"product_cat":[2771,2954,2955,2679],"product_tag":[],"class_list":{"0":"post-38013","1":"product","2":"type-product","3":"status-publish","4":"has-post-thumbnail","6":"product_cat-kasitooriistad","7":"product_cat-kasitooriistad-kasitooriistad","8":"product_cat-muud-kasitooriistad","9":"product_cat-tooriistad","10":"pa_kaubamark-kwb","12":"first","13":"instock","14":"sale","15":"taxable","16":"shipping-taxable","17":"purchasable","18":"product-type-simple"},"yoast_head":"<!-- This site is optimized with the Yoast SEO plugin v26.9 - https:\/\/yoast.com\/product\/yoast-seo-wordpress\/ -->\n<title>LIIMIP\u00dcSTOL KWB 11MM LIIMILE 538211 - Espak E-pood<\/title>\n<meta name=\"robots\" content=\"index, follow, max-snippet:-1, max-image-preview:large, max-video-preview:-1\" \/>\n<link rel=\"canonical\" href=\"https:\/\/espak.ee\/epood\/toode\/liimipustol-kwb-11mm-liimile-538211\/\" \/>\n<meta property=\"og:locale\" content=\"et_EE\" \/>\n<meta property=\"og:type\" content=\"article\" \/>\n<meta property=\"og:title\" content=\"LIIMIP\u00dcSTOL KWB 11MM LIIMILE 538211 - Espak E-pood\" \/>\n<meta property=\"og:description\" content=\"Tootekirjeldus:Kiireks ja ohutuks liimimiseks, k\u00e4sit\u00f6\u00f6, remondi ja kaunistuste tegemiseks. Universaalliim majapidamises, t\u00f6\u00f6kojas kasutamiseks, meisterdamiseks, \u00fclit\u00e4pseks metalli, klaasi, keraamika, marmori, puidu, naha, tekstiili, plasti (mitte PP, PE, pol\u00fcst\u00fcreeni) liimimiseks. Liik on ilmastikukindel. Sobib kasutamiseks sise- ja v\u00e4litingimustes. Kasutamiseks vahelduvvooluga 230 V\u00a0\/\u00a050\u00a0Hz, soojenemisaeg 3\u20135\u00a0min, t\u00f6\u00f6temperatuur 195\u00a0\u00b0C, v\u00f5imsus 8\u201312 g\/min, kaabli pikkus 140 cm, mass 220 g.\" \/>\n<meta property=\"og:url\" content=\"https:\/\/espak.ee\/epood\/toode\/liimipustol-kwb-11mm-liimile-538211\/\" \/>\n<meta property=\"og:site_name\" content=\"Espak E-pood\" \/>\n<meta property=\"article:modified_time\" content=\"2025-09-13T10:09:11+00:00\" \/>\n<meta property=\"og:image\" content=\"https:\/\/espak.ee\/epood\/wp-content\/uploads\/538211-KWB.jpg\" \/>\n\t<meta property=\"og:image:width\" content=\"1000\" \/>\n\t<meta property=\"og:image:height\" content=\"1000\" \/>\n\t<meta property=\"og:image:type\" content=\"image\/jpeg\" \/>\n<meta name=\"twitter:card\" content=\"summary_large_image\" \/>\n<script type=\"application\/ld+json\" class=\"yoast-schema-graph\">{\"@context\":\"https:\/\/schema.org\",\"@graph\":[{\"@type\":\"WebPage\",\"@id\":\"https:\/\/espak.ee\/epood\/toode\/liimipustol-kwb-11mm-liimile-538211\/\",\"url\":\"https:\/\/espak.ee\/epood\/toode\/liimipustol-kwb-11mm-liimile-538211\/\",\"name\":\"LIIMIP\u00dcSTOL KWB 11MM LIIMILE 538211 - Espak E-pood\",\"isPartOf\":{\"@id\":\"https:\/\/espak.ee\/epood\/#website\"},\"primaryImageOfPage\":{\"@id\":\"https:\/\/espak.ee\/epood\/toode\/liimipustol-kwb-11mm-liimile-538211\/#primaryimage\"},\"image\":{\"@id\":\"https:\/\/espak.ee\/epood\/toode\/liimipustol-kwb-11mm-liimile-538211\/#primaryimage\"},\"thumbnailUrl\":\"https:\/\/espak.ee\/epood\/wp-content\/uploads\/538211-KWB.jpg\",\"datePublished\":\"2020-08-24T03:46:44+00:00\",\"dateModified\":\"2025-09-13T10:09:11+00:00\",\"breadcrumb\":{\"@id\":\"https:\/\/espak.ee\/epood\/toode\/liimipustol-kwb-11mm-liimile-538211\/#breadcrumb\"},\"inLanguage\":\"et\",\"potentialAction\":[{\"@type\":\"ReadAction\",\"target\":[\"https:\/\/espak.ee\/epood\/toode\/liimipustol-kwb-11mm-liimile-538211\/\"]}]},{\"@type\":\"ImageObject\",\"inLanguage\":\"et\",\"@id\":\"https:\/\/espak.ee\/epood\/toode\/liimipustol-kwb-11mm-liimile-538211\/#primaryimage\",\"url\":\"https:\/\/espak.ee\/epood\/wp-content\/uploads\/538211-KWB.jpg\",\"contentUrl\":\"https:\/\/espak.ee\/epood\/wp-content\/uploads\/538211-KWB.jpg\",\"width\":1000,\"height\":1000},{\"@type\":\"BreadcrumbList\",\"@id\":\"https:\/\/espak.ee\/epood\/toode\/liimipustol-kwb-11mm-liimile-538211\/#breadcrumb\",\"itemListElement\":[{\"@type\":\"ListItem\",\"position\":1,\"name\":\"Home\",\"item\":\"https:\/\/espak.ee\/epood\/\"},{\"@type\":\"ListItem\",\"position\":2,\"name\":\"Tootevalik\",\"item\":\"https:\/\/espak.ee\/epood\/tootevalik\/\"},{\"@type\":\"ListItem\",\"position\":3,\"name\":\"LIIMIP\u00dcSTOL KWB 11MM LIIMILE 538211\"}]},{\"@type\":\"WebSite\",\"@id\":\"https:\/\/espak.ee\/epood\/#website\",\"url\":\"https:\/\/espak.ee\/epood\/\",\"name\":\"Espak E-pood\",\"description\":\"\",\"potentialAction\":[{\"@type\":\"SearchAction\",\"target\":{\"@type\":\"EntryPoint\",\"urlTemplate\":\"https:\/\/espak.ee\/epood\/?s={search_term_string}\"},\"query-input\":{\"@type\":\"PropertyValueSpecification\",\"valueRequired\":true,\"valueName\":\"search_term_string\"}}],\"inLanguage\":\"et\"}]}<\/script>\n<!-- \/ Yoast SEO plugin. -->","yoast_head_json":{"title":"LIIMIP\u00dcSTOL KWB 11MM LIIMILE 538211 - Espak E-pood","robots":{"index":"index","follow":"follow","max-snippet":"max-snippet:-1","max-image-preview":"max-image-preview:large","max-video-preview":"max-video-preview:-1"},"canonical":"https:\/\/espak.ee\/epood\/toode\/liimipustol-kwb-11mm-liimile-538211\/","og_locale":"et_EE","og_type":"article","og_title":"LIIMIP\u00dcSTOL KWB 11MM LIIMILE 538211 - Espak E-pood","og_description":"Tootekirjeldus:Kiireks ja ohutuks liimimiseks, k\u00e4sit\u00f6\u00f6, remondi ja kaunistuste tegemiseks. Universaalliim majapidamises, t\u00f6\u00f6kojas kasutamiseks, meisterdamiseks, \u00fclit\u00e4pseks metalli, klaasi, keraamika, marmori, puidu, naha, tekstiili, plasti (mitte PP, PE, pol\u00fcst\u00fcreeni) liimimiseks. Liik on ilmastikukindel. Sobib kasutamiseks sise- ja v\u00e4litingimustes. Kasutamiseks vahelduvvooluga 230 V\u00a0\/\u00a050\u00a0Hz, soojenemisaeg 3\u20135\u00a0min, t\u00f6\u00f6temperatuur 195\u00a0\u00b0C, v\u00f5imsus 8\u201312 g\/min, kaabli pikkus 140 cm, mass 220 g.","og_url":"https:\/\/espak.ee\/epood\/toode\/liimipustol-kwb-11mm-liimile-538211\/","og_site_name":"Espak E-pood","article_modified_time":"2025-09-13T10:09:11+00:00","og_image":[{"width":1000,"height":1000,"url":"https:\/\/espak.ee\/epood\/wp-content\/uploads\/538211-KWB.jpg","type":"image\/jpeg"}],"twitter_card":"summary_large_image","schema":{"@context":"https:\/\/schema.org","@graph":[{"@type":"WebPage","@id":"https:\/\/espak.ee\/epood\/toode\/liimipustol-kwb-11mm-liimile-538211\/","url":"https:\/\/espak.ee\/epood\/toode\/liimipustol-kwb-11mm-liimile-538211\/","name":"LIIMIP\u00dcSTOL KWB 11MM LIIMILE 538211 - Espak E-pood","isPartOf":{"@id":"https:\/\/espak.ee\/epood\/#website"},"primaryImageOfPage":{"@id":"https:\/\/espak.ee\/epood\/toode\/liimipustol-kwb-11mm-liimile-538211\/#primaryimage"},"image":{"@id":"https:\/\/espak.ee\/epood\/toode\/liimipustol-kwb-11mm-liimile-538211\/#primaryimage"},"thumbnailUrl":"https:\/\/espak.ee\/epood\/wp-content\/uploads\/538211-KWB.jpg","datePublished":"2020-08-24T03:46:44+00:00","dateModified":"2025-09-13T10:09:11+00:00","breadcrumb":{"@id":"https:\/\/espak.ee\/epood\/toode\/liimipustol-kwb-11mm-liimile-538211\/#breadcrumb"},"inLanguage":"et","potentialAction":[{"@type":"ReadAction","target":["https:\/\/espak.ee\/epood\/toode\/liimipustol-kwb-11mm-liimile-538211\/"]}]},{"@type":"ImageObject","inLanguage":"et","@id":"https:\/\/espak.ee\/epood\/toode\/liimipustol-kwb-11mm-liimile-538211\/#primaryimage","url":"https:\/\/espak.ee\/epood\/wp-content\/uploads\/538211-KWB.jpg","contentUrl":"https:\/\/espak.ee\/epood\/wp-content\/uploads\/538211-KWB.jpg","width":1000,"height":1000},{"@type":"BreadcrumbList","@id":"https:\/\/espak.ee\/epood\/toode\/liimipustol-kwb-11mm-liimile-538211\/#breadcrumb","itemListElement":[{"@type":"ListItem","position":1,"name":"Home","item":"https:\/\/espak.ee\/epood\/"},{"@type":"ListItem","position":2,"name":"Tootevalik","item":"https:\/\/espak.ee\/epood\/tootevalik\/"},{"@type":"ListItem","position":3,"name":"LIIMIP\u00dcSTOL KWB 11MM LIIMILE 538211"}]},{"@type":"WebSite","@id":"https:\/\/espak.ee\/epood\/#website","url":"https:\/\/espak.ee\/epood\/","name":"Espak E-pood","description":"","potentialAction":[{"@type":"SearchAction","target":{"@type":"EntryPoint","urlTemplate":"https:\/\/espak.ee\/epood\/?s={search_term_string}"},"query-input":{"@type":"PropertyValueSpecification","valueRequired":true,"valueName":"search_term_string"}}],"inLanguage":"et"}]}},"_links":{"self":[{"href":"https:\/\/espak.ee\/epood\/wp-json\/wp\/v2\/product\/38013","targetHints":{"allow":["GET"]}}],"collection":[{"href":"https:\/\/espak.ee\/epood\/wp-json\/wp\/v2\/product"}],"about":[{"href":"https:\/\/espak.ee\/epood\/wp-json\/wp\/v2\/types\/product"}],"replies":[{"embeddable":true,"href":"https:\/\/espak.ee\/epood\/wp-json\/wp\/v2\/comments?post=38013"}],"wp:featuredmedia":[{"embeddable":true,"href":"https:\/\/espak.ee\/epood\/wp-json\/wp\/v2\/media\/45753"}],"wp:attachment":[{"href":"https:\/\/espak.ee\/epood\/wp-json\/wp\/v2\/media?parent=38013"}],"wp:term":[{"taxonomy":"product_brand","embeddable":true,"href":"https:\/\/espak.ee\/epood\/wp-json\/wp\/v2\/product_brand?post=38013"},{"taxonomy":"product_cat","embeddable":true,"href":"https:\/\/espak.ee\/epood\/wp-json\/wp\/v2\/product_cat?post=38013"},{"taxonomy":"product_tag","embeddable":true,"href":"https:\/\/espak.ee\/epood\/wp-json\/wp\/v2\/product_tag?post=38013"}],"curies":[{"name":"wp","href":"https:\/\/api.w.org\/{rel}","templated":true}]}}