{"id":3701,"date":"2019-01-26T02:07:47","date_gmt":"2019-01-26T00:07:47","guid":{"rendered":"https:\/\/espak.ee\/tellimiskeskkond\/?post_type=product&#038;p=3701"},"modified":"2026-03-21T09:36:42","modified_gmt":"2026-03-21T07:36:42","slug":"peits-celco-wood-stain-varvitu-1l","status":"publish","type":"product","link":"https:\/\/espak.ee\/epood\/toode\/peits-celco-wood-stain-varvitu-1l\/","title":{"rendered":"PEITS CELCO WOOD STAIN V\u00c4RVITU 1L"},"content":{"rendered":"<div class=\"row\"  id=\"row-492746210\">\n\n\t<div id=\"col-1066798377\" class=\"col medium-9 small-12 large-9\"  >\n\t\t\t\t<div class=\"col-inner\"  >\n\t\t\t\n\t\t\t\n<h2>Toonitav puidupeits<\/h2>\n<p>Veep\u00f5hine peits puidu dekoratiivviimistluseks siset\u00f6\u00f6l. L\u00e4bikumav peits toob esile pinna faktuuri, r\u00f5hutades puidu loomulikku ja kordumatut ilu. Toode on v\u00e4ga v\u00e4hese l\u00f5hnaga ning kiiresti kuivav, peitsitud puitpind j\u00e4\u00e4b hingav. Tootes sisalduv alk\u00fc\u00fcdvaik tungib puidu pooridesse, tagades peitsile hea nakke puhta puiduga.<\/p>\n<div class=\"message-box relative\" style=\"padding-top:15px;padding-bottom:15px;\"><div class=\"message-box-bg-image bg-fill fill\" ><\/div><div class=\"message-box-bg-overlay bg-fill fill\" ><\/div><div class=\"container relative\"><div class=\"inner last-reset\">\n<div class=\"row align-middle align-center\"  id=\"row-2099875488\">\n\n\t<div id=\"col-1241647851\" class=\"col small-12 large-12\"  >\n\t\t\t\t<div class=\"col-inner text-left\"  >\n\t\t\t\n\t\t\t\n<h4>Omadused<\/h4>\n<div class=\"row\"  id=\"row-1275999470\">\n\n\t<div id=\"col-572791353\" class=\"col medium-6 small-12 large-6\"  >\n\t\t\t\t<div class=\"col-inner\"  >\n\t\t\t\n\t\t\t\n<p><i class=\"fa fa-paint-roller fa-2x\"><\/i> <strong>Katvus<\/strong> 13-17 m\u00b2\/L<\/p>\n\t\t<\/div>\n\t\t\t\t\n<style>\n#col-572791353 > .col-inner {\n  margin: 10px 0px 15px 0px;\n}\n<\/style>\n\t<\/div>\n\n\t\n\n\t<div id=\"col-1431748748\" class=\"col medium-6 small-12 large-6\"  >\n\t\t\t\t<div class=\"col-inner\"  >\n\t\t\t\n\t\t\t\n<p><i class=\"fa fa-clock-four fa-2x\"><\/i> <strong>Kuivamisaeg<\/strong> 2 h<\/p>\n\t\t<\/div>\n\t\t\t\t\n<style>\n#col-1431748748 > .col-inner {\n  margin: 10px 0px 15px 0px;\n}\n<\/style>\n\t<\/div>\n\n\t\n<\/div>\n<div class=\"is-divider divider clearfix\" style=\"margin-top:20px;margin-bottom:20px;max-width:100%;height:2px;background-color:rgb(1, 27, 70);\"><\/div>\n<div class=\"row\"  id=\"row-1745194893\">\n\n\t<div id=\"col-984282918\" class=\"col medium-6 small-12 large-6\"  >\n\t\t\t\t<div class=\"col-inner\"  >\n\t\t\t\n\t\t\t\n<p><i class=\"fa fa-check fa-2x\"><\/i> <strong>V\u00e4hese l\u00f5hnaga<\/strong><\/p>\n<p><i class=\"fa fa-clock-four fa-2x\"><\/i> <strong>Kiiresti kuivav<\/strong><\/p>\n\t\t<\/div>\n\t\t\t\t\n<style>\n#col-984282918 > .col-inner {\n  margin: 0px 0px 15px 0px;\n}\n<\/style>\n\t<\/div>\n\n\t\n\n\t<div id=\"col-682195617\" class=\"col medium-6 small-12 large-6\"  >\n\t\t\t\t<div class=\"col-inner\"  >\n\t\t\t\n\t\t\t\n<p><i class=\"fa fa-water fa-2x\"><\/i> <strong>Veep\u00f5hine<\/strong><\/p>\n\t\t<\/div>\n\t\t\t\t\n<style>\n#col-682195617 > .col-inner {\n  margin: 0px 0px 15px 0px;\n}\n<\/style>\n\t<\/div>\n\n\t\n<\/div>\n\t\t<\/div>\n\t\t\t\t\t<\/div>\n\n\t\n<\/div>\n<\/div><\/div><\/div>\n\t<div id=\"gap-859852576\" class=\"gap-element clearfix\" style=\"display:block; height:auto;\">\n\t\t\n<style>\n#gap-859852576 {\n  padding-top: 30px;\n}\n<\/style>\n\t<\/div>\n\t\n<p><strong>Kihtide arv:<\/strong> 1<\/p>\n<h3>Kasutamise \u00fcksikasjad<\/h3>\n<p><strong>Pinna ettevalmistus:<\/strong> Saetud ja h\u00f6\u00f6veldatud puitpind siset\u00f6\u00f6l. Sobib kasutada puidust seinte, lagede, m\u00f6\u00f6bli, uste, liistude jm puitpindade viimistlemiseks kuivades siseruumides. Kulumiskindlust n\u00f5udvad ning kergemini m\u00e4\u00e4rduvad pinnad on soovitav peitsimise j\u00e4rel katta t\u00e4iendavalt lakiga.<\/p>\n<p><strong>Peitsimine:<\/strong> Ettevalmistus. Peits on kasutusvalmis ega vaja vedeldamist. Enne kasutamist ning t\u00f6\u00f6 ajal toodet hoolikalt segada, et pigment ei sadestuks purgi p\u00f5hja.<br \/>\nT\u00f6\u00f6 k\u00e4ik. Peits kanda pinnale pintsliga piki lauda \u00fches v\u00f5i enamas kihis, lastes kihtide vahel pinnal n\u00f5uetekohaselt kuivada. Iga j\u00e4rgnev kiht muudab v\u00e4rvitooni tumedamaks ning v\u00e4hem l\u00e4bikumavaks. Peitsitud pinna l\u00f5pptoon s\u00f5ltub lisaks valitud v\u00e4rvitoonile ka puidu liigist ning pinnat\u00f6\u00f6tlusest (saetud, h\u00f6\u00f6veldatud).<br \/>\nKulumiskindlust n\u00f5udvad (nt p\u00f5randad) ning kergemini m\u00e4\u00e4rduvad pinnad (nt seinad, uksed, k\u00e4sipuud) on soovitav peitsimise j\u00e4rel katta t\u00e4iendavalt 1-2 kihi lakiga (Celco Aqua, Celco Parquet, Celco Terra).\n<\/p>\n<p><strong>Puhastamine:<\/strong> M\u00e4\u00e4rdunud pinna puhastamiseks kasutada puhast vett ning niisket ja pehmet \u0161vammi v\u00f5i lappi, vajadusel ka neutraalseid puhastusvahendeid. Mitte kasutada orgaanilisi lahusteid sisaldavaid puhastusaineid.<\/p>\n<p><strong>Hoiustamine:<\/strong> Hoida toodet lastele k\u00e4ttesaamatus kohas. V\u00e4ltida toote sattumist silma ja nahale.<\/p>\n<p><strong>Tervishoiu- ja ohutusn\u00f5uded:<\/strong> T\u00f6\u00f6 l\u00f5ppedes sulgeda hoolikalt n\u00f5u. Enne t\u00f6\u00f6vahendi pesemist eemaldada sellelt liigne toode. T\u00f6\u00f6vahendid puhastada koheselt peale t\u00f6\u00f6 l\u00f5petamist, kuivanud toodet saab eemaldada ainult mehhaaniliselt. Mitte valada toodet kanalisatsiooni v\u00f5i veekogusse. Vedelad j\u00e4\u00e4gid toimetada kahjulike ainete kogumiskohta, j\u00e4\u00e4tmek\u00e4itlusesse suunata ainult t\u00e4ielikult t\u00fchjendatud n\u00f5u.<\/p>\n\t\t<\/div>\n\t\t\t\t\t<\/div>\n\n\t\n\n\t<div id=\"col-1354221170\" class=\"col medium-3 small-12 large-3\"  >\n\t\t\t\t<div class=\"col-inner\"  >\n\t\t\t\n\t\t\t\n\t<div id=\"gap-1141017446\" class=\"gap-element clearfix\" style=\"display:block; height:auto;\">\n\t\t\n<style>\n#gap-1141017446 {\n  padding-top: 30px;\n}\n<\/style>\n\t<\/div>\n\t\n<h3>Tehniline informatsioon<\/h3>\n<p><a href=\"https:\/\/espak.ee\/epood\/wp-content\/uploads\/celco_wood_stain_tooteleht.pdf\" target=\"_blank\" rel=\"noopener noreferrer\"><i class=\"far fa-file-pdf\"><\/i> Tehniline info (PDF)<\/a><\/p>\n<h3>Ohutusalane teave<\/h3>\n<p><a href=\"https:\/\/espak.ee\/epood\/wp-content\/uploads\/celco_wood_stain-ohutuskaart.pdf\" target=\"_blank\" rel=\"noopener noreferrer\"><i class=\"far fa-file-pdf\"><\/i> Ohutusalane teave (PDF)<\/a><\/p>\n<div class=\"is-divider divider clearfix\" ><\/div>\n<p><strong>\u00dcksikasjalikuma n\u00f5u saamiseks v\u00f5tke \u00fchendust:<br \/><\/strong>Akzo Nobel Baltics, R. Tobiase 8, 10147 Tallinn, Telefon: 6305299<\/p>\n\t\t<\/div>\n\t\t\t\t\t<\/div>\n\n\t\n<\/div>\n","protected":false},"excerpt":{"rendered":"","protected":false},"featured_media":10215,"comment_status":"closed","ping_status":"open","template":"","meta":[],"product_brand":[],"product_cat":[2693,2694,2684,2683],"product_tag":[],"class_list":{"0":"post-3701","1":"product","2":"type-product","3":"status-publish","4":"has-post-thumbnail","6":"product_cat-lakid-peitsid-olid-puidukaitse","7":"product_cat-siselakid-ja-peitsid","8":"product_cat-varvid-lakid-lahustid-puidukaitsed-olid","9":"product_cat-viimistluskaubad","10":"product_shipping_class-dpd-cold","11":"pa_kaubamark-akzo-nobel-baltics-as","13":"first","14":"instock","15":"sale","16":"taxable","17":"shipping-taxable","18":"purchasable","19":"product-type-simple"},"yoast_head":"<!-- This site is optimized with the Yoast SEO plugin v26.9 - https:\/\/yoast.com\/product\/yoast-seo-wordpress\/ -->\n<title>PEITS CELCO WOOD STAIN V\u00c4RVITU 1L - Espak E-pood<\/title>\n<meta name=\"robots\" content=\"index, follow, max-snippet:-1, max-image-preview:large, max-video-preview:-1\" \/>\n<link rel=\"canonical\" href=\"https:\/\/espak.ee\/epood\/toode\/peits-celco-wood-stain-varvitu-1l\/\" \/>\n<meta property=\"og:locale\" content=\"et_EE\" \/>\n<meta property=\"og:type\" content=\"article\" \/>\n<meta property=\"og:title\" content=\"PEITS CELCO WOOD STAIN V\u00c4RVITU 1L - Espak E-pood\" \/>\n<meta property=\"og:url\" content=\"https:\/\/espak.ee\/epood\/toode\/peits-celco-wood-stain-varvitu-1l\/\" \/>\n<meta property=\"og:site_name\" content=\"Espak E-pood\" \/>\n<meta property=\"article:modified_time\" content=\"2026-03-21T07:36:42+00:00\" \/>\n<meta property=\"og:image\" content=\"https:\/\/espak.ee\/epood\/wp-content\/uploads\/celco-wood-stain.jpg\" \/>\n\t<meta property=\"og:image:width\" content=\"1248\" \/>\n\t<meta property=\"og:image:height\" content=\"1248\" \/>\n\t<meta property=\"og:image:type\" content=\"image\/jpeg\" \/>\n<meta name=\"twitter:card\" content=\"summary_large_image\" \/>\n<meta name=\"twitter:label1\" content=\"Est. reading time\" \/>\n\t<meta name=\"twitter:data1\" content=\"2 minutit\" \/>\n<script type=\"application\/ld+json\" class=\"yoast-schema-graph\">{\"@context\":\"https:\/\/schema.org\",\"@graph\":[{\"@type\":\"WebPage\",\"@id\":\"https:\/\/espak.ee\/epood\/toode\/peits-celco-wood-stain-varvitu-1l\/\",\"url\":\"https:\/\/espak.ee\/epood\/toode\/peits-celco-wood-stain-varvitu-1l\/\",\"name\":\"PEITS CELCO WOOD STAIN V\u00c4RVITU 1L - Espak E-pood\",\"isPartOf\":{\"@id\":\"https:\/\/espak.ee\/epood\/#website\"},\"primaryImageOfPage\":{\"@id\":\"https:\/\/espak.ee\/epood\/toode\/peits-celco-wood-stain-varvitu-1l\/#primaryimage\"},\"image\":{\"@id\":\"https:\/\/espak.ee\/epood\/toode\/peits-celco-wood-stain-varvitu-1l\/#primaryimage\"},\"thumbnailUrl\":\"https:\/\/espak.ee\/epood\/wp-content\/uploads\/celco-wood-stain.jpg\",\"datePublished\":\"2019-01-26T00:07:47+00:00\",\"dateModified\":\"2026-03-21T07:36:42+00:00\",\"breadcrumb\":{\"@id\":\"https:\/\/espak.ee\/epood\/toode\/peits-celco-wood-stain-varvitu-1l\/#breadcrumb\"},\"inLanguage\":\"et\",\"potentialAction\":[{\"@type\":\"ReadAction\",\"target\":[\"https:\/\/espak.ee\/epood\/toode\/peits-celco-wood-stain-varvitu-1l\/\"]}]},{\"@type\":\"ImageObject\",\"inLanguage\":\"et\",\"@id\":\"https:\/\/espak.ee\/epood\/toode\/peits-celco-wood-stain-varvitu-1l\/#primaryimage\",\"url\":\"https:\/\/espak.ee\/epood\/wp-content\/uploads\/celco-wood-stain.jpg\",\"contentUrl\":\"https:\/\/espak.ee\/epood\/wp-content\/uploads\/celco-wood-stain.jpg\",\"width\":1248,\"height\":1248},{\"@type\":\"BreadcrumbList\",\"@id\":\"https:\/\/espak.ee\/epood\/toode\/peits-celco-wood-stain-varvitu-1l\/#breadcrumb\",\"itemListElement\":[{\"@type\":\"ListItem\",\"position\":1,\"name\":\"Home\",\"item\":\"https:\/\/espak.ee\/epood\/\"},{\"@type\":\"ListItem\",\"position\":2,\"name\":\"Tootevalik\",\"item\":\"https:\/\/espak.ee\/epood\/tootevalik\/\"},{\"@type\":\"ListItem\",\"position\":3,\"name\":\"PEITS CELCO WOOD STAIN V\u00c4RVITU 1L\"}]},{\"@type\":\"WebSite\",\"@id\":\"https:\/\/espak.ee\/epood\/#website\",\"url\":\"https:\/\/espak.ee\/epood\/\",\"name\":\"Espak E-pood\",\"description\":\"\",\"potentialAction\":[{\"@type\":\"SearchAction\",\"target\":{\"@type\":\"EntryPoint\",\"urlTemplate\":\"https:\/\/espak.ee\/epood\/?s={search_term_string}\"},\"query-input\":{\"@type\":\"PropertyValueSpecification\",\"valueRequired\":true,\"valueName\":\"search_term_string\"}}],\"inLanguage\":\"et\"}]}<\/script>\n<!-- \/ Yoast SEO plugin. -->","yoast_head_json":{"title":"PEITS CELCO WOOD STAIN V\u00c4RVITU 1L - Espak E-pood","robots":{"index":"index","follow":"follow","max-snippet":"max-snippet:-1","max-image-preview":"max-image-preview:large","max-video-preview":"max-video-preview:-1"},"canonical":"https:\/\/espak.ee\/epood\/toode\/peits-celco-wood-stain-varvitu-1l\/","og_locale":"et_EE","og_type":"article","og_title":"PEITS CELCO WOOD STAIN V\u00c4RVITU 1L - Espak E-pood","og_url":"https:\/\/espak.ee\/epood\/toode\/peits-celco-wood-stain-varvitu-1l\/","og_site_name":"Espak E-pood","article_modified_time":"2026-03-21T07:36:42+00:00","og_image":[{"width":1248,"height":1248,"url":"https:\/\/espak.ee\/epood\/wp-content\/uploads\/celco-wood-stain.jpg","type":"image\/jpeg"}],"twitter_card":"summary_large_image","twitter_misc":{"Est. reading time":"2 minutit"},"schema":{"@context":"https:\/\/schema.org","@graph":[{"@type":"WebPage","@id":"https:\/\/espak.ee\/epood\/toode\/peits-celco-wood-stain-varvitu-1l\/","url":"https:\/\/espak.ee\/epood\/toode\/peits-celco-wood-stain-varvitu-1l\/","name":"PEITS CELCO WOOD STAIN V\u00c4RVITU 1L - Espak E-pood","isPartOf":{"@id":"https:\/\/espak.ee\/epood\/#website"},"primaryImageOfPage":{"@id":"https:\/\/espak.ee\/epood\/toode\/peits-celco-wood-stain-varvitu-1l\/#primaryimage"},"image":{"@id":"https:\/\/espak.ee\/epood\/toode\/peits-celco-wood-stain-varvitu-1l\/#primaryimage"},"thumbnailUrl":"https:\/\/espak.ee\/epood\/wp-content\/uploads\/celco-wood-stain.jpg","datePublished":"2019-01-26T00:07:47+00:00","dateModified":"2026-03-21T07:36:42+00:00","breadcrumb":{"@id":"https:\/\/espak.ee\/epood\/toode\/peits-celco-wood-stain-varvitu-1l\/#breadcrumb"},"inLanguage":"et","potentialAction":[{"@type":"ReadAction","target":["https:\/\/espak.ee\/epood\/toode\/peits-celco-wood-stain-varvitu-1l\/"]}]},{"@type":"ImageObject","inLanguage":"et","@id":"https:\/\/espak.ee\/epood\/toode\/peits-celco-wood-stain-varvitu-1l\/#primaryimage","url":"https:\/\/espak.ee\/epood\/wp-content\/uploads\/celco-wood-stain.jpg","contentUrl":"https:\/\/espak.ee\/epood\/wp-content\/uploads\/celco-wood-stain.jpg","width":1248,"height":1248},{"@type":"BreadcrumbList","@id":"https:\/\/espak.ee\/epood\/toode\/peits-celco-wood-stain-varvitu-1l\/#breadcrumb","itemListElement":[{"@type":"ListItem","position":1,"name":"Home","item":"https:\/\/espak.ee\/epood\/"},{"@type":"ListItem","position":2,"name":"Tootevalik","item":"https:\/\/espak.ee\/epood\/tootevalik\/"},{"@type":"ListItem","position":3,"name":"PEITS CELCO WOOD STAIN V\u00c4RVITU 1L"}]},{"@type":"WebSite","@id":"https:\/\/espak.ee\/epood\/#website","url":"https:\/\/espak.ee\/epood\/","name":"Espak E-pood","description":"","potentialAction":[{"@type":"SearchAction","target":{"@type":"EntryPoint","urlTemplate":"https:\/\/espak.ee\/epood\/?s={search_term_string}"},"query-input":{"@type":"PropertyValueSpecification","valueRequired":true,"valueName":"search_term_string"}}],"inLanguage":"et"}]}},"_links":{"self":[{"href":"https:\/\/espak.ee\/epood\/wp-json\/wp\/v2\/product\/3701","targetHints":{"allow":["GET"]}}],"collection":[{"href":"https:\/\/espak.ee\/epood\/wp-json\/wp\/v2\/product"}],"about":[{"href":"https:\/\/espak.ee\/epood\/wp-json\/wp\/v2\/types\/product"}],"replies":[{"embeddable":true,"href":"https:\/\/espak.ee\/epood\/wp-json\/wp\/v2\/comments?post=3701"}],"wp:featuredmedia":[{"embeddable":true,"href":"https:\/\/espak.ee\/epood\/wp-json\/wp\/v2\/media\/10215"}],"wp:attachment":[{"href":"https:\/\/espak.ee\/epood\/wp-json\/wp\/v2\/media?parent=3701"}],"wp:term":[{"taxonomy":"product_brand","embeddable":true,"href":"https:\/\/espak.ee\/epood\/wp-json\/wp\/v2\/product_brand?post=3701"},{"taxonomy":"product_cat","embeddable":true,"href":"https:\/\/espak.ee\/epood\/wp-json\/wp\/v2\/product_cat?post=3701"},{"taxonomy":"product_tag","embeddable":true,"href":"https:\/\/espak.ee\/epood\/wp-json\/wp\/v2\/product_tag?post=3701"}],"curies":[{"name":"wp","href":"https:\/\/api.w.org\/{rel}","templated":true}]}}