{"id":28416,"date":"2020-05-20T06:00:16","date_gmt":"2020-05-20T03:00:16","guid":{"rendered":"https:\/\/espak.ee\/hinnakiri\/?post_type=product&#038;p=28416"},"modified":"2025-07-09T13:33:39","modified_gmt":"2025-07-09T10:33:39","slug":"bauroc-universal-kergplokk-200300600","status":"publish","type":"product","link":"https:\/\/espak.ee\/epood\/toode\/bauroc-universal-kergplokk-200300600\/","title":{"rendered":"bauroc UNIVERSAL kergplokk 200*300*600"},"content":{"rendered":"<div class=\"row\"  id=\"row-1303133348\">\n\n\t<div id=\"col-1334684103\" class=\"col medium-9 small-12 large-9\"  >\n\t\t\t\t<div class=\"col-inner\"  >\n\t\t\t\n\t\t\t\n<h2>UNIVERSAL kergplokk<\/h2>\n<p>bauroc UNIVERSAL kergplokid on valmistatud poorbetoonist kuivtihedusega 375 kg\/m\u00b3 ja survetugevusega fb=2,5 N\/mm\u00b2. UNIVERSAL plokke toodetakse m\u00f5\u00f5tmetega 600x300x200.<\/p>\n\t<div id=\"gap-1162457617\" class=\"gap-element clearfix\" style=\"display:block; height:auto;\">\n\t\t\n<style>\n#gap-1162457617 {\n  padding-top: 30px;\n}\n<\/style>\n\t<\/div>\n\t\n<h3>Kasutamise \u00fcksikasjad<\/h3>\n<p><strong>Kasutusalad:<\/strong> Erinevalt teistest bauroc plokkidest on UNIVERSAL kergploki otspinnad ilma soonteta ehk siledad. See v\u00f5imaldab plokke laduda nii serviti (laius 200 mm) kui ka lapiti (laius 300). Eriti efektiivne on 200mm seinte ehitamine UNIVERSAL 200\/300 plokkidega \u2013 serviti laotuna on kulunorm ainult 5,6 plokki\/m\u00b2. Seet\u00f5ttu sobivad UNIVERSAL kergplokid kasutamiseks suurtel ehitusobjektidel, kus on oluline soodsa hinnaga 200mm laiuste seinte kiire valmimine.<br \/>\nPlokke saab kasutada nii kandvate kui mittekandvate seinte ehitamiseks. UNIVERSAL kergplokkidest ehitatud v\u00e4lissein vajab t\u00e4iendavat soojustamist. Garaa\u017eide, suvilate, aiamajade v\u00e4lisseinad ei vaja soojustamist.<\/p>\n<p><strong>Paigaldus:<\/strong> Plokkide paigaldamisel v\u00f5ib kasutada nii plokiliimi kui ka tavalist m\u00fc\u00fcrim\u00f6rti. bauroc soovitab kasutada plokiliimi, sest m\u00f6rdivuugid p\u00f5hjustavad v\u00e4lisseintes t\u00e4iendavaid soojakadusid ning plokiliimiga laotud seina on lihtsam viimistleda.<br \/>\nL\u00fchemate ja v\u00e4hem koormatud seinte ladumisel v\u00f5ib m\u00fc\u00fcritise vertikaalvuugid j\u00e4tta t\u00e4itmata. suuremate koormuste ja pikkade seinte ladumisel on soovitav t\u00e4ita ka m\u00fc\u00fcritise vertikaalvuugid, t\u00e4idetud vertikaalvuukidega m\u00fc\u00fcritis on \u00f5hutihe ka siis kui sein on veel viimistlemata (krohvimata).<\/p>\n\t\t<\/div>\n\t\t\t\t\t<\/div>\n\n\t\n\n\t<div id=\"col-545050953\" class=\"col medium-3 small-12 large-3\"  >\n\t\t\t\t<div class=\"col-inner\"  >\n\t\t\t\n\t\t\t\n\t<div id=\"gap-588142851\" class=\"gap-element clearfix\" style=\"display:block; height:auto;\">\n\t\t\n<style>\n#gap-588142851 {\n  padding-top: 30px;\n}\n<\/style>\n\t<\/div>\n\t\n<div class=\"is-divider divider clearfix\" ><\/div>\n<p><strong>\u00dcksikasjalikuma n\u00f5u saamiseks v\u00f5tke \u00fchendust:<br \/><\/strong>Bauroc AS<br \/>Meistri 14<br \/>13517<br \/>Tallinn<br \/>+372 6799080<\/p>\n<div class=\"is-divider divider clearfix\" ><\/div>\n\t\t<\/div>\n\t\t\t\t\t<\/div>\n\n\t\n<\/div>\n","protected":false},"excerpt":{"rendered":"","protected":false},"featured_media":34336,"comment_status":"closed","ping_status":"closed","template":"","meta":[],"product_brand":[],"product_cat":[3223,3203,3204,2697],"product_tag":[],"class_list":{"0":"post-28416","1":"product","2":"type-product","3":"status-publish","4":"has-post-thumbnail","6":"product_cat-gaasbetoonplokid","7":"product_cat-muurimaterjalid","8":"product_cat-plokid-ja-sillused","9":"product_cat-uldehitus","10":"pa_kaubamark-bauroc","12":"first","13":"instock","14":"sale","15":"taxable","16":"shipping-taxable","17":"purchasable","18":"product-type-simple"},"yoast_head":"<!-- This site is optimized with the Yoast SEO plugin v26.9 - https:\/\/yoast.com\/product\/yoast-seo-wordpress\/ -->\n<title>bauroc UNIVERSAL kergplokk 200*300*600 - Espak E-pood<\/title>\n<meta name=\"robots\" content=\"index, follow, max-snippet:-1, max-image-preview:large, max-video-preview:-1\" \/>\n<link rel=\"canonical\" href=\"https:\/\/espak.ee\/epood\/toode\/bauroc-universal-kergplokk-200300600\/\" \/>\n<meta property=\"og:locale\" content=\"et_EE\" \/>\n<meta property=\"og:type\" content=\"article\" \/>\n<meta property=\"og:title\" content=\"bauroc UNIVERSAL kergplokk 200*300*600 - Espak E-pood\" \/>\n<meta property=\"og:url\" content=\"https:\/\/espak.ee\/epood\/toode\/bauroc-universal-kergplokk-200300600\/\" \/>\n<meta property=\"og:site_name\" content=\"Espak E-pood\" \/>\n<meta property=\"article:modified_time\" content=\"2025-07-09T10:33:39+00:00\" \/>\n<meta property=\"og:image\" content=\"https:\/\/espak.ee\/epood\/wp-content\/uploads\/bauroc-UNIVERSAL-kergplokk.jpg\" \/>\n\t<meta property=\"og:image:width\" content=\"2048\" \/>\n\t<meta property=\"og:image:height\" content=\"2048\" \/>\n\t<meta property=\"og:image:type\" content=\"image\/jpeg\" \/>\n<meta name=\"twitter:card\" content=\"summary_large_image\" \/>\n<meta name=\"twitter:label1\" content=\"Est. reading time\" \/>\n\t<meta name=\"twitter:data1\" content=\"1 minut\" \/>\n<script type=\"application\/ld+json\" class=\"yoast-schema-graph\">{\"@context\":\"https:\/\/schema.org\",\"@graph\":[{\"@type\":\"WebPage\",\"@id\":\"https:\/\/espak.ee\/epood\/toode\/bauroc-universal-kergplokk-200300600\/\",\"url\":\"https:\/\/espak.ee\/epood\/toode\/bauroc-universal-kergplokk-200300600\/\",\"name\":\"bauroc UNIVERSAL kergplokk 200*300*600 - Espak E-pood\",\"isPartOf\":{\"@id\":\"https:\/\/espak.ee\/epood\/#website\"},\"primaryImageOfPage\":{\"@id\":\"https:\/\/espak.ee\/epood\/toode\/bauroc-universal-kergplokk-200300600\/#primaryimage\"},\"image\":{\"@id\":\"https:\/\/espak.ee\/epood\/toode\/bauroc-universal-kergplokk-200300600\/#primaryimage\"},\"thumbnailUrl\":\"https:\/\/espak.ee\/epood\/wp-content\/uploads\/bauroc-UNIVERSAL-kergplokk.jpg\",\"datePublished\":\"2020-05-20T03:00:16+00:00\",\"dateModified\":\"2025-07-09T10:33:39+00:00\",\"breadcrumb\":{\"@id\":\"https:\/\/espak.ee\/epood\/toode\/bauroc-universal-kergplokk-200300600\/#breadcrumb\"},\"inLanguage\":\"et\",\"potentialAction\":[{\"@type\":\"ReadAction\",\"target\":[\"https:\/\/espak.ee\/epood\/toode\/bauroc-universal-kergplokk-200300600\/\"]}]},{\"@type\":\"ImageObject\",\"inLanguage\":\"et\",\"@id\":\"https:\/\/espak.ee\/epood\/toode\/bauroc-universal-kergplokk-200300600\/#primaryimage\",\"url\":\"https:\/\/espak.ee\/epood\/wp-content\/uploads\/bauroc-UNIVERSAL-kergplokk.jpg\",\"contentUrl\":\"https:\/\/espak.ee\/epood\/wp-content\/uploads\/bauroc-UNIVERSAL-kergplokk.jpg\",\"width\":2048,\"height\":2048},{\"@type\":\"BreadcrumbList\",\"@id\":\"https:\/\/espak.ee\/epood\/toode\/bauroc-universal-kergplokk-200300600\/#breadcrumb\",\"itemListElement\":[{\"@type\":\"ListItem\",\"position\":1,\"name\":\"Home\",\"item\":\"https:\/\/espak.ee\/epood\/\"},{\"@type\":\"ListItem\",\"position\":2,\"name\":\"Tootevalik\",\"item\":\"https:\/\/espak.ee\/epood\/tootevalik\/\"},{\"@type\":\"ListItem\",\"position\":3,\"name\":\"bauroc UNIVERSAL kergplokk 200*300*600\"}]},{\"@type\":\"WebSite\",\"@id\":\"https:\/\/espak.ee\/epood\/#website\",\"url\":\"https:\/\/espak.ee\/epood\/\",\"name\":\"Espak E-pood\",\"description\":\"\",\"potentialAction\":[{\"@type\":\"SearchAction\",\"target\":{\"@type\":\"EntryPoint\",\"urlTemplate\":\"https:\/\/espak.ee\/epood\/?s={search_term_string}\"},\"query-input\":{\"@type\":\"PropertyValueSpecification\",\"valueRequired\":true,\"valueName\":\"search_term_string\"}}],\"inLanguage\":\"et\"}]}<\/script>\n<!-- \/ Yoast SEO plugin. -->","yoast_head_json":{"title":"bauroc UNIVERSAL kergplokk 200*300*600 - Espak E-pood","robots":{"index":"index","follow":"follow","max-snippet":"max-snippet:-1","max-image-preview":"max-image-preview:large","max-video-preview":"max-video-preview:-1"},"canonical":"https:\/\/espak.ee\/epood\/toode\/bauroc-universal-kergplokk-200300600\/","og_locale":"et_EE","og_type":"article","og_title":"bauroc UNIVERSAL kergplokk 200*300*600 - Espak E-pood","og_url":"https:\/\/espak.ee\/epood\/toode\/bauroc-universal-kergplokk-200300600\/","og_site_name":"Espak E-pood","article_modified_time":"2025-07-09T10:33:39+00:00","og_image":[{"width":2048,"height":2048,"url":"https:\/\/espak.ee\/epood\/wp-content\/uploads\/bauroc-UNIVERSAL-kergplokk.jpg","type":"image\/jpeg"}],"twitter_card":"summary_large_image","twitter_misc":{"Est. reading time":"1 minut"},"schema":{"@context":"https:\/\/schema.org","@graph":[{"@type":"WebPage","@id":"https:\/\/espak.ee\/epood\/toode\/bauroc-universal-kergplokk-200300600\/","url":"https:\/\/espak.ee\/epood\/toode\/bauroc-universal-kergplokk-200300600\/","name":"bauroc UNIVERSAL kergplokk 200*300*600 - Espak E-pood","isPartOf":{"@id":"https:\/\/espak.ee\/epood\/#website"},"primaryImageOfPage":{"@id":"https:\/\/espak.ee\/epood\/toode\/bauroc-universal-kergplokk-200300600\/#primaryimage"},"image":{"@id":"https:\/\/espak.ee\/epood\/toode\/bauroc-universal-kergplokk-200300600\/#primaryimage"},"thumbnailUrl":"https:\/\/espak.ee\/epood\/wp-content\/uploads\/bauroc-UNIVERSAL-kergplokk.jpg","datePublished":"2020-05-20T03:00:16+00:00","dateModified":"2025-07-09T10:33:39+00:00","breadcrumb":{"@id":"https:\/\/espak.ee\/epood\/toode\/bauroc-universal-kergplokk-200300600\/#breadcrumb"},"inLanguage":"et","potentialAction":[{"@type":"ReadAction","target":["https:\/\/espak.ee\/epood\/toode\/bauroc-universal-kergplokk-200300600\/"]}]},{"@type":"ImageObject","inLanguage":"et","@id":"https:\/\/espak.ee\/epood\/toode\/bauroc-universal-kergplokk-200300600\/#primaryimage","url":"https:\/\/espak.ee\/epood\/wp-content\/uploads\/bauroc-UNIVERSAL-kergplokk.jpg","contentUrl":"https:\/\/espak.ee\/epood\/wp-content\/uploads\/bauroc-UNIVERSAL-kergplokk.jpg","width":2048,"height":2048},{"@type":"BreadcrumbList","@id":"https:\/\/espak.ee\/epood\/toode\/bauroc-universal-kergplokk-200300600\/#breadcrumb","itemListElement":[{"@type":"ListItem","position":1,"name":"Home","item":"https:\/\/espak.ee\/epood\/"},{"@type":"ListItem","position":2,"name":"Tootevalik","item":"https:\/\/espak.ee\/epood\/tootevalik\/"},{"@type":"ListItem","position":3,"name":"bauroc UNIVERSAL kergplokk 200*300*600"}]},{"@type":"WebSite","@id":"https:\/\/espak.ee\/epood\/#website","url":"https:\/\/espak.ee\/epood\/","name":"Espak E-pood","description":"","potentialAction":[{"@type":"SearchAction","target":{"@type":"EntryPoint","urlTemplate":"https:\/\/espak.ee\/epood\/?s={search_term_string}"},"query-input":{"@type":"PropertyValueSpecification","valueRequired":true,"valueName":"search_term_string"}}],"inLanguage":"et"}]}},"_links":{"self":[{"href":"https:\/\/espak.ee\/epood\/wp-json\/wp\/v2\/product\/28416","targetHints":{"allow":["GET"]}}],"collection":[{"href":"https:\/\/espak.ee\/epood\/wp-json\/wp\/v2\/product"}],"about":[{"href":"https:\/\/espak.ee\/epood\/wp-json\/wp\/v2\/types\/product"}],"replies":[{"embeddable":true,"href":"https:\/\/espak.ee\/epood\/wp-json\/wp\/v2\/comments?post=28416"}],"wp:featuredmedia":[{"embeddable":true,"href":"https:\/\/espak.ee\/epood\/wp-json\/wp\/v2\/media\/34336"}],"wp:attachment":[{"href":"https:\/\/espak.ee\/epood\/wp-json\/wp\/v2\/media?parent=28416"}],"wp:term":[{"taxonomy":"product_brand","embeddable":true,"href":"https:\/\/espak.ee\/epood\/wp-json\/wp\/v2\/product_brand?post=28416"},{"taxonomy":"product_cat","embeddable":true,"href":"https:\/\/espak.ee\/epood\/wp-json\/wp\/v2\/product_cat?post=28416"},{"taxonomy":"product_tag","embeddable":true,"href":"https:\/\/espak.ee\/epood\/wp-json\/wp\/v2\/product_tag?post=28416"}],"curies":[{"name":"wp","href":"https:\/\/api.w.org\/{rel}","templated":true}]}}