{"id":28414,"date":"2020-05-20T06:00:16","date_gmt":"2020-05-20T03:00:16","guid":{"rendered":"https:\/\/espak.ee\/hinnakiri\/?post_type=product&#038;p=28414"},"modified":"2026-04-13T15:28:44","modified_gmt":"2026-04-13T12:28:44","slug":"bauroc-element-75400600","status":"publish","type":"product","link":"https:\/\/espak.ee\/epood\/toode\/bauroc-element-75400600\/","title":{"rendered":"bauroc ELEMENT 75*400*600"},"content":{"rendered":"<div class=\"row\"  id=\"row-653241028\">\n\n\t<div id=\"col-2053436155\" class=\"col medium-9 small-12 large-9\"  >\n\t\t\t\t<div class=\"col-inner\"  >\n\t\t\t\n\t\t\t\n<h2>bauroc ELEMENT<\/h2>\n<p>Vaheseinaplaadid bauroc ELEMENT on valmistatud poorbetoonist kuivtihedusega 475 kg\/m\u00b3 ja survetugevusega fb=3,0 N\/mm\u00b2. Plaate toodetakse nelja erineva laiusega (150 mm; 100 mm; 75 mm, 50 mm).<\/p>\n\t<div id=\"gap-1916870561\" class=\"gap-element clearfix\" style=\"display:block; height:auto;\">\n\t\t\n<style>\n#gap-1916870561 {\n  padding-top: 30px;\n}\n<\/style>\n\t<\/div>\n\t\n<h3>Kasutamise \u00fcksikasjad<\/h3>\n<p><strong>Kasutusalad:<\/strong> bauroc vaheseinaplaadid on ette n\u00e4htud hoonesiseste mittekandvate vaheseinte ehitamiseks nii kuivades kui ka niisketes ruumides. Kui on t\u00e4idetud vastavad konstruktiivsed n\u00f5uded, v\u00f5ib vaheseinaplaate kasutada ka kandvate konstruktsioonide ehitamisel. Mitmekihilised bauroc ELEMENT vaheseinad rahuldavad ka korterite vahelistele seintele esitatavaid heliisolatsiooni n\u00f5udeid. T\u00e4nu heale tulep\u00fcsivusele sobivad v\u00e4ga h\u00e4sti igasuguste \u0161ahtide (lifti-, toru-, kaabli- jne.) kinniehitamiseks. Valmis seinad on lihtsad viimistleda \u2013 kohe plaatimis- ja pahteldusvalmis.<br \/>\nSamuti sobivad \u00f5hemad, 50 ja 75 mm laiustega ELEMENT plaadid vanade seinte sirgeksladumiseks, kamina- ja saunakerise\u00fcmbriste ehitamiseks, aga ka garderoobide ja riiulite ehitamiseks.<\/p>\n<p><strong>Paigaldus:<\/strong> T\u00e4nu suurtele m\u00f5\u00f5tmetele kerkivad bauroc ELEMENT vaheseinad kiiremini kui mistahes muud plokk v\u00f5i kiviseinad. 1m\u00b2 seinas on vaid 4,2 vaheseinaplaati.<br \/>\nVaheseinaplaadid on ette n\u00e4htud paigaldamiseks \u00f5hukesel nn. liimvuugil, mida v\u00f5imaldab plaatide sile pind ja t\u00e4psed m\u00f5\u00f5tmed. Liimvuugid kivistuvad kiiremini ja annavad seinale suurema tugevuse ning j\u00e4ikuse.<br \/>\nVaheseinaplaatide paigaldamisel kasutatakse bauroc vaheseinaplaadiliimi (peenm\u00f6rt) mille survetugevus on \u226510 N\/mm\u00b2. M\u00fc\u00fcritise k\u00f5ik horisontaal- ja vertikaalvuugid peavad olema korralikult liimiga t\u00e4idetud ning vuugid ei tohi olla \u00f5hemad kui 1 mm ja paksemad kui 3 mm.<\/p>\n\t\t<\/div>\n\t\t\t\t\t<\/div>\n\n\t\n\n\t<div id=\"col-694502904\" class=\"col medium-3 small-12 large-3\"  >\n\t\t\t\t<div class=\"col-inner\"  >\n\t\t\t\n\t\t\t\n\t<div id=\"gap-1820961629\" class=\"gap-element clearfix\" style=\"display:block; height:auto;\">\n\t\t\n<style>\n#gap-1820961629 {\n  padding-top: 30px;\n}\n<\/style>\n\t<\/div>\n\t\n<div class=\"is-divider divider clearfix\" ><\/div>\n<p><strong>\u00dcksikasjalikuma n\u00f5u saamiseks v\u00f5tke \u00fchendust:<br \/><\/strong>Bauroc AS<br \/>Meistri 14<br \/>13517<br \/>Tallinn<br \/>+372 6799080<\/p>\n<div class=\"is-divider divider clearfix\" ><\/div>\n\t\t<\/div>\n\t\t\t\t\t<\/div>\n\n\t\n<\/div>\n","protected":false},"excerpt":{"rendered":"","protected":false},"featured_media":34338,"comment_status":"closed","ping_status":"closed","template":"","meta":[],"product_brand":[],"product_cat":[3223,3203,3204,2697],"product_tag":[],"class_list":{"0":"post-28414","1":"product","2":"type-product","3":"status-publish","4":"has-post-thumbnail","6":"product_cat-gaasbetoonplokid","7":"product_cat-muurimaterjalid","8":"product_cat-plokid-ja-sillused","9":"product_cat-uldehitus","10":"pa_kaubamark-bauroc","12":"first","13":"instock","14":"sale","15":"taxable","16":"shipping-taxable","17":"purchasable","18":"product-type-simple"},"yoast_head":"<!-- This site is optimized with the Yoast SEO plugin v26.9 - https:\/\/yoast.com\/product\/yoast-seo-wordpress\/ -->\n<title>bauroc ELEMENT 75*400*600 - Espak E-pood<\/title>\n<meta name=\"robots\" content=\"index, follow, max-snippet:-1, max-image-preview:large, max-video-preview:-1\" \/>\n<link rel=\"canonical\" href=\"https:\/\/espak.ee\/epood\/toode\/bauroc-element-75400600\/\" \/>\n<meta property=\"og:locale\" content=\"et_EE\" \/>\n<meta property=\"og:type\" content=\"article\" \/>\n<meta property=\"og:title\" content=\"bauroc ELEMENT 75*400*600 - Espak E-pood\" \/>\n<meta property=\"og:url\" content=\"https:\/\/espak.ee\/epood\/toode\/bauroc-element-75400600\/\" \/>\n<meta property=\"og:site_name\" content=\"Espak E-pood\" \/>\n<meta property=\"article:modified_time\" content=\"2026-04-13T12:28:44+00:00\" \/>\n<meta property=\"og:image\" content=\"https:\/\/espak.ee\/epood\/wp-content\/uploads\/bauroc-ELEMENT.jpg\" \/>\n\t<meta property=\"og:image:width\" content=\"2048\" \/>\n\t<meta property=\"og:image:height\" content=\"2048\" \/>\n\t<meta property=\"og:image:type\" content=\"image\/jpeg\" \/>\n<meta name=\"twitter:card\" content=\"summary_large_image\" \/>\n<meta name=\"twitter:label1\" content=\"Est. reading time\" \/>\n\t<meta name=\"twitter:data1\" content=\"1 minut\" \/>\n<script type=\"application\/ld+json\" class=\"yoast-schema-graph\">{\"@context\":\"https:\/\/schema.org\",\"@graph\":[{\"@type\":\"WebPage\",\"@id\":\"https:\/\/espak.ee\/epood\/toode\/bauroc-element-75400600\/\",\"url\":\"https:\/\/espak.ee\/epood\/toode\/bauroc-element-75400600\/\",\"name\":\"bauroc ELEMENT 75*400*600 - Espak E-pood\",\"isPartOf\":{\"@id\":\"https:\/\/espak.ee\/epood\/#website\"},\"primaryImageOfPage\":{\"@id\":\"https:\/\/espak.ee\/epood\/toode\/bauroc-element-75400600\/#primaryimage\"},\"image\":{\"@id\":\"https:\/\/espak.ee\/epood\/toode\/bauroc-element-75400600\/#primaryimage\"},\"thumbnailUrl\":\"https:\/\/espak.ee\/epood\/wp-content\/uploads\/bauroc-ELEMENT.jpg\",\"datePublished\":\"2020-05-20T03:00:16+00:00\",\"dateModified\":\"2026-04-13T12:28:44+00:00\",\"breadcrumb\":{\"@id\":\"https:\/\/espak.ee\/epood\/toode\/bauroc-element-75400600\/#breadcrumb\"},\"inLanguage\":\"et\",\"potentialAction\":[{\"@type\":\"ReadAction\",\"target\":[\"https:\/\/espak.ee\/epood\/toode\/bauroc-element-75400600\/\"]}]},{\"@type\":\"ImageObject\",\"inLanguage\":\"et\",\"@id\":\"https:\/\/espak.ee\/epood\/toode\/bauroc-element-75400600\/#primaryimage\",\"url\":\"https:\/\/espak.ee\/epood\/wp-content\/uploads\/bauroc-ELEMENT.jpg\",\"contentUrl\":\"https:\/\/espak.ee\/epood\/wp-content\/uploads\/bauroc-ELEMENT.jpg\",\"width\":2048,\"height\":2048},{\"@type\":\"BreadcrumbList\",\"@id\":\"https:\/\/espak.ee\/epood\/toode\/bauroc-element-75400600\/#breadcrumb\",\"itemListElement\":[{\"@type\":\"ListItem\",\"position\":1,\"name\":\"Home\",\"item\":\"https:\/\/espak.ee\/epood\/\"},{\"@type\":\"ListItem\",\"position\":2,\"name\":\"Tootevalik\",\"item\":\"https:\/\/espak.ee\/epood\/tootevalik\/\"},{\"@type\":\"ListItem\",\"position\":3,\"name\":\"bauroc ELEMENT 75*400*600\"}]},{\"@type\":\"WebSite\",\"@id\":\"https:\/\/espak.ee\/epood\/#website\",\"url\":\"https:\/\/espak.ee\/epood\/\",\"name\":\"Espak E-pood\",\"description\":\"\",\"potentialAction\":[{\"@type\":\"SearchAction\",\"target\":{\"@type\":\"EntryPoint\",\"urlTemplate\":\"https:\/\/espak.ee\/epood\/?s={search_term_string}\"},\"query-input\":{\"@type\":\"PropertyValueSpecification\",\"valueRequired\":true,\"valueName\":\"search_term_string\"}}],\"inLanguage\":\"et\"}]}<\/script>\n<!-- \/ Yoast SEO plugin. -->","yoast_head_json":{"title":"bauroc ELEMENT 75*400*600 - Espak E-pood","robots":{"index":"index","follow":"follow","max-snippet":"max-snippet:-1","max-image-preview":"max-image-preview:large","max-video-preview":"max-video-preview:-1"},"canonical":"https:\/\/espak.ee\/epood\/toode\/bauroc-element-75400600\/","og_locale":"et_EE","og_type":"article","og_title":"bauroc ELEMENT 75*400*600 - Espak E-pood","og_url":"https:\/\/espak.ee\/epood\/toode\/bauroc-element-75400600\/","og_site_name":"Espak E-pood","article_modified_time":"2026-04-13T12:28:44+00:00","og_image":[{"width":2048,"height":2048,"url":"https:\/\/espak.ee\/epood\/wp-content\/uploads\/bauroc-ELEMENT.jpg","type":"image\/jpeg"}],"twitter_card":"summary_large_image","twitter_misc":{"Est. reading time":"1 minut"},"schema":{"@context":"https:\/\/schema.org","@graph":[{"@type":"WebPage","@id":"https:\/\/espak.ee\/epood\/toode\/bauroc-element-75400600\/","url":"https:\/\/espak.ee\/epood\/toode\/bauroc-element-75400600\/","name":"bauroc ELEMENT 75*400*600 - Espak E-pood","isPartOf":{"@id":"https:\/\/espak.ee\/epood\/#website"},"primaryImageOfPage":{"@id":"https:\/\/espak.ee\/epood\/toode\/bauroc-element-75400600\/#primaryimage"},"image":{"@id":"https:\/\/espak.ee\/epood\/toode\/bauroc-element-75400600\/#primaryimage"},"thumbnailUrl":"https:\/\/espak.ee\/epood\/wp-content\/uploads\/bauroc-ELEMENT.jpg","datePublished":"2020-05-20T03:00:16+00:00","dateModified":"2026-04-13T12:28:44+00:00","breadcrumb":{"@id":"https:\/\/espak.ee\/epood\/toode\/bauroc-element-75400600\/#breadcrumb"},"inLanguage":"et","potentialAction":[{"@type":"ReadAction","target":["https:\/\/espak.ee\/epood\/toode\/bauroc-element-75400600\/"]}]},{"@type":"ImageObject","inLanguage":"et","@id":"https:\/\/espak.ee\/epood\/toode\/bauroc-element-75400600\/#primaryimage","url":"https:\/\/espak.ee\/epood\/wp-content\/uploads\/bauroc-ELEMENT.jpg","contentUrl":"https:\/\/espak.ee\/epood\/wp-content\/uploads\/bauroc-ELEMENT.jpg","width":2048,"height":2048},{"@type":"BreadcrumbList","@id":"https:\/\/espak.ee\/epood\/toode\/bauroc-element-75400600\/#breadcrumb","itemListElement":[{"@type":"ListItem","position":1,"name":"Home","item":"https:\/\/espak.ee\/epood\/"},{"@type":"ListItem","position":2,"name":"Tootevalik","item":"https:\/\/espak.ee\/epood\/tootevalik\/"},{"@type":"ListItem","position":3,"name":"bauroc ELEMENT 75*400*600"}]},{"@type":"WebSite","@id":"https:\/\/espak.ee\/epood\/#website","url":"https:\/\/espak.ee\/epood\/","name":"Espak E-pood","description":"","potentialAction":[{"@type":"SearchAction","target":{"@type":"EntryPoint","urlTemplate":"https:\/\/espak.ee\/epood\/?s={search_term_string}"},"query-input":{"@type":"PropertyValueSpecification","valueRequired":true,"valueName":"search_term_string"}}],"inLanguage":"et"}]}},"_links":{"self":[{"href":"https:\/\/espak.ee\/epood\/wp-json\/wp\/v2\/product\/28414","targetHints":{"allow":["GET"]}}],"collection":[{"href":"https:\/\/espak.ee\/epood\/wp-json\/wp\/v2\/product"}],"about":[{"href":"https:\/\/espak.ee\/epood\/wp-json\/wp\/v2\/types\/product"}],"replies":[{"embeddable":true,"href":"https:\/\/espak.ee\/epood\/wp-json\/wp\/v2\/comments?post=28414"}],"wp:featuredmedia":[{"embeddable":true,"href":"https:\/\/espak.ee\/epood\/wp-json\/wp\/v2\/media\/34338"}],"wp:attachment":[{"href":"https:\/\/espak.ee\/epood\/wp-json\/wp\/v2\/media?parent=28414"}],"wp:term":[{"taxonomy":"product_brand","embeddable":true,"href":"https:\/\/espak.ee\/epood\/wp-json\/wp\/v2\/product_brand?post=28414"},{"taxonomy":"product_cat","embeddable":true,"href":"https:\/\/espak.ee\/epood\/wp-json\/wp\/v2\/product_cat?post=28414"},{"taxonomy":"product_tag","embeddable":true,"href":"https:\/\/espak.ee\/epood\/wp-json\/wp\/v2\/product_tag?post=28414"}],"curies":[{"name":"wp","href":"https:\/\/api.w.org\/{rel}","templated":true}]}}