{"id":28394,"date":"2020-05-20T05:57:03","date_gmt":"2020-05-20T02:57:03","guid":{"rendered":"https:\/\/espak.ee\/hinnakiri\/?post_type=product&#038;p=28394"},"modified":"2026-04-02T10:27:11","modified_gmt":"2026-04-02T07:27:11","slug":"bauroc-parandussegu-20kg","status":"publish","type":"product","link":"https:\/\/espak.ee\/epood\/toode\/bauroc-parandussegu-20kg\/","title":{"rendered":"bauroc PARANDUSSEGU 20KG"},"content":{"rendered":"<div class=\"row\"  id=\"row-17188322\">\n\n\t<div id=\"col-186426678\" class=\"col medium-9 small-12 large-9\"  >\n\t\t\t\t<div class=\"col-inner\"  >\n\t\t\t\n\t\t\t\n<h2>bauroc PARANDUSSEGU<\/h2>\n<p>bauroc PARANDUSSEGU on mineraalne kuivsegu, mis on pakendatud paberkottidesse mahuga 20 kg. Segu p\u00f5hiliseks koostisosaks on peeneks jahvatatud bauroc plokkide puru. bauroc PARANDUSSEGU on ette n\u00e4htud bauroc poorbetoonist seintesse freesitud kaablisoonte t\u00e4itmiseks ja pinnadefektide parandamiseks sise- ja v\u00e4listingimustes. Aukude t\u00e4itmine nimetatud seguga ei halvenda m\u00fc\u00fcritise soojusisolatsiooni omadusi.<\/p>\n\t<div id=\"gap-1697427910\" class=\"gap-element clearfix\" style=\"display:block; height:auto;\">\n\t\t\n<style>\n#gap-1697427910 {\n  padding-top: 30px;\n}\n<\/style>\n\t<\/div>\n\t\n<h3>Kasutamise \u00fcksikasjad<\/h3>\n<p><strong>Kasutamis\u00f5petus:<\/strong> Kott bauroc PARANDUSSEGU(20 kg) segatakse u. 7-7,5 l puhta veega. PARANDUSSEGUsegatakse \u00fchtlaseks massiks v\u00f5imsa vispliga. Segamisaeg on v\u00e4hemalt kaks minutit, seej\u00e4rel lastakse segul seista umbes 10 minutit ja segatakse uuesti. Valmis segu kasutada 3 tunni jooksul vee lisamisest. Parandatavad pinnad niisutatakse ja t\u00e4idetakse parandusseguga pahtlilabida v\u00f5i kelluga. S\u00fcgavamad \u00e4ral\u00f6\u00f6gid (kuni 50 mm) t\u00e4idetakse mitme korraga. PARANDUSSEGU temperatuur peab \u00fcletama +5\u00b0C. Vee lisamine segamisn\u00f5us tahenemist alustanud parandussegule ei taasta segu esialgseid omadusi.<\/p>\n<p><strong>S\u00e4ilitamine:<\/strong> Ehitusobjektil ladustada segukotid alustele, mitte maapinnale ja kaitsta sademete eest. Kinnises pakendis ja kuivades tingimustes s\u00e4ilib liim 1 aasta valmistamise kuup\u00e4evast.<\/p>\n\t\t<\/div>\n\t\t\t\t\t<\/div>\n\n\t\n\n\t<div id=\"col-1305364878\" class=\"col medium-3 small-12 large-3\"  >\n\t\t\t\t<div class=\"col-inner\"  >\n\t\t\t\n\t\t\t\n\t<div id=\"gap-1225018707\" class=\"gap-element clearfix\" style=\"display:block; height:auto;\">\n\t\t\n<style>\n#gap-1225018707 {\n  padding-top: 30px;\n}\n<\/style>\n\t<\/div>\n\t\n<div class=\"is-divider divider clearfix\" ><\/div>\n<p><strong>\u00dcksikasjalikuma n\u00f5u saamiseks v\u00f5tke \u00fchendust:<br \/><\/strong>Bauroc AS<br \/>V\u00e4ike-M\u00e4nniku tn. 3<br \/>11216<br \/>Tallinn<br \/>+372 6799080<\/p>\n<div class=\"is-divider divider clearfix\" ><\/div>\n\t\t<\/div>\n\t\t\t\t\t<\/div>\n\n\t\n<\/div>\n","protected":false},"excerpt":{"rendered":"","protected":false},"featured_media":34344,"comment_status":"closed","ping_status":"open","template":"","meta":[],"product_brand":[],"product_cat":[2698,2890,2814,2697],"product_tag":[],"class_list":{"0":"post-28394","1":"product","2":"type-product","3":"status-publish","4":"has-post-thumbnail","6":"product_cat-pahtlid-ja-kuivsegud","7":"product_cat-remontsegud","8":"product_cat-tsementsegud","9":"product_cat-uldehitus","10":"pa_kaubamark-bauroc","12":"first","13":"instock","14":"sale","15":"taxable","16":"shipping-taxable","17":"purchasable","18":"product-type-simple"},"yoast_head":"<!-- This site is optimized with the Yoast SEO plugin v26.9 - https:\/\/yoast.com\/product\/yoast-seo-wordpress\/ -->\n<title>bauroc PARANDUSSEGU 20KG - Espak E-pood<\/title>\n<meta name=\"robots\" content=\"index, follow, max-snippet:-1, max-image-preview:large, max-video-preview:-1\" \/>\n<link rel=\"canonical\" href=\"https:\/\/espak.ee\/epood\/toode\/bauroc-parandussegu-20kg\/\" \/>\n<meta property=\"og:locale\" content=\"et_EE\" \/>\n<meta property=\"og:type\" content=\"article\" \/>\n<meta property=\"og:title\" content=\"bauroc PARANDUSSEGU 20KG - Espak E-pood\" \/>\n<meta property=\"og:url\" content=\"https:\/\/espak.ee\/epood\/toode\/bauroc-parandussegu-20kg\/\" \/>\n<meta property=\"og:site_name\" content=\"Espak E-pood\" \/>\n<meta property=\"article:modified_time\" content=\"2026-04-02T07:27:11+00:00\" \/>\n<meta property=\"og:image\" content=\"https:\/\/espak.ee\/epood\/wp-content\/uploads\/bauroc-PARANDUSSEGU.jpg\" \/>\n\t<meta property=\"og:image:width\" content=\"300\" \/>\n\t<meta property=\"og:image:height\" content=\"300\" \/>\n\t<meta property=\"og:image:type\" content=\"image\/jpeg\" \/>\n<meta name=\"twitter:card\" content=\"summary_large_image\" \/>\n<meta name=\"twitter:label1\" content=\"Est. reading time\" \/>\n\t<meta name=\"twitter:data1\" content=\"1 minut\" \/>\n<script type=\"application\/ld+json\" class=\"yoast-schema-graph\">{\"@context\":\"https:\/\/schema.org\",\"@graph\":[{\"@type\":\"WebPage\",\"@id\":\"https:\/\/espak.ee\/epood\/toode\/bauroc-parandussegu-20kg\/\",\"url\":\"https:\/\/espak.ee\/epood\/toode\/bauroc-parandussegu-20kg\/\",\"name\":\"bauroc PARANDUSSEGU 20KG - Espak E-pood\",\"isPartOf\":{\"@id\":\"https:\/\/espak.ee\/epood\/#website\"},\"primaryImageOfPage\":{\"@id\":\"https:\/\/espak.ee\/epood\/toode\/bauroc-parandussegu-20kg\/#primaryimage\"},\"image\":{\"@id\":\"https:\/\/espak.ee\/epood\/toode\/bauroc-parandussegu-20kg\/#primaryimage\"},\"thumbnailUrl\":\"https:\/\/espak.ee\/epood\/wp-content\/uploads\/bauroc-PARANDUSSEGU.jpg\",\"datePublished\":\"2020-05-20T02:57:03+00:00\",\"dateModified\":\"2026-04-02T07:27:11+00:00\",\"breadcrumb\":{\"@id\":\"https:\/\/espak.ee\/epood\/toode\/bauroc-parandussegu-20kg\/#breadcrumb\"},\"inLanguage\":\"et\",\"potentialAction\":[{\"@type\":\"ReadAction\",\"target\":[\"https:\/\/espak.ee\/epood\/toode\/bauroc-parandussegu-20kg\/\"]}]},{\"@type\":\"ImageObject\",\"inLanguage\":\"et\",\"@id\":\"https:\/\/espak.ee\/epood\/toode\/bauroc-parandussegu-20kg\/#primaryimage\",\"url\":\"https:\/\/espak.ee\/epood\/wp-content\/uploads\/bauroc-PARANDUSSEGU.jpg\",\"contentUrl\":\"https:\/\/espak.ee\/epood\/wp-content\/uploads\/bauroc-PARANDUSSEGU.jpg\",\"width\":300,\"height\":300,\"caption\":\"CREATOR: gd-jpeg v1.0 (using IJG JPEG v62), quality = 82\"},{\"@type\":\"BreadcrumbList\",\"@id\":\"https:\/\/espak.ee\/epood\/toode\/bauroc-parandussegu-20kg\/#breadcrumb\",\"itemListElement\":[{\"@type\":\"ListItem\",\"position\":1,\"name\":\"Home\",\"item\":\"https:\/\/espak.ee\/epood\/\"},{\"@type\":\"ListItem\",\"position\":2,\"name\":\"Tootevalik\",\"item\":\"https:\/\/espak.ee\/epood\/tootevalik\/\"},{\"@type\":\"ListItem\",\"position\":3,\"name\":\"bauroc PARANDUSSEGU 20KG\"}]},{\"@type\":\"WebSite\",\"@id\":\"https:\/\/espak.ee\/epood\/#website\",\"url\":\"https:\/\/espak.ee\/epood\/\",\"name\":\"Espak E-pood\",\"description\":\"\",\"potentialAction\":[{\"@type\":\"SearchAction\",\"target\":{\"@type\":\"EntryPoint\",\"urlTemplate\":\"https:\/\/espak.ee\/epood\/?s={search_term_string}\"},\"query-input\":{\"@type\":\"PropertyValueSpecification\",\"valueRequired\":true,\"valueName\":\"search_term_string\"}}],\"inLanguage\":\"et\"}]}<\/script>\n<!-- \/ Yoast SEO plugin. -->","yoast_head_json":{"title":"bauroc PARANDUSSEGU 20KG - Espak E-pood","robots":{"index":"index","follow":"follow","max-snippet":"max-snippet:-1","max-image-preview":"max-image-preview:large","max-video-preview":"max-video-preview:-1"},"canonical":"https:\/\/espak.ee\/epood\/toode\/bauroc-parandussegu-20kg\/","og_locale":"et_EE","og_type":"article","og_title":"bauroc PARANDUSSEGU 20KG - Espak E-pood","og_url":"https:\/\/espak.ee\/epood\/toode\/bauroc-parandussegu-20kg\/","og_site_name":"Espak E-pood","article_modified_time":"2026-04-02T07:27:11+00:00","og_image":[{"width":300,"height":300,"url":"https:\/\/espak.ee\/epood\/wp-content\/uploads\/bauroc-PARANDUSSEGU.jpg","type":"image\/jpeg"}],"twitter_card":"summary_large_image","twitter_misc":{"Est. reading time":"1 minut"},"schema":{"@context":"https:\/\/schema.org","@graph":[{"@type":"WebPage","@id":"https:\/\/espak.ee\/epood\/toode\/bauroc-parandussegu-20kg\/","url":"https:\/\/espak.ee\/epood\/toode\/bauroc-parandussegu-20kg\/","name":"bauroc PARANDUSSEGU 20KG - Espak E-pood","isPartOf":{"@id":"https:\/\/espak.ee\/epood\/#website"},"primaryImageOfPage":{"@id":"https:\/\/espak.ee\/epood\/toode\/bauroc-parandussegu-20kg\/#primaryimage"},"image":{"@id":"https:\/\/espak.ee\/epood\/toode\/bauroc-parandussegu-20kg\/#primaryimage"},"thumbnailUrl":"https:\/\/espak.ee\/epood\/wp-content\/uploads\/bauroc-PARANDUSSEGU.jpg","datePublished":"2020-05-20T02:57:03+00:00","dateModified":"2026-04-02T07:27:11+00:00","breadcrumb":{"@id":"https:\/\/espak.ee\/epood\/toode\/bauroc-parandussegu-20kg\/#breadcrumb"},"inLanguage":"et","potentialAction":[{"@type":"ReadAction","target":["https:\/\/espak.ee\/epood\/toode\/bauroc-parandussegu-20kg\/"]}]},{"@type":"ImageObject","inLanguage":"et","@id":"https:\/\/espak.ee\/epood\/toode\/bauroc-parandussegu-20kg\/#primaryimage","url":"https:\/\/espak.ee\/epood\/wp-content\/uploads\/bauroc-PARANDUSSEGU.jpg","contentUrl":"https:\/\/espak.ee\/epood\/wp-content\/uploads\/bauroc-PARANDUSSEGU.jpg","width":300,"height":300,"caption":"CREATOR: gd-jpeg v1.0 (using IJG JPEG v62), quality = 82"},{"@type":"BreadcrumbList","@id":"https:\/\/espak.ee\/epood\/toode\/bauroc-parandussegu-20kg\/#breadcrumb","itemListElement":[{"@type":"ListItem","position":1,"name":"Home","item":"https:\/\/espak.ee\/epood\/"},{"@type":"ListItem","position":2,"name":"Tootevalik","item":"https:\/\/espak.ee\/epood\/tootevalik\/"},{"@type":"ListItem","position":3,"name":"bauroc PARANDUSSEGU 20KG"}]},{"@type":"WebSite","@id":"https:\/\/espak.ee\/epood\/#website","url":"https:\/\/espak.ee\/epood\/","name":"Espak E-pood","description":"","potentialAction":[{"@type":"SearchAction","target":{"@type":"EntryPoint","urlTemplate":"https:\/\/espak.ee\/epood\/?s={search_term_string}"},"query-input":{"@type":"PropertyValueSpecification","valueRequired":true,"valueName":"search_term_string"}}],"inLanguage":"et"}]}},"_links":{"self":[{"href":"https:\/\/espak.ee\/epood\/wp-json\/wp\/v2\/product\/28394","targetHints":{"allow":["GET"]}}],"collection":[{"href":"https:\/\/espak.ee\/epood\/wp-json\/wp\/v2\/product"}],"about":[{"href":"https:\/\/espak.ee\/epood\/wp-json\/wp\/v2\/types\/product"}],"replies":[{"embeddable":true,"href":"https:\/\/espak.ee\/epood\/wp-json\/wp\/v2\/comments?post=28394"}],"wp:featuredmedia":[{"embeddable":true,"href":"https:\/\/espak.ee\/epood\/wp-json\/wp\/v2\/media\/34344"}],"wp:attachment":[{"href":"https:\/\/espak.ee\/epood\/wp-json\/wp\/v2\/media?parent=28394"}],"wp:term":[{"taxonomy":"product_brand","embeddable":true,"href":"https:\/\/espak.ee\/epood\/wp-json\/wp\/v2\/product_brand?post=28394"},{"taxonomy":"product_cat","embeddable":true,"href":"https:\/\/espak.ee\/epood\/wp-json\/wp\/v2\/product_cat?post=28394"},{"taxonomy":"product_tag","embeddable":true,"href":"https:\/\/espak.ee\/epood\/wp-json\/wp\/v2\/product_tag?post=28394"}],"curies":[{"name":"wp","href":"https:\/\/api.w.org\/{rel}","templated":true}]}}