{"id":266412,"date":"2026-03-11T05:11:39","date_gmt":"2026-03-11T03:11:39","guid":{"rendered":"https:\/\/espak.ee\/epood\/?post_type=product&#038;p=266412"},"modified":"2026-03-21T09:38:37","modified_gmt":"2026-03-21T07:38:37","slug":"komposiitmaterjalide-hooldus-ja-varskendusvahend-wpc-refresher-1l","status":"publish","type":"product","link":"https:\/\/espak.ee\/epood\/toode\/komposiitmaterjalide-hooldus-ja-varskendusvahend-wpc-refresher-1l\/","title":{"rendered":"KOMPOSIITMATERJALIDE HOOLDUS- JA V\u00c4RSKENDUSVAHEND WPC REFRESHER 1L"},"content":{"rendered":"<div class=\"row\"  id=\"row-1073676110\">\n\n\t<div id=\"col-1625247633\" class=\"col medium-9 small-12 large-9\"  >\n\t\t\t\t<div class=\"col-inner\"  >\n\t\t\t\n\t\t\t\n<h2>Komposiitmaterjalide (WPC) hooldus- ja v\u00e4rskendusvahend WPC Refresher 1L<\/h2>\n<p>Lahustip\u00f5hine hooldusvahend puitkomposiit (WPC) ja plastpindadele v\u00e4lis- ja sisekasutuseks.<\/p>\n<div class=\"message-box relative\" style=\"padding-top:15px;padding-bottom:15px;\"><div class=\"message-box-bg-image bg-fill fill\" ><\/div><div class=\"message-box-bg-overlay bg-fill fill\" ><\/div><div class=\"container relative\"><div class=\"inner last-reset\">\n<div class=\"row align-middle align-center\"  id=\"row-1201974332\">\n\n\t<div id=\"col-1489032900\" class=\"col small-12 large-12\"  >\n\t\t\t\t<div class=\"col-inner text-left\"  >\n\t\t\t\n\t\t\t\n<h4>Omadused<\/h4>\n<div class=\"row\"  id=\"row-1459302089\">\n\n\t<div id=\"col-993077011\" class=\"col medium-6 small-12 large-6\"  >\n\t\t\t\t<div class=\"col-inner\"  >\n\t\t\t\n\t\t\t\n<p><i class=\"fa fa-check fa-2x\"><\/i> <strong>V\u00e4rskendab pinna v\u00e4limust<\/strong><\/p>\n<p><i class=\"fa fa-check fa-2x\"><\/i> <strong>Tugevdab pinna loomulikku v\u00e4rvi (m\u00e4rja pinna efekt)<\/strong><\/p>\n<p><i class=\"fa fa-check fa-2x\"><\/i> <strong>Taastab tuhmunud ja kulunud pinnad, s\u00e4ilitades nende loomuliku v\u00e4limuse<\/strong><\/p>\n<p><i class=\"fa fa-check fa-2x\"><\/i> <strong>Kaitseb vee, \u00f5li, rasva ja muude mustuste eest<\/strong><\/p>\n\t\t<\/div>\n\t\t\t\t\n<style>\n#col-993077011 > .col-inner {\n  margin: 0px 0px 15px 0px;\n}\n<\/style>\n\t<\/div>\n\n\t\n\n\t<div id=\"col-2127813743\" class=\"col medium-6 small-12 large-6\"  >\n\t\t\t\t<div class=\"col-inner\"  >\n\t\t\t\n\t\t\t\n<p><i class=\"fa fa-check fa-2x\"><\/i> <strong>Tagab pikaajalise toime ja vastupidavuse v\u00e4lism\u00f5judele<\/strong><\/p>\n<p><i class=\"fa fa-check fa-2x\"><\/i> <strong>Imendub pinda moodustamata kilekihti<\/strong><\/p>\n<p><i class=\"fa fa-check fa-2x\"><\/i> <strong>Kuivab kiiresti<\/strong><\/p>\n<p><i class=\"fa fa-check fa-2x\"><\/i> <strong>Lihtne kasutada<\/strong><\/p>\n\t\t<\/div>\n\t\t\t\t\n<style>\n#col-2127813743 > .col-inner {\n  margin: 0px 0px 15px 0px;\n}\n<\/style>\n\t<\/div>\n\n\t\n<\/div>\n\t\t<\/div>\n\t\t\t\t\t<\/div>\n\n\t\n<\/div>\n<\/div><\/div><\/div>\n\t<div id=\"gap-1505990749\" class=\"gap-element clearfix\" style=\"display:block; height:auto;\">\n\t\t\n<style>\n#gap-1505990749 {\n  padding-top: 30px;\n}\n<\/style>\n\t<\/div>\n\t\n<h3>Kasutamise \u00fcksikasjad<\/h3>\n<p><strong>Kasutusalad:<\/strong> Terrassilaudade, fassaadipaneelide ning muude puit-pol\u00fcmeer (WPC), bambus-pol\u00fcmeer (BPC) komposiitmaterjalidest ja plastist valmistatud toodete hoolduseks, mis v\u00f5ivad pleekida, m\u00e4\u00e4rduda v\u00f5i olla vastuv\u00f5tlikud ilmastikum\u00f5judele (aiam\u00f6\u00f6bel, paadid, liistud, jm). <\/p>\n<p>Uued v\u00f5i vanad puit-pol\u00fcmeer (WPC) ja bambus-pol\u00fcmeer (BPC) komposiitmaterjalist v\u00f5i plastist tooted ja konstruktsioonid.\n<\/p>\n<p><strong>Aluspinna ettevalmistus:<\/strong> T\u00f6\u00f6deldav pind peab olema p\u00f5hjalikult puhastatud mustusest, rasvast ja tolmust. Pindade puhas-tamiseks ja pesemiseks soovitame kasutada TerraceCleani. T\u00f6\u00f6d ei ole soovitav teostada kuuma ilmaga, otseses p\u00e4ikesepaistes, tugeva tuulega, vihma ega udu ajal. Pind peab olema puhas ja kuiv. WPC Refresh on kasutusvalmis ja ei vaja lahjendamist.<\/p>\n<p><strong>T\u00f6\u00f6tlemine:<\/strong> Enne kasutamist vahendit hoolikalt segada. T\u00f6\u00f6tlemiseks sobiv \u00f5hu- ja pinnatemperatuur on +5\u202625\u00b0C ning lubatud suhteline \u00f5huniiskus kuni 80%. Kanda vahend \u00f5hukese kihina pinnale k\u00e4sna, lapi v\u00f5i pihustitga. Lasta imenduda 10 minutit ja seej\u00e4rel eemaldada \u00fcleliigne vahend ebemevaba mikrokiudlapiga. Vajadusel korrata t\u00f6\u00f6tlust 30\u201360 minuti p\u00e4rast. \u00c4rge kandke pinnale liiga palju vahendit! WPC Refresher peab t\u00e4ielikult pinda imenduma, ei tohi j\u00e4\u00e4da pinnale l\u00e4ikiva kihina ega koguneda soontesse. Umbes 10 minuti m\u00f6\u00f6dudes on oluline pind poleerida kuiva ebemevaba lapiga. Poleerimine tagab \u00fchtlase ja korrektse l\u00f5pptulemuse.<\/p>\n<p><strong>Hooldamine:<\/strong> T\u00f6\u00f6deldud pind on kasutusvalmis 6 tunni p\u00e4rast. Pinna pesemiseks kasutada pehmet pesuk\u00e4sna v\u00f5i \u2013harja. T\u00f6\u00f6deldud pindade pesemiseks soovitame kasutada puhastusvahendit TerraceClean (lahjendada vastavalt kasutusjuhendile) samuti neutraalseid v\u00f5i n\u00f5rgalt leeliselisi (pH 6\u20268) pese-misvahendeid. Mitte kasutada abrasiivseid v\u00f5i orgaanilisi lahusteid sisaldavaid puhastusvahendeid ega karedaid k\u00e4snasid, harju. Peale pesu loputada pind puhta veega ja lasta kuivada.<\/p>\n<p><strong>Ohutus:<\/strong> Ettevaatust! Allaneelamisel v\u00f5i hingamisteedesse sattumisel v\u00f5ib olla surmav. Tuleohtlik vedelik ja aur. P\u00f5hjustab naha\u00e4rritust. Sisaldab S\u00fcsivesinikud, C10-C13, N-alkaanid, isoalkaanid, ts\u00fcklilised, <2% aromaatseid aineid. Kanda kaitsekindaid\/kaitser\u00f5ivastust\/ kaitseprille\/ kaitsejalatseid. P\u00e4rast k\u00e4itlemist pesta hoolega nahka. NAHALE SATTUMISE KORRAL: pesta rohke veega. Hoida eemal soojusallikast, kuumadest pindadest, s\u00e4demetest, leekidest ja muudest s\u00fc\u00fcte-allikatest. Mitte suitsetada. Tulekahju korral: kasutada kustutamiseks Vahtkustuti (AB), Kuivkeemia-pulbriga (ABC) tulekustuti, S\u00fcsinikdioksiidkustuti (BC). Arsti poole p\u00f6\u00f6rdudes v\u00f5tta kaasa toote pakend v\u00f5i etikett. UFI: VD40-106X-S00A-KF9T Hoida lastele k\u00e4ttesaamatus kohas<\/p>\n\t\t<\/div>\n\t\t\t\t\t<\/div>\n\n\t\n\n\t<div id=\"col-1519197961\" class=\"col medium-3 small-12 large-3\"  >\n\t\t\t\t<div class=\"col-inner\"  >\n\t\t\t\n\t\t\t\n\t<div id=\"gap-1340404989\" class=\"gap-element clearfix\" style=\"display:block; height:auto;\">\n\t\t\n<style>\n#gap-1340404989 {\n  padding-top: 30px;\n}\n<\/style>\n\t<\/div>\n\t\n<h3>Tehniline informatsioon<\/h3>\n<p><a href=\"https:\/\/espak.ee\/epood\/wp-content\/uploads\/2026\/03\/WEB_passport_WPC_Refresher_est_01.pdf\"target=\"_blank\" rel=\"noopener noreferrer\"><i class=\"far fa-file-pdf\"><\/i> Tehniline info (PDF)<\/a><\/p>\n<h3>Ohutuskaart<\/h3>\n<p><a href=\"https:\/\/espak.ee\/epood\/wp-content\/uploads\/2026\/03\/Ohutuskaart-WPC-Refresher.pdf\"target=\"_blank\" rel=\"noopener noreferrer\"><i class=\"far fa-file-pdf\"><\/i> Ohutuskaart (PDF)<\/a><\/p>\n<div class=\"is-divider divider clearfix\" ><\/div>\n<p><strong>\u00dcksikasjalikuma n\u00f5u saamiseks v\u00f5tke \u00fchendust:<br \/><\/strong>Eskaro AS<br \/>Fosforiidi 20<br \/>Maardu<br \/>+372 6217969<\/p>\n<div class=\"is-divider divider clearfix\" ><\/div>\n\t\t<\/div>\n\t\t\t\t\t<\/div>\n\n\t\n<\/div>\n","protected":false},"excerpt":{"rendered":"","protected":false},"featured_media":266698,"comment_status":"closed","ping_status":"closed","template":"","meta":[],"product_brand":[],"product_cat":[2691,3441,2684,2683],"product_tag":[],"class_list":{"0":"post-266412","1":"product","2":"type-product","3":"status-publish","4":"has-post-thumbnail","6":"product_cat-lahustid","7":"product_cat-lahustid-ja-pesuained","8":"product_cat-varvid-lakid-lahustid-puidukaitsed-olid","9":"product_cat-viimistluskaubad","10":"pa_kaubamark-eskaro-as","12":"first","13":"instock","14":"sale","15":"taxable","16":"shipping-taxable","17":"purchasable","18":"product-type-simple"},"yoast_head":"<!-- This site is optimized with the Yoast SEO plugin v26.9 - https:\/\/yoast.com\/product\/yoast-seo-wordpress\/ -->\n<title>KOMPOSIITMATERJALIDE HOOLDUS- JA V\u00c4RSKENDUSVAHEND WPC REFRESHER 1L - Espak E-pood<\/title>\n<meta name=\"robots\" content=\"index, follow, max-snippet:-1, max-image-preview:large, max-video-preview:-1\" \/>\n<link rel=\"canonical\" href=\"https:\/\/espak.ee\/epood\/toode\/komposiitmaterjalide-hooldus-ja-varskendusvahend-wpc-refresher-1l\/\" \/>\n<meta property=\"og:locale\" content=\"et_EE\" \/>\n<meta property=\"og:type\" content=\"article\" \/>\n<meta property=\"og:title\" content=\"KOMPOSIITMATERJALIDE HOOLDUS- JA V\u00c4RSKENDUSVAHEND WPC REFRESHER 1L - Espak E-pood\" \/>\n<meta property=\"og:url\" content=\"https:\/\/espak.ee\/epood\/toode\/komposiitmaterjalide-hooldus-ja-varskendusvahend-wpc-refresher-1l\/\" \/>\n<meta property=\"og:site_name\" content=\"Espak E-pood\" \/>\n<meta property=\"article:modified_time\" content=\"2026-03-21T07:38:37+00:00\" \/>\n<meta property=\"og:image\" content=\"https:\/\/espak.ee\/epood\/wp-content\/uploads\/2026\/03\/WPC_Refresher_1.0_view1.jpg\" \/>\n\t<meta property=\"og:image:width\" content=\"1000\" \/>\n\t<meta property=\"og:image:height\" content=\"1000\" \/>\n\t<meta property=\"og:image:type\" content=\"image\/jpeg\" \/>\n<meta name=\"twitter:card\" content=\"summary_large_image\" \/>\n<meta name=\"twitter:label1\" content=\"Est. reading time\" \/>\n\t<meta name=\"twitter:data1\" content=\"2 minutit\" \/>\n<script type=\"application\/ld+json\" class=\"yoast-schema-graph\">{\"@context\":\"https:\/\/schema.org\",\"@graph\":[{\"@type\":\"WebPage\",\"@id\":\"https:\/\/espak.ee\/epood\/toode\/komposiitmaterjalide-hooldus-ja-varskendusvahend-wpc-refresher-1l\/\",\"url\":\"https:\/\/espak.ee\/epood\/toode\/komposiitmaterjalide-hooldus-ja-varskendusvahend-wpc-refresher-1l\/\",\"name\":\"KOMPOSIITMATERJALIDE HOOLDUS- JA V\u00c4RSKENDUSVAHEND WPC REFRESHER 1L - Espak E-pood\",\"isPartOf\":{\"@id\":\"https:\/\/espak.ee\/epood\/#website\"},\"primaryImageOfPage\":{\"@id\":\"https:\/\/espak.ee\/epood\/toode\/komposiitmaterjalide-hooldus-ja-varskendusvahend-wpc-refresher-1l\/#primaryimage\"},\"image\":{\"@id\":\"https:\/\/espak.ee\/epood\/toode\/komposiitmaterjalide-hooldus-ja-varskendusvahend-wpc-refresher-1l\/#primaryimage\"},\"thumbnailUrl\":\"https:\/\/espak.ee\/epood\/wp-content\/uploads\/2026\/03\/WPC_Refresher_1.0_view1.jpg\",\"datePublished\":\"2026-03-11T03:11:39+00:00\",\"dateModified\":\"2026-03-21T07:38:37+00:00\",\"breadcrumb\":{\"@id\":\"https:\/\/espak.ee\/epood\/toode\/komposiitmaterjalide-hooldus-ja-varskendusvahend-wpc-refresher-1l\/#breadcrumb\"},\"inLanguage\":\"et\",\"potentialAction\":[{\"@type\":\"ReadAction\",\"target\":[\"https:\/\/espak.ee\/epood\/toode\/komposiitmaterjalide-hooldus-ja-varskendusvahend-wpc-refresher-1l\/\"]}]},{\"@type\":\"ImageObject\",\"inLanguage\":\"et\",\"@id\":\"https:\/\/espak.ee\/epood\/toode\/komposiitmaterjalide-hooldus-ja-varskendusvahend-wpc-refresher-1l\/#primaryimage\",\"url\":\"https:\/\/espak.ee\/epood\/wp-content\/uploads\/2026\/03\/WPC_Refresher_1.0_view1.jpg\",\"contentUrl\":\"https:\/\/espak.ee\/epood\/wp-content\/uploads\/2026\/03\/WPC_Refresher_1.0_view1.jpg\",\"width\":1000,\"height\":1000},{\"@type\":\"BreadcrumbList\",\"@id\":\"https:\/\/espak.ee\/epood\/toode\/komposiitmaterjalide-hooldus-ja-varskendusvahend-wpc-refresher-1l\/#breadcrumb\",\"itemListElement\":[{\"@type\":\"ListItem\",\"position\":1,\"name\":\"Home\",\"item\":\"https:\/\/espak.ee\/epood\/\"},{\"@type\":\"ListItem\",\"position\":2,\"name\":\"Tootevalik\",\"item\":\"https:\/\/espak.ee\/epood\/tootevalik\/\"},{\"@type\":\"ListItem\",\"position\":3,\"name\":\"KOMPOSIITMATERJALIDE HOOLDUS- JA V\u00c4RSKENDUSVAHEND WPC REFRESHER 1L\"}]},{\"@type\":\"WebSite\",\"@id\":\"https:\/\/espak.ee\/epood\/#website\",\"url\":\"https:\/\/espak.ee\/epood\/\",\"name\":\"Espak E-pood\",\"description\":\"\",\"potentialAction\":[{\"@type\":\"SearchAction\",\"target\":{\"@type\":\"EntryPoint\",\"urlTemplate\":\"https:\/\/espak.ee\/epood\/?s={search_term_string}\"},\"query-input\":{\"@type\":\"PropertyValueSpecification\",\"valueRequired\":true,\"valueName\":\"search_term_string\"}}],\"inLanguage\":\"et\"}]}<\/script>\n<!-- \/ Yoast SEO plugin. -->","yoast_head_json":{"title":"KOMPOSIITMATERJALIDE HOOLDUS- JA V\u00c4RSKENDUSVAHEND WPC REFRESHER 1L - Espak E-pood","robots":{"index":"index","follow":"follow","max-snippet":"max-snippet:-1","max-image-preview":"max-image-preview:large","max-video-preview":"max-video-preview:-1"},"canonical":"https:\/\/espak.ee\/epood\/toode\/komposiitmaterjalide-hooldus-ja-varskendusvahend-wpc-refresher-1l\/","og_locale":"et_EE","og_type":"article","og_title":"KOMPOSIITMATERJALIDE HOOLDUS- JA V\u00c4RSKENDUSVAHEND WPC REFRESHER 1L - Espak E-pood","og_url":"https:\/\/espak.ee\/epood\/toode\/komposiitmaterjalide-hooldus-ja-varskendusvahend-wpc-refresher-1l\/","og_site_name":"Espak E-pood","article_modified_time":"2026-03-21T07:38:37+00:00","og_image":[{"width":1000,"height":1000,"url":"https:\/\/espak.ee\/epood\/wp-content\/uploads\/2026\/03\/WPC_Refresher_1.0_view1.jpg","type":"image\/jpeg"}],"twitter_card":"summary_large_image","twitter_misc":{"Est. reading time":"2 minutit"},"schema":{"@context":"https:\/\/schema.org","@graph":[{"@type":"WebPage","@id":"https:\/\/espak.ee\/epood\/toode\/komposiitmaterjalide-hooldus-ja-varskendusvahend-wpc-refresher-1l\/","url":"https:\/\/espak.ee\/epood\/toode\/komposiitmaterjalide-hooldus-ja-varskendusvahend-wpc-refresher-1l\/","name":"KOMPOSIITMATERJALIDE HOOLDUS- JA V\u00c4RSKENDUSVAHEND WPC REFRESHER 1L - Espak E-pood","isPartOf":{"@id":"https:\/\/espak.ee\/epood\/#website"},"primaryImageOfPage":{"@id":"https:\/\/espak.ee\/epood\/toode\/komposiitmaterjalide-hooldus-ja-varskendusvahend-wpc-refresher-1l\/#primaryimage"},"image":{"@id":"https:\/\/espak.ee\/epood\/toode\/komposiitmaterjalide-hooldus-ja-varskendusvahend-wpc-refresher-1l\/#primaryimage"},"thumbnailUrl":"https:\/\/espak.ee\/epood\/wp-content\/uploads\/2026\/03\/WPC_Refresher_1.0_view1.jpg","datePublished":"2026-03-11T03:11:39+00:00","dateModified":"2026-03-21T07:38:37+00:00","breadcrumb":{"@id":"https:\/\/espak.ee\/epood\/toode\/komposiitmaterjalide-hooldus-ja-varskendusvahend-wpc-refresher-1l\/#breadcrumb"},"inLanguage":"et","potentialAction":[{"@type":"ReadAction","target":["https:\/\/espak.ee\/epood\/toode\/komposiitmaterjalide-hooldus-ja-varskendusvahend-wpc-refresher-1l\/"]}]},{"@type":"ImageObject","inLanguage":"et","@id":"https:\/\/espak.ee\/epood\/toode\/komposiitmaterjalide-hooldus-ja-varskendusvahend-wpc-refresher-1l\/#primaryimage","url":"https:\/\/espak.ee\/epood\/wp-content\/uploads\/2026\/03\/WPC_Refresher_1.0_view1.jpg","contentUrl":"https:\/\/espak.ee\/epood\/wp-content\/uploads\/2026\/03\/WPC_Refresher_1.0_view1.jpg","width":1000,"height":1000},{"@type":"BreadcrumbList","@id":"https:\/\/espak.ee\/epood\/toode\/komposiitmaterjalide-hooldus-ja-varskendusvahend-wpc-refresher-1l\/#breadcrumb","itemListElement":[{"@type":"ListItem","position":1,"name":"Home","item":"https:\/\/espak.ee\/epood\/"},{"@type":"ListItem","position":2,"name":"Tootevalik","item":"https:\/\/espak.ee\/epood\/tootevalik\/"},{"@type":"ListItem","position":3,"name":"KOMPOSIITMATERJALIDE HOOLDUS- JA V\u00c4RSKENDUSVAHEND WPC REFRESHER 1L"}]},{"@type":"WebSite","@id":"https:\/\/espak.ee\/epood\/#website","url":"https:\/\/espak.ee\/epood\/","name":"Espak E-pood","description":"","potentialAction":[{"@type":"SearchAction","target":{"@type":"EntryPoint","urlTemplate":"https:\/\/espak.ee\/epood\/?s={search_term_string}"},"query-input":{"@type":"PropertyValueSpecification","valueRequired":true,"valueName":"search_term_string"}}],"inLanguage":"et"}]}},"_links":{"self":[{"href":"https:\/\/espak.ee\/epood\/wp-json\/wp\/v2\/product\/266412","targetHints":{"allow":["GET"]}}],"collection":[{"href":"https:\/\/espak.ee\/epood\/wp-json\/wp\/v2\/product"}],"about":[{"href":"https:\/\/espak.ee\/epood\/wp-json\/wp\/v2\/types\/product"}],"replies":[{"embeddable":true,"href":"https:\/\/espak.ee\/epood\/wp-json\/wp\/v2\/comments?post=266412"}],"wp:featuredmedia":[{"embeddable":true,"href":"https:\/\/espak.ee\/epood\/wp-json\/wp\/v2\/media\/266698"}],"wp:attachment":[{"href":"https:\/\/espak.ee\/epood\/wp-json\/wp\/v2\/media?parent=266412"}],"wp:term":[{"taxonomy":"product_brand","embeddable":true,"href":"https:\/\/espak.ee\/epood\/wp-json\/wp\/v2\/product_brand?post=266412"},{"taxonomy":"product_cat","embeddable":true,"href":"https:\/\/espak.ee\/epood\/wp-json\/wp\/v2\/product_cat?post=266412"},{"taxonomy":"product_tag","embeddable":true,"href":"https:\/\/espak.ee\/epood\/wp-json\/wp\/v2\/product_tag?post=266412"}],"curies":[{"name":"wp","href":"https:\/\/api.w.org\/{rel}","templated":true}]}}