{"id":265567,"date":"2026-03-04T05:05:43","date_gmt":"2026-03-04T03:05:43","guid":{"rendered":"https:\/\/espak.ee\/epood\/?post_type=product&#038;p=265567"},"modified":"2026-03-05T15:00:04","modified_gmt":"2026-03-05T13:00:04","slug":"lvt-click-spc-la-villi-antrazit-216m%c2%b2-pk","status":"publish","type":"product","link":"https:\/\/espak.ee\/epood\/toode\/lvt-click-spc-la-villi-antrazit-216m%c2%b2-pk\/","title":{"rendered":"LVT CLICK SPC LA VILLI ANTRAZIT \/2,16M\u00b2 PK"},"content":{"rendered":"<div class=\"row\"  id=\"row-408787372\">\n\n\t<div id=\"col-36468116\" class=\"col medium-9 small-12 large-9\"  >\n\t\t\t\t<div class=\"col-inner\"  >\n\t\t\t\n\t\t\t\n<h3>LVT CLICK SPC 6,7mm LA VILLI ANTRAZIT <\/h3>\n<p>SPC-Rigid Vinyl on klassikalise vin\u00fc\u00fclp\u00f5randa uus vorm.<br \/>\nErinevus seisneb vin\u00fc\u00fclp\u00f5randa sisus: SPC-Rigid s\u00fcdamik on pressitud kivipulbri kiht (nn kivipulbri komposiit) tugevdavate lisanditega.<br \/>\nTulemuseks on p\u00f5randakate, millel on suurem m\u00f5\u00f5tmete stabiilsus, surve- ja  kuumuskindlus. Suurep\u00e4rane valik n\u00f5udlikesse elamu- ja \u00e4ripindadesse.<br \/>\nPaigaldus on lihtne ja tolmuvaba.\n <\/p>\n<div class=\"message-box relative\" style=\"padding-top:15px;padding-bottom:15px;\"><div class=\"message-box-bg-image bg-fill fill\" ><\/div><div class=\"message-box-bg-overlay bg-fill fill\" ><\/div><div class=\"container relative\"><div class=\"inner last-reset\">\n<div class=\"row align-middle align-center\"  id=\"row-1603529703\">\n\n\t<div id=\"col-544431276\" class=\"col small-12 large-12\"  >\n\t\t\t\t<div class=\"col-inner text-left\"  >\n\t\t\t\n\t\t\t\n<h4>Omadused<\/h4>\n<div class=\"row\"  id=\"row-2015646803\">\n\n\t<div id=\"col-1766193299\" class=\"col medium-6 small-12 large-6\"  >\n\t\t\t\t<div class=\"col-inner\"  >\n\t\t\t\n\t\t\t\n<p><i class=\"fa fa-check fa-2x\"><\/i> Sobilik esikusse, k\u00f6\u00f6ki ja ka vannituppa<\/p>\n<p><i class=\"fa fa-check fa-2x\"><\/i> Sobilik arstikabinetti, kontorisse, juuksurisalongi<\/p>\n<p><i class=\"fa fa-check fa-2x\"><\/i> Veekindel<\/p>\n\t\t<\/div>\n\t\t\t\t\n<style>\n#col-1766193299 > .col-inner {\n  margin: 10px 0px 15px 0px;\n}\n<\/style>\n\t<\/div>\n\n\t\n\n\t<div id=\"col-1738233366\" class=\"col medium-6 small-12 large-6\"  >\n\t\t\t\t<div class=\"col-inner\"  >\n\t\t\t\n\t\t\t\n<p><i class=\"fa fa-check fa-2x\"><\/i> Heli summutav<\/p>\n<p><i class=\"fa fa-check fa-2x\"><\/i> K\u00f5rge kulumis-, kriimustus- ja p\u00f5rutuskindlus <\/p>\n<p><i class=\"fa fa-check fa-2x\"><\/i> BIOTECH CLEAN &#8211; takistab bakterite, viiruste ja hallituse kasvu, mis puutuvad kokku p\u00f5randapinnaga<\/p>\n\t\t<\/div>\n\t\t\t\t\n<style>\n#col-1738233366 > .col-inner {\n  margin: 10px 0px 15px 0px;\n}\n<\/style>\n\t<\/div>\n\n\t\n<\/div>\n\t\t<\/div>\n\t\t\t\t\t<\/div>\n\n\t\n<\/div>\n<\/div><\/div><\/div>\n\t<div id=\"gap-785142320\" class=\"gap-element clearfix\" style=\"display:block; height:auto;\">\n\t\t\n<style>\n#gap-785142320 {\n  padding-top: 30px;\n}\n<\/style>\n\t<\/div>\n\t\n<p>Kulumiskindlus: 42.<br \/>\nPlaadi m\u00f5\u00f5dud: 600 x 300 x 6,7 mm.<br \/>\nPakendis 12 tk\/ 2,16 m2.<br \/>\nPinnat\u00f6\u00f6tlus: Keraamiline ja UV-kate, EIR ( Registris reljeefne)\/k\u00e4sitsi harjatud.  <\/p>\n\t\t<\/div>\n\t\t\t\t\t<\/div>\n\n\t\n\n\t<div id=\"col-207374001\" class=\"col medium-3 small-12 large-3\"  >\n\t\t\t\t<div class=\"col-inner\"  >\n\t\t\t\n\t\t\t\n<h3>Paigaldusjuhend<\/h3>\n<p><a href=\"https:\/\/espak.ee\/epood\/wp-content\/uploads\/2026\/03\/Installation-Guide-SPC-Standard-ET.pdf\"target=\"_blank\" rel=\"noopener noreferrer\"><i class=\"far fa-file-pdf\"><\/i> Paigaldusjuhend (PDF)<\/a><\/p>\n\t<div id=\"gap-1428674572\" class=\"gap-element clearfix\" style=\"display:block; height:auto;\">\n\t\t\n<style>\n#gap-1428674572 {\n  padding-top: 30px;\n}\n<\/style>\n\t<\/div>\n\t\n<p><strong>\u00dcksikasjalikuma n\u00f5u saamiseks v\u00f5tke \u00fchendust:<br \/><\/strong>Espak AS<br \/>Viadukti 42<br \/>11313<br \/>Tallinn<br \/>+372 6 512333<\/p>\n\t\t<\/div>\n\t\t\t\t\t<\/div>\n\n\t\n<\/div>\n","protected":false},"excerpt":{"rendered":"","protected":false},"featured_media":265856,"comment_status":"closed","ping_status":"closed","template":"","meta":[],"product_brand":[],"product_cat":[3188,3245,3187,2683],"product_tag":[],"class_list":{"0":"post-265567","1":"product","2":"type-product","3":"status-publish","4":"has-post-thumbnail","6":"product_cat-laminaatparkett","7":"product_cat-laminaatparkett-laminaatparkett","8":"product_cat-parketid","9":"product_cat-viimistluskaubad","10":"pa_kaubamark-falquon-gmbh","12":"first","13":"instock","14":"sale","15":"taxable","16":"shipping-taxable","17":"purchasable","18":"product-type-simple"},"yoast_head":"<!-- This site is optimized with the Yoast SEO plugin v26.9 - https:\/\/yoast.com\/product\/yoast-seo-wordpress\/ -->\n<title>LVT CLICK SPC LA VILLI ANTRAZIT \/2,16M\u00b2 PK - Espak E-pood<\/title>\n<meta name=\"robots\" content=\"index, follow, max-snippet:-1, max-image-preview:large, max-video-preview:-1\" \/>\n<link rel=\"canonical\" href=\"https:\/\/espak.ee\/epood\/toode\/lvt-click-spc-la-villi-antrazit-216m\u00b2-pk\/\" \/>\n<meta property=\"og:locale\" content=\"et_EE\" \/>\n<meta property=\"og:type\" content=\"article\" \/>\n<meta property=\"og:title\" content=\"LVT CLICK SPC LA VILLI ANTRAZIT \/2,16M\u00b2 PK - Espak E-pood\" \/>\n<meta property=\"og:url\" content=\"https:\/\/espak.ee\/epood\/toode\/lvt-click-spc-la-villi-antrazit-216m\u00b2-pk\/\" \/>\n<meta property=\"og:site_name\" content=\"Espak E-pood\" \/>\n<meta property=\"article:modified_time\" content=\"2026-03-05T13:00:04+00:00\" \/>\n<meta property=\"og:image\" content=\"https:\/\/espak.ee\/epood\/wp-content\/uploads\/2026\/03\/2600-55.jpg.jpg\" \/>\n\t<meta property=\"og:image:width\" content=\"1000\" \/>\n\t<meta property=\"og:image:height\" content=\"1000\" \/>\n\t<meta property=\"og:image:type\" content=\"image\/jpeg\" \/>\n<meta name=\"twitter:card\" content=\"summary_large_image\" \/>\n<meta name=\"twitter:label1\" content=\"Est. reading time\" \/>\n\t<meta name=\"twitter:data1\" content=\"1 minut\" \/>\n<script type=\"application\/ld+json\" class=\"yoast-schema-graph\">{\"@context\":\"https:\/\/schema.org\",\"@graph\":[{\"@type\":\"WebPage\",\"@id\":\"https:\/\/espak.ee\/epood\/toode\/lvt-click-spc-la-villi-antrazit-216m%c2%b2-pk\/\",\"url\":\"https:\/\/espak.ee\/epood\/toode\/lvt-click-spc-la-villi-antrazit-216m%c2%b2-pk\/\",\"name\":\"LVT CLICK SPC LA VILLI ANTRAZIT \/2,16M\u00b2 PK - Espak E-pood\",\"isPartOf\":{\"@id\":\"https:\/\/espak.ee\/epood\/#website\"},\"primaryImageOfPage\":{\"@id\":\"https:\/\/espak.ee\/epood\/toode\/lvt-click-spc-la-villi-antrazit-216m%c2%b2-pk\/#primaryimage\"},\"image\":{\"@id\":\"https:\/\/espak.ee\/epood\/toode\/lvt-click-spc-la-villi-antrazit-216m%c2%b2-pk\/#primaryimage\"},\"thumbnailUrl\":\"https:\/\/espak.ee\/epood\/wp-content\/uploads\/2026\/03\/2600-55.jpg.jpg\",\"datePublished\":\"2026-03-04T03:05:43+00:00\",\"dateModified\":\"2026-03-05T13:00:04+00:00\",\"breadcrumb\":{\"@id\":\"https:\/\/espak.ee\/epood\/toode\/lvt-click-spc-la-villi-antrazit-216m%c2%b2-pk\/#breadcrumb\"},\"inLanguage\":\"et\",\"potentialAction\":[{\"@type\":\"ReadAction\",\"target\":[\"https:\/\/espak.ee\/epood\/toode\/lvt-click-spc-la-villi-antrazit-216m%c2%b2-pk\/\"]}]},{\"@type\":\"ImageObject\",\"inLanguage\":\"et\",\"@id\":\"https:\/\/espak.ee\/epood\/toode\/lvt-click-spc-la-villi-antrazit-216m%c2%b2-pk\/#primaryimage\",\"url\":\"https:\/\/espak.ee\/epood\/wp-content\/uploads\/2026\/03\/2600-55.jpg.jpg\",\"contentUrl\":\"https:\/\/espak.ee\/epood\/wp-content\/uploads\/2026\/03\/2600-55.jpg.jpg\",\"width\":1000,\"height\":1000},{\"@type\":\"BreadcrumbList\",\"@id\":\"https:\/\/espak.ee\/epood\/toode\/lvt-click-spc-la-villi-antrazit-216m%c2%b2-pk\/#breadcrumb\",\"itemListElement\":[{\"@type\":\"ListItem\",\"position\":1,\"name\":\"Home\",\"item\":\"https:\/\/espak.ee\/epood\/\"},{\"@type\":\"ListItem\",\"position\":2,\"name\":\"Tootevalik\",\"item\":\"https:\/\/espak.ee\/epood\/tootevalik\/\"},{\"@type\":\"ListItem\",\"position\":3,\"name\":\"LVT CLICK SPC LA VILLI ANTRAZIT \/2,16M\u00b2 PK\"}]},{\"@type\":\"WebSite\",\"@id\":\"https:\/\/espak.ee\/epood\/#website\",\"url\":\"https:\/\/espak.ee\/epood\/\",\"name\":\"Espak E-pood\",\"description\":\"\",\"potentialAction\":[{\"@type\":\"SearchAction\",\"target\":{\"@type\":\"EntryPoint\",\"urlTemplate\":\"https:\/\/espak.ee\/epood\/?s={search_term_string}\"},\"query-input\":{\"@type\":\"PropertyValueSpecification\",\"valueRequired\":true,\"valueName\":\"search_term_string\"}}],\"inLanguage\":\"et\"}]}<\/script>\n<!-- \/ Yoast SEO plugin. -->","yoast_head_json":{"title":"LVT CLICK SPC LA VILLI ANTRAZIT \/2,16M\u00b2 PK - Espak E-pood","robots":{"index":"index","follow":"follow","max-snippet":"max-snippet:-1","max-image-preview":"max-image-preview:large","max-video-preview":"max-video-preview:-1"},"canonical":"https:\/\/espak.ee\/epood\/toode\/lvt-click-spc-la-villi-antrazit-216m\u00b2-pk\/","og_locale":"et_EE","og_type":"article","og_title":"LVT CLICK SPC LA VILLI ANTRAZIT \/2,16M\u00b2 PK - Espak E-pood","og_url":"https:\/\/espak.ee\/epood\/toode\/lvt-click-spc-la-villi-antrazit-216m\u00b2-pk\/","og_site_name":"Espak E-pood","article_modified_time":"2026-03-05T13:00:04+00:00","og_image":[{"width":1000,"height":1000,"url":"https:\/\/espak.ee\/epood\/wp-content\/uploads\/2026\/03\/2600-55.jpg.jpg","type":"image\/jpeg"}],"twitter_card":"summary_large_image","twitter_misc":{"Est. reading time":"1 minut"},"schema":{"@context":"https:\/\/schema.org","@graph":[{"@type":"WebPage","@id":"https:\/\/espak.ee\/epood\/toode\/lvt-click-spc-la-villi-antrazit-216m%c2%b2-pk\/","url":"https:\/\/espak.ee\/epood\/toode\/lvt-click-spc-la-villi-antrazit-216m%c2%b2-pk\/","name":"LVT CLICK SPC LA VILLI ANTRAZIT \/2,16M\u00b2 PK - Espak E-pood","isPartOf":{"@id":"https:\/\/espak.ee\/epood\/#website"},"primaryImageOfPage":{"@id":"https:\/\/espak.ee\/epood\/toode\/lvt-click-spc-la-villi-antrazit-216m%c2%b2-pk\/#primaryimage"},"image":{"@id":"https:\/\/espak.ee\/epood\/toode\/lvt-click-spc-la-villi-antrazit-216m%c2%b2-pk\/#primaryimage"},"thumbnailUrl":"https:\/\/espak.ee\/epood\/wp-content\/uploads\/2026\/03\/2600-55.jpg.jpg","datePublished":"2026-03-04T03:05:43+00:00","dateModified":"2026-03-05T13:00:04+00:00","breadcrumb":{"@id":"https:\/\/espak.ee\/epood\/toode\/lvt-click-spc-la-villi-antrazit-216m%c2%b2-pk\/#breadcrumb"},"inLanguage":"et","potentialAction":[{"@type":"ReadAction","target":["https:\/\/espak.ee\/epood\/toode\/lvt-click-spc-la-villi-antrazit-216m%c2%b2-pk\/"]}]},{"@type":"ImageObject","inLanguage":"et","@id":"https:\/\/espak.ee\/epood\/toode\/lvt-click-spc-la-villi-antrazit-216m%c2%b2-pk\/#primaryimage","url":"https:\/\/espak.ee\/epood\/wp-content\/uploads\/2026\/03\/2600-55.jpg.jpg","contentUrl":"https:\/\/espak.ee\/epood\/wp-content\/uploads\/2026\/03\/2600-55.jpg.jpg","width":1000,"height":1000},{"@type":"BreadcrumbList","@id":"https:\/\/espak.ee\/epood\/toode\/lvt-click-spc-la-villi-antrazit-216m%c2%b2-pk\/#breadcrumb","itemListElement":[{"@type":"ListItem","position":1,"name":"Home","item":"https:\/\/espak.ee\/epood\/"},{"@type":"ListItem","position":2,"name":"Tootevalik","item":"https:\/\/espak.ee\/epood\/tootevalik\/"},{"@type":"ListItem","position":3,"name":"LVT CLICK SPC LA VILLI ANTRAZIT \/2,16M\u00b2 PK"}]},{"@type":"WebSite","@id":"https:\/\/espak.ee\/epood\/#website","url":"https:\/\/espak.ee\/epood\/","name":"Espak E-pood","description":"","potentialAction":[{"@type":"SearchAction","target":{"@type":"EntryPoint","urlTemplate":"https:\/\/espak.ee\/epood\/?s={search_term_string}"},"query-input":{"@type":"PropertyValueSpecification","valueRequired":true,"valueName":"search_term_string"}}],"inLanguage":"et"}]}},"_links":{"self":[{"href":"https:\/\/espak.ee\/epood\/wp-json\/wp\/v2\/product\/265567","targetHints":{"allow":["GET"]}}],"collection":[{"href":"https:\/\/espak.ee\/epood\/wp-json\/wp\/v2\/product"}],"about":[{"href":"https:\/\/espak.ee\/epood\/wp-json\/wp\/v2\/types\/product"}],"replies":[{"embeddable":true,"href":"https:\/\/espak.ee\/epood\/wp-json\/wp\/v2\/comments?post=265567"}],"wp:featuredmedia":[{"embeddable":true,"href":"https:\/\/espak.ee\/epood\/wp-json\/wp\/v2\/media\/265856"}],"wp:attachment":[{"href":"https:\/\/espak.ee\/epood\/wp-json\/wp\/v2\/media?parent=265567"}],"wp:term":[{"taxonomy":"product_brand","embeddable":true,"href":"https:\/\/espak.ee\/epood\/wp-json\/wp\/v2\/product_brand?post=265567"},{"taxonomy":"product_cat","embeddable":true,"href":"https:\/\/espak.ee\/epood\/wp-json\/wp\/v2\/product_cat?post=265567"},{"taxonomy":"product_tag","embeddable":true,"href":"https:\/\/espak.ee\/epood\/wp-json\/wp\/v2\/product_tag?post=265567"}],"curies":[{"name":"wp","href":"https:\/\/api.w.org\/{rel}","templated":true}]}}