{"id":264701,"date":"2026-02-19T05:10:52","date_gmt":"2026-02-19T03:10:52","guid":{"rendered":"https:\/\/espak.ee\/epood\/?post_type=product&#038;p=264701"},"modified":"2026-02-19T09:49:17","modified_gmt":"2026-02-19T07:49:17","slug":"isoleeritud-kolmik-160-160mm-tihendiga-19mm","status":"publish","type":"product","link":"https:\/\/espak.ee\/epood\/toode\/isoleeritud-kolmik-160-160mm-tihendiga-19mm\/","title":{"rendered":"ISOLEERITUD KOLMIK 160-160MM TIHENDIGA 19MM"},"content":{"rendered":"<div class=\"row\"  id=\"row-1109044374\">\n\n\t<div id=\"col-201313499\" class=\"col medium-9 small-12 large-9\"  >\n\t\t\t\t<div class=\"col-inner\"  >\n\t\t\t\n\t\t\t\n<h3>Isoleeritud kolmik 160-160mm tihendiga, isolatsioon 19mm<\/h3>\n<p>EUROPLAST-i isoleeritud metallist T-liited on m\u00f5eldud ventilatsiooni, konditsioneerimise ja rekuperatsiooni jaoks, kus on t\u00e4iendavad n\u00f5uded energiat\u00f5hususele. Kasutatav isolatsioon tagab suurep\u00e4rase heliisolatsiooni, soojusisolatsiooni ja kaitseb kondensaadi tekkimise eest. Kasutatav materjal vastab B-klassi tuleohutusstandarditele. Tehases paigaldatud isolatsioon v\u00e4hendab oluliselt paigaldusaega ja objektil vajaminevaid ressursse ning tagab isolatsiooni kvaliteedi.<\/p>\n<p><strong>Disain:<\/strong><br \/>\n&#8211; Valmistatud tsingitud terasest<br \/>\n&#8211; EPDM tihenduskummidega<br \/>\n&#8211; Kaetud elastse elastomeervahtisolatsiooniga (FEF)<br \/>\n&#8211; Isolatsioonimaterjal vastab B-klassi tuleohutusstandarditele<br \/>\n&#8211; S\u00fcsteemielemendid vastavad D tihedusklassi standarditele<\/p>\n<p><strong>Paigaldamine:<\/strong><br \/>\n&#8211; Lihtne paigaldamine<br \/>\n&#8211; S\u00e4\u00e4stab paigaldusaega ja ruumi<br \/>\n&#8211; Tagab materjalide s\u00e4\u00e4stmise<\/p>\n<p><strong>T\u00f6\u00f6temperatuur:<\/strong> -40\u00b0C &#8230; +85\u00b0C<br \/>\n<strong>Isolatsiooni paksus [mm]:<\/strong> 19<br \/>\n<strong>M\u00f5\u00f5dud [mm]: <\/strong> \u00d8160 &#8211; 160 &#8211; 160 mm<br \/>\n<strong>V\u00e4rvid:<\/strong> Must\n <\/p>\n\t\t<\/div>\n\t\t\t\t\t<\/div>\n\n\t\n\n\t<div id=\"col-1559871619\" class=\"col medium-3 small-12 large-3\"  >\n\t\t\t\t<div class=\"col-inner\"  >\n\t\t\t\n\t\t\t\n\t<div id=\"gap-1769740187\" class=\"gap-element clearfix\" style=\"display:block; height:auto;\">\n\t\t\n<style>\n#gap-1769740187 {\n  padding-top: 30px;\n}\n<\/style>\n\t<\/div>\n\t\n<p><strong>\u00dcksikasjalikuma n\u00f5u saamiseks v\u00f5tke \u00fchendust:<br \/><\/strong>Espak AS<br \/>Viadukti 42<br \/>11313<br \/>Tallinn<br \/>+372 6 512333<\/p>\n\t\t<\/div>\n\t\t\t\t\t<\/div>\n\n\t\n<\/div>\n","protected":false},"excerpt":{"rendered":"","protected":false},"featured_media":264707,"comment_status":"closed","ping_status":"closed","template":"","meta":[],"product_brand":[],"product_cat":[3070,3403,3422,3398],"product_tag":[],"class_list":{"0":"post-264701","1":"product","2":"type-product","3":"status-publish","4":"has-post-thumbnail","6":"product_cat-kute-ja-ventilatsioon","7":"product_cat-metallfassoon","8":"product_cat-metallfassoon-europlast","9":"product_cat-ventilatsioon","10":"pa_kaubamark-sia-eiroplasts","12":"first","13":"instock","14":"sale","15":"taxable","16":"shipping-taxable","17":"purchasable","18":"product-type-simple"},"yoast_head":"<!-- This site is optimized with the Yoast SEO plugin v26.9 - https:\/\/yoast.com\/product\/yoast-seo-wordpress\/ -->\n<title>ISOLEERITUD KOLMIK 160-160MM TIHENDIGA 19MM - Espak E-pood<\/title>\n<meta name=\"robots\" content=\"index, follow, max-snippet:-1, max-image-preview:large, max-video-preview:-1\" \/>\n<link rel=\"canonical\" href=\"https:\/\/espak.ee\/epood\/toode\/isoleeritud-kolmik-160-160mm-tihendiga-19mm\/\" \/>\n<meta property=\"og:locale\" content=\"et_EE\" \/>\n<meta property=\"og:type\" content=\"article\" \/>\n<meta property=\"og:title\" content=\"ISOLEERITUD KOLMIK 160-160MM TIHENDIGA 19MM - Espak E-pood\" \/>\n<meta property=\"og:url\" content=\"https:\/\/espak.ee\/epood\/toode\/isoleeritud-kolmik-160-160mm-tihendiga-19mm\/\" \/>\n<meta property=\"og:site_name\" content=\"Espak E-pood\" \/>\n<meta property=\"article:modified_time\" content=\"2026-02-19T07:49:17+00:00\" \/>\n<meta property=\"og:image\" content=\"https:\/\/espak.ee\/epood\/wp-content\/uploads\/2026\/02\/47740.jpg\" \/>\n\t<meta property=\"og:image:width\" content=\"1513\" \/>\n\t<meta property=\"og:image:height\" content=\"1513\" \/>\n\t<meta property=\"og:image:type\" content=\"image\/jpeg\" \/>\n<meta name=\"twitter:card\" content=\"summary_large_image\" \/>\n<meta name=\"twitter:label1\" content=\"Est. reading time\" \/>\n\t<meta name=\"twitter:data1\" content=\"1 minut\" \/>\n<script type=\"application\/ld+json\" class=\"yoast-schema-graph\">{\"@context\":\"https:\/\/schema.org\",\"@graph\":[{\"@type\":\"WebPage\",\"@id\":\"https:\/\/espak.ee\/epood\/toode\/isoleeritud-kolmik-160-160mm-tihendiga-19mm\/\",\"url\":\"https:\/\/espak.ee\/epood\/toode\/isoleeritud-kolmik-160-160mm-tihendiga-19mm\/\",\"name\":\"ISOLEERITUD KOLMIK 160-160MM TIHENDIGA 19MM - Espak E-pood\",\"isPartOf\":{\"@id\":\"https:\/\/espak.ee\/epood\/#website\"},\"primaryImageOfPage\":{\"@id\":\"https:\/\/espak.ee\/epood\/toode\/isoleeritud-kolmik-160-160mm-tihendiga-19mm\/#primaryimage\"},\"image\":{\"@id\":\"https:\/\/espak.ee\/epood\/toode\/isoleeritud-kolmik-160-160mm-tihendiga-19mm\/#primaryimage\"},\"thumbnailUrl\":\"https:\/\/espak.ee\/epood\/wp-content\/uploads\/2026\/02\/47740.jpg\",\"datePublished\":\"2026-02-19T03:10:52+00:00\",\"dateModified\":\"2026-02-19T07:49:17+00:00\",\"breadcrumb\":{\"@id\":\"https:\/\/espak.ee\/epood\/toode\/isoleeritud-kolmik-160-160mm-tihendiga-19mm\/#breadcrumb\"},\"inLanguage\":\"et\",\"potentialAction\":[{\"@type\":\"ReadAction\",\"target\":[\"https:\/\/espak.ee\/epood\/toode\/isoleeritud-kolmik-160-160mm-tihendiga-19mm\/\"]}]},{\"@type\":\"ImageObject\",\"inLanguage\":\"et\",\"@id\":\"https:\/\/espak.ee\/epood\/toode\/isoleeritud-kolmik-160-160mm-tihendiga-19mm\/#primaryimage\",\"url\":\"https:\/\/espak.ee\/epood\/wp-content\/uploads\/2026\/02\/47740.jpg\",\"contentUrl\":\"https:\/\/espak.ee\/epood\/wp-content\/uploads\/2026\/02\/47740.jpg\",\"width\":1513,\"height\":1513},{\"@type\":\"BreadcrumbList\",\"@id\":\"https:\/\/espak.ee\/epood\/toode\/isoleeritud-kolmik-160-160mm-tihendiga-19mm\/#breadcrumb\",\"itemListElement\":[{\"@type\":\"ListItem\",\"position\":1,\"name\":\"Home\",\"item\":\"https:\/\/espak.ee\/epood\/\"},{\"@type\":\"ListItem\",\"position\":2,\"name\":\"Tootevalik\",\"item\":\"https:\/\/espak.ee\/epood\/tootevalik\/\"},{\"@type\":\"ListItem\",\"position\":3,\"name\":\"ISOLEERITUD KOLMIK 160-160MM TIHENDIGA 19MM\"}]},{\"@type\":\"WebSite\",\"@id\":\"https:\/\/espak.ee\/epood\/#website\",\"url\":\"https:\/\/espak.ee\/epood\/\",\"name\":\"Espak E-pood\",\"description\":\"\",\"potentialAction\":[{\"@type\":\"SearchAction\",\"target\":{\"@type\":\"EntryPoint\",\"urlTemplate\":\"https:\/\/espak.ee\/epood\/?s={search_term_string}\"},\"query-input\":{\"@type\":\"PropertyValueSpecification\",\"valueRequired\":true,\"valueName\":\"search_term_string\"}}],\"inLanguage\":\"et\"}]}<\/script>\n<!-- \/ Yoast SEO plugin. -->","yoast_head_json":{"title":"ISOLEERITUD KOLMIK 160-160MM TIHENDIGA 19MM - Espak E-pood","robots":{"index":"index","follow":"follow","max-snippet":"max-snippet:-1","max-image-preview":"max-image-preview:large","max-video-preview":"max-video-preview:-1"},"canonical":"https:\/\/espak.ee\/epood\/toode\/isoleeritud-kolmik-160-160mm-tihendiga-19mm\/","og_locale":"et_EE","og_type":"article","og_title":"ISOLEERITUD KOLMIK 160-160MM TIHENDIGA 19MM - Espak E-pood","og_url":"https:\/\/espak.ee\/epood\/toode\/isoleeritud-kolmik-160-160mm-tihendiga-19mm\/","og_site_name":"Espak E-pood","article_modified_time":"2026-02-19T07:49:17+00:00","og_image":[{"width":1513,"height":1513,"url":"https:\/\/espak.ee\/epood\/wp-content\/uploads\/2026\/02\/47740.jpg","type":"image\/jpeg"}],"twitter_card":"summary_large_image","twitter_misc":{"Est. reading time":"1 minut"},"schema":{"@context":"https:\/\/schema.org","@graph":[{"@type":"WebPage","@id":"https:\/\/espak.ee\/epood\/toode\/isoleeritud-kolmik-160-160mm-tihendiga-19mm\/","url":"https:\/\/espak.ee\/epood\/toode\/isoleeritud-kolmik-160-160mm-tihendiga-19mm\/","name":"ISOLEERITUD KOLMIK 160-160MM TIHENDIGA 19MM - Espak E-pood","isPartOf":{"@id":"https:\/\/espak.ee\/epood\/#website"},"primaryImageOfPage":{"@id":"https:\/\/espak.ee\/epood\/toode\/isoleeritud-kolmik-160-160mm-tihendiga-19mm\/#primaryimage"},"image":{"@id":"https:\/\/espak.ee\/epood\/toode\/isoleeritud-kolmik-160-160mm-tihendiga-19mm\/#primaryimage"},"thumbnailUrl":"https:\/\/espak.ee\/epood\/wp-content\/uploads\/2026\/02\/47740.jpg","datePublished":"2026-02-19T03:10:52+00:00","dateModified":"2026-02-19T07:49:17+00:00","breadcrumb":{"@id":"https:\/\/espak.ee\/epood\/toode\/isoleeritud-kolmik-160-160mm-tihendiga-19mm\/#breadcrumb"},"inLanguage":"et","potentialAction":[{"@type":"ReadAction","target":["https:\/\/espak.ee\/epood\/toode\/isoleeritud-kolmik-160-160mm-tihendiga-19mm\/"]}]},{"@type":"ImageObject","inLanguage":"et","@id":"https:\/\/espak.ee\/epood\/toode\/isoleeritud-kolmik-160-160mm-tihendiga-19mm\/#primaryimage","url":"https:\/\/espak.ee\/epood\/wp-content\/uploads\/2026\/02\/47740.jpg","contentUrl":"https:\/\/espak.ee\/epood\/wp-content\/uploads\/2026\/02\/47740.jpg","width":1513,"height":1513},{"@type":"BreadcrumbList","@id":"https:\/\/espak.ee\/epood\/toode\/isoleeritud-kolmik-160-160mm-tihendiga-19mm\/#breadcrumb","itemListElement":[{"@type":"ListItem","position":1,"name":"Home","item":"https:\/\/espak.ee\/epood\/"},{"@type":"ListItem","position":2,"name":"Tootevalik","item":"https:\/\/espak.ee\/epood\/tootevalik\/"},{"@type":"ListItem","position":3,"name":"ISOLEERITUD KOLMIK 160-160MM TIHENDIGA 19MM"}]},{"@type":"WebSite","@id":"https:\/\/espak.ee\/epood\/#website","url":"https:\/\/espak.ee\/epood\/","name":"Espak E-pood","description":"","potentialAction":[{"@type":"SearchAction","target":{"@type":"EntryPoint","urlTemplate":"https:\/\/espak.ee\/epood\/?s={search_term_string}"},"query-input":{"@type":"PropertyValueSpecification","valueRequired":true,"valueName":"search_term_string"}}],"inLanguage":"et"}]}},"_links":{"self":[{"href":"https:\/\/espak.ee\/epood\/wp-json\/wp\/v2\/product\/264701","targetHints":{"allow":["GET"]}}],"collection":[{"href":"https:\/\/espak.ee\/epood\/wp-json\/wp\/v2\/product"}],"about":[{"href":"https:\/\/espak.ee\/epood\/wp-json\/wp\/v2\/types\/product"}],"replies":[{"embeddable":true,"href":"https:\/\/espak.ee\/epood\/wp-json\/wp\/v2\/comments?post=264701"}],"wp:featuredmedia":[{"embeddable":true,"href":"https:\/\/espak.ee\/epood\/wp-json\/wp\/v2\/media\/264707"}],"wp:attachment":[{"href":"https:\/\/espak.ee\/epood\/wp-json\/wp\/v2\/media?parent=264701"}],"wp:term":[{"taxonomy":"product_brand","embeddable":true,"href":"https:\/\/espak.ee\/epood\/wp-json\/wp\/v2\/product_brand?post=264701"},{"taxonomy":"product_cat","embeddable":true,"href":"https:\/\/espak.ee\/epood\/wp-json\/wp\/v2\/product_cat?post=264701"},{"taxonomy":"product_tag","embeddable":true,"href":"https:\/\/espak.ee\/epood\/wp-json\/wp\/v2\/product_tag?post=264701"}],"curies":[{"name":"wp","href":"https:\/\/api.w.org\/{rel}","templated":true}]}}