{"id":261862,"date":"2026-01-22T05:10:02","date_gmt":"2026-01-22T03:10:02","guid":{"rendered":"https:\/\/espak.ee\/epood\/?post_type=product&#038;p=261862"},"modified":"2026-01-22T08:25:51","modified_gmt":"2026-01-22T06:25:51","slug":"salongi-puhastuskasn-amio","status":"publish","type":"product","link":"https:\/\/espak.ee\/epood\/toode\/salongi-puhastuskasn-amio\/","title":{"rendered":"SALONGI PUHASTUSK\u00c4SN AMIO"},"content":{"rendered":"<div class=\"row\"  id=\"row-688362267\">\n\n\t<div id=\"col-1727805761\" class=\"col medium-9 small-12 large-9\"  >\n\t\t\t\t<div class=\"col-inner\"  >\n\t\t\t\n\t\t\t\n<h3>Interi\u00f6\u00f6ri puhastusk\u00e4sn 15x10x3 cm<\/h3>\n<p>Autosalongi puhastamiseks m\u00f5eldud mikrokiust k\u00e4sn on hindamatu abivahend iga\u00fchele, kes soovib hoida oma s\u00f5iduki sisemust laitmatult puhas ja v\u00e4rske. M\u00f5eldud mustuse, tolmu, plekkide ja tolmu t\u00f5husaks ja \u00f5rnaks eemaldamiseks, on meie k\u00e4sn ideaalne valik autojuhtidele, kes hoolivad oma auto salongi ideaalsest korrast.<br \/>\nK\u00f5rgeima kvaliteediga mikrokiust valmistatud svamm on puudutamisel erakordselt pehme ja \u00f5rn, imades samas suurep\u00e4raselt vett ja puhastusaineid. T\u00e4nu spetsiaalsele mikrokiudstruktuurile eemaldab \u0161vamm t\u00f5husalt ka k\u00f5ige v\u00e4iksema mustuse, j\u00e4ttes pinnad puhtaks, siledaks ja triibuvabaks. Toode on multifunktsionaalne ja sellega saab puhastada erinevaid autosiseseid pindu, nagu armatuurlaud, kokpit, rool, istmed, uksed v\u00f5i plastdetailid. See mitte ainult ei eemalda t\u00f5husalt mustust, vaid k\u00f5rvaldab ka bakterid ja allergeenid, tagades autos tervisliku ja turvalise keskkonna. K\u00e4sn on m\u00f5eldud lihtsaks ja mugavaks kasutamiseks. T\u00e4nu ergonoomilisele kujule ja sobivale elastsusele nakkub see suurep\u00e4raselt erinevate pindadega, v\u00f5imaldades t\u00e4pset ja t\u00f5husat puhastamist ka raskesti ligip\u00e4\u00e4setavates kohtades. Seda on lihtne puhastada ja seda saab korduvalt kasutada, mist\u00f5ttu on see \u00f6konoomne ja keskkonnas\u00f5bralik valik.  <\/p>\n<p>M\u00f5\u00f5dud: 15x10x3 cm. <\/p>\n\t\t<\/div>\n\t\t\t\t\t<\/div>\n\n\t\n\n\t<div id=\"col-1864968590\" class=\"col medium-3 small-12 large-3\"  >\n\t\t\t\t<div class=\"col-inner\"  >\n\t\t\t\n\t\t\t\n\t<div id=\"gap-1474703979\" class=\"gap-element clearfix\" style=\"display:block; height:auto;\">\n\t\t\n<style>\n#gap-1474703979 {\n  padding-top: 30px;\n}\n<\/style>\n\t<\/div>\n\t\n<p><strong>\u00dcksikasjalikuma n\u00f5u saamiseks v\u00f5tke \u00fchendust:<br \/><\/strong>AS Salome Auto<br \/>Kadaka tee 42a<br \/>12915<br \/>Tallinn<br \/> Telefon +372 6808 801<\/p>\n\t\t<\/div>\n\t\t\t\t\t<\/div>\n\n\t\n<\/div>\n","protected":false},"excerpt":{"rendered":"","protected":false},"featured_media":261871,"comment_status":"closed","ping_status":"closed","template":"","meta":[],"product_brand":[],"product_cat":[2788,2941,2942,2943],"product_tag":[],"class_list":{"0":"post-261862","1":"product","2":"type-product","3":"status-publish","4":"has-post-thumbnail","6":"product_cat-aiatarbed-ja-kodukaubad","7":"product_cat-autokaubad","8":"product_cat-autokaubad-autokaubad","9":"product_cat-autotarvikud","10":"pa_kaubamark-amio","12":"first","13":"instock","14":"sale","15":"taxable","16":"shipping-taxable","17":"purchasable","18":"product-type-simple"},"yoast_head":"<!-- This site is optimized with the Yoast SEO plugin v26.9 - https:\/\/yoast.com\/product\/yoast-seo-wordpress\/ -->\n<title>SALONGI PUHASTUSK\u00c4SN AMIO - Espak E-pood<\/title>\n<meta name=\"robots\" content=\"index, follow, max-snippet:-1, max-image-preview:large, max-video-preview:-1\" \/>\n<link rel=\"canonical\" href=\"https:\/\/espak.ee\/epood\/toode\/salongi-puhastuskasn-amio\/\" \/>\n<meta property=\"og:locale\" content=\"et_EE\" \/>\n<meta property=\"og:type\" content=\"article\" \/>\n<meta property=\"og:title\" content=\"SALONGI PUHASTUSK\u00c4SN AMIO - Espak E-pood\" \/>\n<meta property=\"og:url\" content=\"https:\/\/espak.ee\/epood\/toode\/salongi-puhastuskasn-amio\/\" \/>\n<meta property=\"og:site_name\" content=\"Espak E-pood\" \/>\n<meta property=\"article:modified_time\" content=\"2026-01-22T06:25:51+00:00\" \/>\n<meta property=\"og:image\" content=\"https:\/\/espak.ee\/epood\/wp-content\/uploads\/2026\/01\/S103-0384468eb0dfc59d88_1-2.jpg\" \/>\n\t<meta property=\"og:image:width\" content=\"1000\" \/>\n\t<meta property=\"og:image:height\" content=\"1000\" \/>\n\t<meta property=\"og:image:type\" content=\"image\/jpeg\" \/>\n<meta name=\"twitter:card\" content=\"summary_large_image\" \/>\n<meta name=\"twitter:label1\" content=\"Est. reading time\" \/>\n\t<meta name=\"twitter:data1\" content=\"1 minut\" \/>\n<script type=\"application\/ld+json\" class=\"yoast-schema-graph\">{\"@context\":\"https:\/\/schema.org\",\"@graph\":[{\"@type\":\"WebPage\",\"@id\":\"https:\/\/espak.ee\/epood\/toode\/salongi-puhastuskasn-amio\/\",\"url\":\"https:\/\/espak.ee\/epood\/toode\/salongi-puhastuskasn-amio\/\",\"name\":\"SALONGI PUHASTUSK\u00c4SN AMIO - Espak E-pood\",\"isPartOf\":{\"@id\":\"https:\/\/espak.ee\/epood\/#website\"},\"primaryImageOfPage\":{\"@id\":\"https:\/\/espak.ee\/epood\/toode\/salongi-puhastuskasn-amio\/#primaryimage\"},\"image\":{\"@id\":\"https:\/\/espak.ee\/epood\/toode\/salongi-puhastuskasn-amio\/#primaryimage\"},\"thumbnailUrl\":\"https:\/\/espak.ee\/epood\/wp-content\/uploads\/2026\/01\/S103-0384468eb0dfc59d88_1-2.jpg\",\"datePublished\":\"2026-01-22T03:10:02+00:00\",\"dateModified\":\"2026-01-22T06:25:51+00:00\",\"breadcrumb\":{\"@id\":\"https:\/\/espak.ee\/epood\/toode\/salongi-puhastuskasn-amio\/#breadcrumb\"},\"inLanguage\":\"et\",\"potentialAction\":[{\"@type\":\"ReadAction\",\"target\":[\"https:\/\/espak.ee\/epood\/toode\/salongi-puhastuskasn-amio\/\"]}]},{\"@type\":\"ImageObject\",\"inLanguage\":\"et\",\"@id\":\"https:\/\/espak.ee\/epood\/toode\/salongi-puhastuskasn-amio\/#primaryimage\",\"url\":\"https:\/\/espak.ee\/epood\/wp-content\/uploads\/2026\/01\/S103-0384468eb0dfc59d88_1-2.jpg\",\"contentUrl\":\"https:\/\/espak.ee\/epood\/wp-content\/uploads\/2026\/01\/S103-0384468eb0dfc59d88_1-2.jpg\",\"width\":1000,\"height\":1000},{\"@type\":\"BreadcrumbList\",\"@id\":\"https:\/\/espak.ee\/epood\/toode\/salongi-puhastuskasn-amio\/#breadcrumb\",\"itemListElement\":[{\"@type\":\"ListItem\",\"position\":1,\"name\":\"Home\",\"item\":\"https:\/\/espak.ee\/epood\/\"},{\"@type\":\"ListItem\",\"position\":2,\"name\":\"Tootevalik\",\"item\":\"https:\/\/espak.ee\/epood\/tootevalik\/\"},{\"@type\":\"ListItem\",\"position\":3,\"name\":\"SALONGI PUHASTUSK\u00c4SN AMIO\"}]},{\"@type\":\"WebSite\",\"@id\":\"https:\/\/espak.ee\/epood\/#website\",\"url\":\"https:\/\/espak.ee\/epood\/\",\"name\":\"Espak E-pood\",\"description\":\"\",\"potentialAction\":[{\"@type\":\"SearchAction\",\"target\":{\"@type\":\"EntryPoint\",\"urlTemplate\":\"https:\/\/espak.ee\/epood\/?s={search_term_string}\"},\"query-input\":{\"@type\":\"PropertyValueSpecification\",\"valueRequired\":true,\"valueName\":\"search_term_string\"}}],\"inLanguage\":\"et\"}]}<\/script>\n<!-- \/ Yoast SEO plugin. -->","yoast_head_json":{"title":"SALONGI PUHASTUSK\u00c4SN AMIO - Espak E-pood","robots":{"index":"index","follow":"follow","max-snippet":"max-snippet:-1","max-image-preview":"max-image-preview:large","max-video-preview":"max-video-preview:-1"},"canonical":"https:\/\/espak.ee\/epood\/toode\/salongi-puhastuskasn-amio\/","og_locale":"et_EE","og_type":"article","og_title":"SALONGI PUHASTUSK\u00c4SN AMIO - Espak E-pood","og_url":"https:\/\/espak.ee\/epood\/toode\/salongi-puhastuskasn-amio\/","og_site_name":"Espak E-pood","article_modified_time":"2026-01-22T06:25:51+00:00","og_image":[{"width":1000,"height":1000,"url":"https:\/\/espak.ee\/epood\/wp-content\/uploads\/2026\/01\/S103-0384468eb0dfc59d88_1-2.jpg","type":"image\/jpeg"}],"twitter_card":"summary_large_image","twitter_misc":{"Est. reading time":"1 minut"},"schema":{"@context":"https:\/\/schema.org","@graph":[{"@type":"WebPage","@id":"https:\/\/espak.ee\/epood\/toode\/salongi-puhastuskasn-amio\/","url":"https:\/\/espak.ee\/epood\/toode\/salongi-puhastuskasn-amio\/","name":"SALONGI PUHASTUSK\u00c4SN AMIO - Espak E-pood","isPartOf":{"@id":"https:\/\/espak.ee\/epood\/#website"},"primaryImageOfPage":{"@id":"https:\/\/espak.ee\/epood\/toode\/salongi-puhastuskasn-amio\/#primaryimage"},"image":{"@id":"https:\/\/espak.ee\/epood\/toode\/salongi-puhastuskasn-amio\/#primaryimage"},"thumbnailUrl":"https:\/\/espak.ee\/epood\/wp-content\/uploads\/2026\/01\/S103-0384468eb0dfc59d88_1-2.jpg","datePublished":"2026-01-22T03:10:02+00:00","dateModified":"2026-01-22T06:25:51+00:00","breadcrumb":{"@id":"https:\/\/espak.ee\/epood\/toode\/salongi-puhastuskasn-amio\/#breadcrumb"},"inLanguage":"et","potentialAction":[{"@type":"ReadAction","target":["https:\/\/espak.ee\/epood\/toode\/salongi-puhastuskasn-amio\/"]}]},{"@type":"ImageObject","inLanguage":"et","@id":"https:\/\/espak.ee\/epood\/toode\/salongi-puhastuskasn-amio\/#primaryimage","url":"https:\/\/espak.ee\/epood\/wp-content\/uploads\/2026\/01\/S103-0384468eb0dfc59d88_1-2.jpg","contentUrl":"https:\/\/espak.ee\/epood\/wp-content\/uploads\/2026\/01\/S103-0384468eb0dfc59d88_1-2.jpg","width":1000,"height":1000},{"@type":"BreadcrumbList","@id":"https:\/\/espak.ee\/epood\/toode\/salongi-puhastuskasn-amio\/#breadcrumb","itemListElement":[{"@type":"ListItem","position":1,"name":"Home","item":"https:\/\/espak.ee\/epood\/"},{"@type":"ListItem","position":2,"name":"Tootevalik","item":"https:\/\/espak.ee\/epood\/tootevalik\/"},{"@type":"ListItem","position":3,"name":"SALONGI PUHASTUSK\u00c4SN AMIO"}]},{"@type":"WebSite","@id":"https:\/\/espak.ee\/epood\/#website","url":"https:\/\/espak.ee\/epood\/","name":"Espak E-pood","description":"","potentialAction":[{"@type":"SearchAction","target":{"@type":"EntryPoint","urlTemplate":"https:\/\/espak.ee\/epood\/?s={search_term_string}"},"query-input":{"@type":"PropertyValueSpecification","valueRequired":true,"valueName":"search_term_string"}}],"inLanguage":"et"}]}},"_links":{"self":[{"href":"https:\/\/espak.ee\/epood\/wp-json\/wp\/v2\/product\/261862","targetHints":{"allow":["GET"]}}],"collection":[{"href":"https:\/\/espak.ee\/epood\/wp-json\/wp\/v2\/product"}],"about":[{"href":"https:\/\/espak.ee\/epood\/wp-json\/wp\/v2\/types\/product"}],"replies":[{"embeddable":true,"href":"https:\/\/espak.ee\/epood\/wp-json\/wp\/v2\/comments?post=261862"}],"wp:featuredmedia":[{"embeddable":true,"href":"https:\/\/espak.ee\/epood\/wp-json\/wp\/v2\/media\/261871"}],"wp:attachment":[{"href":"https:\/\/espak.ee\/epood\/wp-json\/wp\/v2\/media?parent=261862"}],"wp:term":[{"taxonomy":"product_brand","embeddable":true,"href":"https:\/\/espak.ee\/epood\/wp-json\/wp\/v2\/product_brand?post=261862"},{"taxonomy":"product_cat","embeddable":true,"href":"https:\/\/espak.ee\/epood\/wp-json\/wp\/v2\/product_cat?post=261862"},{"taxonomy":"product_tag","embeddable":true,"href":"https:\/\/espak.ee\/epood\/wp-json\/wp\/v2\/product_tag?post=261862"}],"curies":[{"name":"wp","href":"https:\/\/api.w.org\/{rel}","templated":true}]}}