{"id":260974,"date":"2026-01-14T05:10:02","date_gmt":"2026-01-14T03:10:02","guid":{"rendered":"https:\/\/espak.ee\/epood\/?post_type=product&#038;p=260974"},"modified":"2026-01-15T10:16:48","modified_gmt":"2026-01-15T08:16:48","slug":"juhtplaat-12-3-8-13mm-0-50-45h-120sdea041-2-saeketti-91p045e-oregon","status":"publish","type":"product","link":"https:\/\/espak.ee\/epood\/toode\/juhtplaat-12-3-8-13mm-0-50-45h-120sdea041-2-saeketti-91p045e-oregon\/","title":{"rendered":"JUHTPLAAT 12&#8243; 3\/8&#8243; 1,3MM 0.50&#8243; 45H 120SDEA041+ 2 SAEKETTI 91P045E OREGON"},"content":{"rendered":"<div class=\"row\"  id=\"row-1539653595\">\n\n\t<div id=\"col-411153761\" class=\"col medium-9 small-12 large-9\"  >\n\t\t\t\t<div class=\"col-inner\"  >\n\t\t\t\n\t\t\t\n<h3>Juhtplaat 12\u2033 ,3\/8\u2033 1,3mm 0.05&#8243; 45H + 2 saeketti Oregon <\/h3>\n<p>Plaat 12\u2033 3\/8 1,3 ja kett 45 l\u00fcli. <\/p>\n<p>Combo 120SDEA041 1tk + 91P045E 2tk.<br \/>\nKomplekt sisaldab \u00fchte plaati ja kahte ketti. <\/p>\n\t\t<\/div>\n\t\t\t\t\t<\/div>\n\n\t\n\n\t<div id=\"col-1473337980\" class=\"col medium-3 small-12 large-3\"  >\n\t\t\t\t<div class=\"col-inner\"  >\n\t\t\t\n\t\t\t\n<div class=\"is-divider divider clearfix\" ><\/div>\n<p><strong>\u00dcksikasjalikuma n\u00f5u saamiseks v\u00f5tke \u00fchendust:<br \/><\/strong>Hortulus O\u00dc<br \/>P\u00e4rnu mnt. 368<br \/>Tallinn<br \/>+372 672 6820<\/p>\n\t\t<\/div>\n\t\t\t\t\t<\/div>\n\n\t\n<\/div>\n","protected":false},"excerpt":{"rendered":"","protected":false},"featured_media":239290,"comment_status":"closed","ping_status":"closed","template":"","meta":[],"product_brand":[],"product_cat":[2789,2788,4385,3126],"product_tag":[],"class_list":{"0":"post-260974","1":"product","2":"type-product","3":"status-publish","4":"has-post-thumbnail","6":"product_cat-aiatarbed","7":"product_cat-aiatarbed-ja-kodukaubad","8":"product_cat-kettsaagide-tarvikud","9":"product_cat-kettsaed","10":"pa_kaubamark-hortulus-ou","12":"first","13":"outofstock","14":"sale","15":"taxable","16":"shipping-taxable","17":"purchasable","18":"product-type-simple"},"yoast_head":"<!-- This site is optimized with the Yoast SEO plugin v26.9 - https:\/\/yoast.com\/product\/yoast-seo-wordpress\/ -->\n<title>JUHTPLAAT 12&quot; 3\/8&quot; 1,3MM 0.50&quot; 45H 120SDEA041+ 2 SAEKETTI 91P045E OREGON - Espak E-pood<\/title>\n<meta name=\"robots\" content=\"index, follow, max-snippet:-1, max-image-preview:large, max-video-preview:-1\" \/>\n<link rel=\"canonical\" href=\"https:\/\/espak.ee\/epood\/toode\/juhtplaat-12-3-8-13mm-0-50-45h-120sdea041-2-saeketti-91p045e-oregon\/\" \/>\n<meta property=\"og:locale\" content=\"et_EE\" \/>\n<meta property=\"og:type\" content=\"article\" \/>\n<meta property=\"og:title\" content=\"JUHTPLAAT 12&quot; 3\/8&quot; 1,3MM 0.50&quot; 45H 120SDEA041+ 2 SAEKETTI 91P045E OREGON - Espak E-pood\" \/>\n<meta property=\"og:url\" content=\"https:\/\/espak.ee\/epood\/toode\/juhtplaat-12-3-8-13mm-0-50-45h-120sdea041-2-saeketti-91p045e-oregon\/\" \/>\n<meta property=\"og:site_name\" content=\"Espak E-pood\" \/>\n<meta property=\"article:modified_time\" content=\"2026-01-15T08:16:48+00:00\" \/>\n<meta property=\"og:image\" content=\"https:\/\/espak.ee\/epood\/wp-content\/uploads\/2025\/06\/combo-latt2ketti.jpg\" \/>\n\t<meta property=\"og:image:width\" content=\"1000\" \/>\n\t<meta property=\"og:image:height\" content=\"1000\" \/>\n\t<meta property=\"og:image:type\" content=\"image\/jpeg\" \/>\n<meta name=\"twitter:card\" content=\"summary_large_image\" \/>\n<script type=\"application\/ld+json\" class=\"yoast-schema-graph\">{\"@context\":\"https:\/\/schema.org\",\"@graph\":[{\"@type\":\"WebPage\",\"@id\":\"https:\/\/espak.ee\/epood\/toode\/juhtplaat-12-3-8-13mm-0-50-45h-120sdea041-2-saeketti-91p045e-oregon\/\",\"url\":\"https:\/\/espak.ee\/epood\/toode\/juhtplaat-12-3-8-13mm-0-50-45h-120sdea041-2-saeketti-91p045e-oregon\/\",\"name\":\"JUHTPLAAT 12\\\" 3\/8\\\" 1,3MM 0.50\\\" 45H 120SDEA041+ 2 SAEKETTI 91P045E OREGON - Espak E-pood\",\"isPartOf\":{\"@id\":\"https:\/\/espak.ee\/epood\/#website\"},\"primaryImageOfPage\":{\"@id\":\"https:\/\/espak.ee\/epood\/toode\/juhtplaat-12-3-8-13mm-0-50-45h-120sdea041-2-saeketti-91p045e-oregon\/#primaryimage\"},\"image\":{\"@id\":\"https:\/\/espak.ee\/epood\/toode\/juhtplaat-12-3-8-13mm-0-50-45h-120sdea041-2-saeketti-91p045e-oregon\/#primaryimage\"},\"thumbnailUrl\":\"https:\/\/espak.ee\/epood\/wp-content\/uploads\/2025\/06\/combo-latt2ketti.jpg\",\"datePublished\":\"2026-01-14T03:10:02+00:00\",\"dateModified\":\"2026-01-15T08:16:48+00:00\",\"breadcrumb\":{\"@id\":\"https:\/\/espak.ee\/epood\/toode\/juhtplaat-12-3-8-13mm-0-50-45h-120sdea041-2-saeketti-91p045e-oregon\/#breadcrumb\"},\"inLanguage\":\"et\",\"potentialAction\":[{\"@type\":\"ReadAction\",\"target\":[\"https:\/\/espak.ee\/epood\/toode\/juhtplaat-12-3-8-13mm-0-50-45h-120sdea041-2-saeketti-91p045e-oregon\/\"]}]},{\"@type\":\"ImageObject\",\"inLanguage\":\"et\",\"@id\":\"https:\/\/espak.ee\/epood\/toode\/juhtplaat-12-3-8-13mm-0-50-45h-120sdea041-2-saeketti-91p045e-oregon\/#primaryimage\",\"url\":\"https:\/\/espak.ee\/epood\/wp-content\/uploads\/2025\/06\/combo-latt2ketti.jpg\",\"contentUrl\":\"https:\/\/espak.ee\/epood\/wp-content\/uploads\/2025\/06\/combo-latt2ketti.jpg\",\"width\":1000,\"height\":1000},{\"@type\":\"BreadcrumbList\",\"@id\":\"https:\/\/espak.ee\/epood\/toode\/juhtplaat-12-3-8-13mm-0-50-45h-120sdea041-2-saeketti-91p045e-oregon\/#breadcrumb\",\"itemListElement\":[{\"@type\":\"ListItem\",\"position\":1,\"name\":\"Home\",\"item\":\"https:\/\/espak.ee\/epood\/\"},{\"@type\":\"ListItem\",\"position\":2,\"name\":\"Tootevalik\",\"item\":\"https:\/\/espak.ee\/epood\/tootevalik\/\"},{\"@type\":\"ListItem\",\"position\":3,\"name\":\"JUHTPLAAT 12&#8243; 3\/8&#8243; 1,3MM 0.50&#8243; 45H 120SDEA041+ 2 SAEKETTI 91P045E OREGON\"}]},{\"@type\":\"WebSite\",\"@id\":\"https:\/\/espak.ee\/epood\/#website\",\"url\":\"https:\/\/espak.ee\/epood\/\",\"name\":\"Espak E-pood\",\"description\":\"\",\"potentialAction\":[{\"@type\":\"SearchAction\",\"target\":{\"@type\":\"EntryPoint\",\"urlTemplate\":\"https:\/\/espak.ee\/epood\/?s={search_term_string}\"},\"query-input\":{\"@type\":\"PropertyValueSpecification\",\"valueRequired\":true,\"valueName\":\"search_term_string\"}}],\"inLanguage\":\"et\"}]}<\/script>\n<!-- \/ Yoast SEO plugin. -->","yoast_head_json":{"title":"JUHTPLAAT 12\" 3\/8\" 1,3MM 0.50\" 45H 120SDEA041+ 2 SAEKETTI 91P045E OREGON - Espak E-pood","robots":{"index":"index","follow":"follow","max-snippet":"max-snippet:-1","max-image-preview":"max-image-preview:large","max-video-preview":"max-video-preview:-1"},"canonical":"https:\/\/espak.ee\/epood\/toode\/juhtplaat-12-3-8-13mm-0-50-45h-120sdea041-2-saeketti-91p045e-oregon\/","og_locale":"et_EE","og_type":"article","og_title":"JUHTPLAAT 12\" 3\/8\" 1,3MM 0.50\" 45H 120SDEA041+ 2 SAEKETTI 91P045E OREGON - Espak E-pood","og_url":"https:\/\/espak.ee\/epood\/toode\/juhtplaat-12-3-8-13mm-0-50-45h-120sdea041-2-saeketti-91p045e-oregon\/","og_site_name":"Espak E-pood","article_modified_time":"2026-01-15T08:16:48+00:00","og_image":[{"width":1000,"height":1000,"url":"https:\/\/espak.ee\/epood\/wp-content\/uploads\/2025\/06\/combo-latt2ketti.jpg","type":"image\/jpeg"}],"twitter_card":"summary_large_image","schema":{"@context":"https:\/\/schema.org","@graph":[{"@type":"WebPage","@id":"https:\/\/espak.ee\/epood\/toode\/juhtplaat-12-3-8-13mm-0-50-45h-120sdea041-2-saeketti-91p045e-oregon\/","url":"https:\/\/espak.ee\/epood\/toode\/juhtplaat-12-3-8-13mm-0-50-45h-120sdea041-2-saeketti-91p045e-oregon\/","name":"JUHTPLAAT 12\" 3\/8\" 1,3MM 0.50\" 45H 120SDEA041+ 2 SAEKETTI 91P045E OREGON - Espak E-pood","isPartOf":{"@id":"https:\/\/espak.ee\/epood\/#website"},"primaryImageOfPage":{"@id":"https:\/\/espak.ee\/epood\/toode\/juhtplaat-12-3-8-13mm-0-50-45h-120sdea041-2-saeketti-91p045e-oregon\/#primaryimage"},"image":{"@id":"https:\/\/espak.ee\/epood\/toode\/juhtplaat-12-3-8-13mm-0-50-45h-120sdea041-2-saeketti-91p045e-oregon\/#primaryimage"},"thumbnailUrl":"https:\/\/espak.ee\/epood\/wp-content\/uploads\/2025\/06\/combo-latt2ketti.jpg","datePublished":"2026-01-14T03:10:02+00:00","dateModified":"2026-01-15T08:16:48+00:00","breadcrumb":{"@id":"https:\/\/espak.ee\/epood\/toode\/juhtplaat-12-3-8-13mm-0-50-45h-120sdea041-2-saeketti-91p045e-oregon\/#breadcrumb"},"inLanguage":"et","potentialAction":[{"@type":"ReadAction","target":["https:\/\/espak.ee\/epood\/toode\/juhtplaat-12-3-8-13mm-0-50-45h-120sdea041-2-saeketti-91p045e-oregon\/"]}]},{"@type":"ImageObject","inLanguage":"et","@id":"https:\/\/espak.ee\/epood\/toode\/juhtplaat-12-3-8-13mm-0-50-45h-120sdea041-2-saeketti-91p045e-oregon\/#primaryimage","url":"https:\/\/espak.ee\/epood\/wp-content\/uploads\/2025\/06\/combo-latt2ketti.jpg","contentUrl":"https:\/\/espak.ee\/epood\/wp-content\/uploads\/2025\/06\/combo-latt2ketti.jpg","width":1000,"height":1000},{"@type":"BreadcrumbList","@id":"https:\/\/espak.ee\/epood\/toode\/juhtplaat-12-3-8-13mm-0-50-45h-120sdea041-2-saeketti-91p045e-oregon\/#breadcrumb","itemListElement":[{"@type":"ListItem","position":1,"name":"Home","item":"https:\/\/espak.ee\/epood\/"},{"@type":"ListItem","position":2,"name":"Tootevalik","item":"https:\/\/espak.ee\/epood\/tootevalik\/"},{"@type":"ListItem","position":3,"name":"JUHTPLAAT 12&#8243; 3\/8&#8243; 1,3MM 0.50&#8243; 45H 120SDEA041+ 2 SAEKETTI 91P045E OREGON"}]},{"@type":"WebSite","@id":"https:\/\/espak.ee\/epood\/#website","url":"https:\/\/espak.ee\/epood\/","name":"Espak E-pood","description":"","potentialAction":[{"@type":"SearchAction","target":{"@type":"EntryPoint","urlTemplate":"https:\/\/espak.ee\/epood\/?s={search_term_string}"},"query-input":{"@type":"PropertyValueSpecification","valueRequired":true,"valueName":"search_term_string"}}],"inLanguage":"et"}]}},"_links":{"self":[{"href":"https:\/\/espak.ee\/epood\/wp-json\/wp\/v2\/product\/260974","targetHints":{"allow":["GET"]}}],"collection":[{"href":"https:\/\/espak.ee\/epood\/wp-json\/wp\/v2\/product"}],"about":[{"href":"https:\/\/espak.ee\/epood\/wp-json\/wp\/v2\/types\/product"}],"replies":[{"embeddable":true,"href":"https:\/\/espak.ee\/epood\/wp-json\/wp\/v2\/comments?post=260974"}],"wp:featuredmedia":[{"embeddable":true,"href":"https:\/\/espak.ee\/epood\/wp-json\/wp\/v2\/media\/239290"}],"wp:attachment":[{"href":"https:\/\/espak.ee\/epood\/wp-json\/wp\/v2\/media?parent=260974"}],"wp:term":[{"taxonomy":"product_brand","embeddable":true,"href":"https:\/\/espak.ee\/epood\/wp-json\/wp\/v2\/product_brand?post=260974"},{"taxonomy":"product_cat","embeddable":true,"href":"https:\/\/espak.ee\/epood\/wp-json\/wp\/v2\/product_cat?post=260974"},{"taxonomy":"product_tag","embeddable":true,"href":"https:\/\/espak.ee\/epood\/wp-json\/wp\/v2\/product_tag?post=260974"}],"curies":[{"name":"wp","href":"https:\/\/api.w.org\/{rel}","templated":true}]}}