{"id":259116,"date":"2025-12-16T05:10:02","date_gmt":"2025-12-16T03:10:02","guid":{"rendered":"https:\/\/espak.ee\/epood\/?post_type=product&#038;p=259116"},"modified":"2025-12-16T12:09:06","modified_gmt":"2025-12-16T10:09:06","slug":"termostaattaimer-pistikupessa-5-40c-wifi-gosmart-emos","status":"publish","type":"product","link":"https:\/\/espak.ee\/epood\/toode\/termostaattaimer-pistikupessa-5-40c-wifi-gosmart-emos\/","title":{"rendered":"TERMOSTAAT+TAIMER PISTIKUPESSA .5-40C\u00b0 WIFI GOSMART EMOS"},"content":{"rendered":"<div class=\"row\"  id=\"row-1118920965\">\n\n\t<div id=\"col-1595845709\" class=\"col medium-9 small-12 large-9\"  >\n\t\t\t\t<div class=\"col-inner\"  >\n\t\t\t\n\t\t\t\n<h3>GoSmart 2-in-1 termostaat koos digitaaltaimeriga, WiFi <\/h3>\n<p>Multifunktsionaalne termostaat  digitaalse taimeriga EMOS GoSmart. K\u00fctteperioodil saate seda kasutada praktilise termostaadina, hooajav\u00e4lisel ajal nutika ajampistikupesana erinevate seadmete juhtimiseks. T\u00e4nu juhtimisele mobiilirakenduse kaudu on teil alati \u00fclevaade oma energiatarbimisest, saate m\u00e4\u00e4rata kohandatud ajakavasid, muutes teie tavalised seadmed nutikateks seadmeteks. Ja seda k\u00f5ike koos elegantse taustavalgustatud ekraani ja programmim\u00e4luga isegi elektrikatkestuste ajal.<\/p>\n<p>Taustavalgustusega ekraan: jah<br \/>\nJuhtre\u017eiim: k\u00fctte- ja jahutuss\u00fcsteem<br \/>\nTermostaadi programmide arv: kasutaja poolt kohandatav temperatuur (6 korda p\u00e4evas)<br \/>\nTemperatuuri seadistuse t\u00fc\u00fcp: 6 temperatuurimuutust p\u00e4evas<br \/>\nTemperatuuri m\u00f5\u00f5tmine: 0 \u00b0C kuni 45 \u00b0C, resolutsioon 0,1 \u00b0C<br \/>\nTemperatuuri seadistus: 5 \u00b0C kuni 40 \u00b0C, resolutsioon 0,5 \u00b0C<br \/>\nReguleeritav temperatuuri hajumine: 0,2 \u00b0C kuni 2 \u00b0C, p\u00e4rast 0,1 \u00b0C<br \/>\nK\u00fclmakaitse: ei<br \/>\nSisse-\/v\u00e4ljal\u00fclitusfunktsioon (ON\/OFF): jah<br \/>\nL\u00fclitamine: 230 V vahelduvool v\u00f5i potentsiaalivaba<br \/>\nL\u00fclituslaeng: 16 A takistuslik, 4 A induktiivne<br \/>\nTemperatuuri kalibreerimine: jah<br \/>\nT\u00fc\u00fcp: digitaalne<br \/>\nV\u00e4listingimustes kasutamiseks: ei<br \/>\nPinge\/vool: 230 V~\/16 A max.<br \/>\nMaksimumlaeng: 3 680 W<br \/>\nMinimaalne sissel\u00fclitusaeg: 1 minut<br \/>\nManuaalse sissel\u00fclituse v\u00f5imalus: jah<br \/>\nL\u00fclitamine: faasijuht<br \/>\nTaimeri programmide arv: 24<br \/>\nTaimeri l\u00fclituste arv p\u00e4evas: 24<br \/>\nSuve- ja talveaja vahetamise funktsioon: jah<br \/>\nP\u00f6\u00f6rdloendusfunktsioon: ei<br \/>\nTagavaraaku: ei<br \/>\nIP-reiting: IP30<br \/>\nV\u00e4rv: valge<br \/>\nLapselukk: jah<br \/>\nM\u00f5\u00f5tmed: 82 \u00d7 62 \u00d7 146 mm\n<\/p>\n\t\t<\/div>\n\t\t\t\t\t<\/div>\n\n\t\n\n\t<div id=\"col-644141767\" class=\"col medium-3 small-12 large-3\"  >\n\t\t\t\t<div class=\"col-inner\"  >\n\t\t\t\n\t\t\t\n<h3>Kasutusjuhend<\/h3>\n<p><a href=\"https:\/\/espak.ee\/epood\/wp-content\/uploads\/2025\/12\/2106000400_31-P56601SH_13_01_WEB_ETI.pdf\"target=\"_blank\" rel=\"noopener noreferrer\"><i class=\"far fa-file-pdf\"><\/i> Kasutusjuhend (PDF)<\/a><\/p>\n<h3>Ohutusalane teave<\/h3>\n<p><a href=\"https:\/\/espak.ee\/epood\/wp-content\/uploads\/2025\/12\/2106000400_67-P56601SH.pdf\"target=\"_blank\" rel=\"noopener noreferrer\"><i class=\"far fa-file-pdf\"><\/i> Ohutusalane teave (PDF)<\/a><\/p>\n\t<div id=\"gap-2136629890\" class=\"gap-element clearfix\" style=\"display:block; height:auto;\">\n\t\t\n<style>\n#gap-2136629890 {\n  padding-top: 30px;\n}\n<\/style>\n\t<\/div>\n\t\n<p><strong>\u00dcksikasjalikuma n\u00f5u saamiseks v\u00f5tke \u00fchendust:<br \/><\/strong>Espak AS<br \/>Viadukti 42<br \/>11313<br \/>Tallinn<br \/>+372 6 512333<\/p>\n\t\t<\/div>\n\t\t\t\t\t<\/div>\n\n\t\n<\/div>\n","protected":false},"excerpt":{"rendered":"","protected":false},"featured_media":259233,"comment_status":"closed","ping_status":"closed","template":"","meta":[],"product_brand":[],"product_cat":[2935,2934,3272,3271],"product_tag":[],"class_list":{"0":"post-259116","1":"product","2":"type-product","3":"status-publish","4":"has-post-thumbnail","6":"product_cat-elektrikaubad","7":"product_cat-elektrikaubad-ja-valgustid","8":"product_cat-elektrikaupade-lisamaterjalid","9":"product_cat-kilbid-ja-tarvikud","10":"pa_kaubamark-emos-spol-s-r-o","12":"first","13":"instock","14":"sale","15":"taxable","16":"shipping-taxable","17":"purchasable","18":"product-type-simple"},"yoast_head":"<!-- This site is optimized with the Yoast SEO plugin v26.9 - https:\/\/yoast.com\/product\/yoast-seo-wordpress\/ -->\n<title>TERMOSTAAT+TAIMER PISTIKUPESSA .5-40C\u00b0 WIFI GOSMART EMOS - Espak E-pood<\/title>\n<meta name=\"robots\" content=\"index, follow, max-snippet:-1, max-image-preview:large, max-video-preview:-1\" \/>\n<link rel=\"canonical\" href=\"https:\/\/espak.ee\/epood\/toode\/termostaattaimer-pistikupessa-5-40c-wifi-gosmart-emos\/\" \/>\n<meta property=\"og:locale\" content=\"et_EE\" \/>\n<meta property=\"og:type\" content=\"article\" \/>\n<meta property=\"og:title\" content=\"TERMOSTAAT+TAIMER PISTIKUPESSA .5-40C\u00b0 WIFI GOSMART EMOS - Espak E-pood\" \/>\n<meta property=\"og:url\" content=\"https:\/\/espak.ee\/epood\/toode\/termostaattaimer-pistikupessa-5-40c-wifi-gosmart-emos\/\" \/>\n<meta property=\"og:site_name\" content=\"Espak E-pood\" \/>\n<meta property=\"article:modified_time\" content=\"2025-12-16T10:09:06+00:00\" \/>\n<meta property=\"og:image\" content=\"https:\/\/espak.ee\/epood\/wp-content\/uploads\/2025\/12\/3021540.jpg\" \/>\n\t<meta property=\"og:image:width\" content=\"1000\" \/>\n\t<meta property=\"og:image:height\" content=\"1000\" \/>\n\t<meta property=\"og:image:type\" content=\"image\/jpeg\" \/>\n<meta name=\"twitter:card\" content=\"summary_large_image\" \/>\n<meta name=\"twitter:label1\" content=\"Est. reading time\" \/>\n\t<meta name=\"twitter:data1\" content=\"1 minut\" \/>\n<script type=\"application\/ld+json\" class=\"yoast-schema-graph\">{\"@context\":\"https:\/\/schema.org\",\"@graph\":[{\"@type\":\"WebPage\",\"@id\":\"https:\/\/espak.ee\/epood\/toode\/termostaattaimer-pistikupessa-5-40c-wifi-gosmart-emos\/\",\"url\":\"https:\/\/espak.ee\/epood\/toode\/termostaattaimer-pistikupessa-5-40c-wifi-gosmart-emos\/\",\"name\":\"TERMOSTAAT+TAIMER PISTIKUPESSA .5-40C\u00b0 WIFI GOSMART EMOS - Espak E-pood\",\"isPartOf\":{\"@id\":\"https:\/\/espak.ee\/epood\/#website\"},\"primaryImageOfPage\":{\"@id\":\"https:\/\/espak.ee\/epood\/toode\/termostaattaimer-pistikupessa-5-40c-wifi-gosmart-emos\/#primaryimage\"},\"image\":{\"@id\":\"https:\/\/espak.ee\/epood\/toode\/termostaattaimer-pistikupessa-5-40c-wifi-gosmart-emos\/#primaryimage\"},\"thumbnailUrl\":\"https:\/\/espak.ee\/epood\/wp-content\/uploads\/2025\/12\/3021540.jpg\",\"datePublished\":\"2025-12-16T03:10:02+00:00\",\"dateModified\":\"2025-12-16T10:09:06+00:00\",\"breadcrumb\":{\"@id\":\"https:\/\/espak.ee\/epood\/toode\/termostaattaimer-pistikupessa-5-40c-wifi-gosmart-emos\/#breadcrumb\"},\"inLanguage\":\"et\",\"potentialAction\":[{\"@type\":\"ReadAction\",\"target\":[\"https:\/\/espak.ee\/epood\/toode\/termostaattaimer-pistikupessa-5-40c-wifi-gosmart-emos\/\"]}]},{\"@type\":\"ImageObject\",\"inLanguage\":\"et\",\"@id\":\"https:\/\/espak.ee\/epood\/toode\/termostaattaimer-pistikupessa-5-40c-wifi-gosmart-emos\/#primaryimage\",\"url\":\"https:\/\/espak.ee\/epood\/wp-content\/uploads\/2025\/12\/3021540.jpg\",\"contentUrl\":\"https:\/\/espak.ee\/epood\/wp-content\/uploads\/2025\/12\/3021540.jpg\",\"width\":1000,\"height\":1000},{\"@type\":\"BreadcrumbList\",\"@id\":\"https:\/\/espak.ee\/epood\/toode\/termostaattaimer-pistikupessa-5-40c-wifi-gosmart-emos\/#breadcrumb\",\"itemListElement\":[{\"@type\":\"ListItem\",\"position\":1,\"name\":\"Home\",\"item\":\"https:\/\/espak.ee\/epood\/\"},{\"@type\":\"ListItem\",\"position\":2,\"name\":\"Tootevalik\",\"item\":\"https:\/\/espak.ee\/epood\/tootevalik\/\"},{\"@type\":\"ListItem\",\"position\":3,\"name\":\"TERMOSTAAT+TAIMER PISTIKUPESSA .5-40C\u00b0 WIFI GOSMART EMOS\"}]},{\"@type\":\"WebSite\",\"@id\":\"https:\/\/espak.ee\/epood\/#website\",\"url\":\"https:\/\/espak.ee\/epood\/\",\"name\":\"Espak E-pood\",\"description\":\"\",\"potentialAction\":[{\"@type\":\"SearchAction\",\"target\":{\"@type\":\"EntryPoint\",\"urlTemplate\":\"https:\/\/espak.ee\/epood\/?s={search_term_string}\"},\"query-input\":{\"@type\":\"PropertyValueSpecification\",\"valueRequired\":true,\"valueName\":\"search_term_string\"}}],\"inLanguage\":\"et\"}]}<\/script>\n<!-- \/ Yoast SEO plugin. -->","yoast_head_json":{"title":"TERMOSTAAT+TAIMER PISTIKUPESSA .5-40C\u00b0 WIFI GOSMART EMOS - Espak E-pood","robots":{"index":"index","follow":"follow","max-snippet":"max-snippet:-1","max-image-preview":"max-image-preview:large","max-video-preview":"max-video-preview:-1"},"canonical":"https:\/\/espak.ee\/epood\/toode\/termostaattaimer-pistikupessa-5-40c-wifi-gosmart-emos\/","og_locale":"et_EE","og_type":"article","og_title":"TERMOSTAAT+TAIMER PISTIKUPESSA .5-40C\u00b0 WIFI GOSMART EMOS - Espak E-pood","og_url":"https:\/\/espak.ee\/epood\/toode\/termostaattaimer-pistikupessa-5-40c-wifi-gosmart-emos\/","og_site_name":"Espak E-pood","article_modified_time":"2025-12-16T10:09:06+00:00","og_image":[{"width":1000,"height":1000,"url":"https:\/\/espak.ee\/epood\/wp-content\/uploads\/2025\/12\/3021540.jpg","type":"image\/jpeg"}],"twitter_card":"summary_large_image","twitter_misc":{"Est. reading time":"1 minut"},"schema":{"@context":"https:\/\/schema.org","@graph":[{"@type":"WebPage","@id":"https:\/\/espak.ee\/epood\/toode\/termostaattaimer-pistikupessa-5-40c-wifi-gosmart-emos\/","url":"https:\/\/espak.ee\/epood\/toode\/termostaattaimer-pistikupessa-5-40c-wifi-gosmart-emos\/","name":"TERMOSTAAT+TAIMER PISTIKUPESSA .5-40C\u00b0 WIFI GOSMART EMOS - Espak E-pood","isPartOf":{"@id":"https:\/\/espak.ee\/epood\/#website"},"primaryImageOfPage":{"@id":"https:\/\/espak.ee\/epood\/toode\/termostaattaimer-pistikupessa-5-40c-wifi-gosmart-emos\/#primaryimage"},"image":{"@id":"https:\/\/espak.ee\/epood\/toode\/termostaattaimer-pistikupessa-5-40c-wifi-gosmart-emos\/#primaryimage"},"thumbnailUrl":"https:\/\/espak.ee\/epood\/wp-content\/uploads\/2025\/12\/3021540.jpg","datePublished":"2025-12-16T03:10:02+00:00","dateModified":"2025-12-16T10:09:06+00:00","breadcrumb":{"@id":"https:\/\/espak.ee\/epood\/toode\/termostaattaimer-pistikupessa-5-40c-wifi-gosmart-emos\/#breadcrumb"},"inLanguage":"et","potentialAction":[{"@type":"ReadAction","target":["https:\/\/espak.ee\/epood\/toode\/termostaattaimer-pistikupessa-5-40c-wifi-gosmart-emos\/"]}]},{"@type":"ImageObject","inLanguage":"et","@id":"https:\/\/espak.ee\/epood\/toode\/termostaattaimer-pistikupessa-5-40c-wifi-gosmart-emos\/#primaryimage","url":"https:\/\/espak.ee\/epood\/wp-content\/uploads\/2025\/12\/3021540.jpg","contentUrl":"https:\/\/espak.ee\/epood\/wp-content\/uploads\/2025\/12\/3021540.jpg","width":1000,"height":1000},{"@type":"BreadcrumbList","@id":"https:\/\/espak.ee\/epood\/toode\/termostaattaimer-pistikupessa-5-40c-wifi-gosmart-emos\/#breadcrumb","itemListElement":[{"@type":"ListItem","position":1,"name":"Home","item":"https:\/\/espak.ee\/epood\/"},{"@type":"ListItem","position":2,"name":"Tootevalik","item":"https:\/\/espak.ee\/epood\/tootevalik\/"},{"@type":"ListItem","position":3,"name":"TERMOSTAAT+TAIMER PISTIKUPESSA .5-40C\u00b0 WIFI GOSMART EMOS"}]},{"@type":"WebSite","@id":"https:\/\/espak.ee\/epood\/#website","url":"https:\/\/espak.ee\/epood\/","name":"Espak E-pood","description":"","potentialAction":[{"@type":"SearchAction","target":{"@type":"EntryPoint","urlTemplate":"https:\/\/espak.ee\/epood\/?s={search_term_string}"},"query-input":{"@type":"PropertyValueSpecification","valueRequired":true,"valueName":"search_term_string"}}],"inLanguage":"et"}]}},"_links":{"self":[{"href":"https:\/\/espak.ee\/epood\/wp-json\/wp\/v2\/product\/259116","targetHints":{"allow":["GET"]}}],"collection":[{"href":"https:\/\/espak.ee\/epood\/wp-json\/wp\/v2\/product"}],"about":[{"href":"https:\/\/espak.ee\/epood\/wp-json\/wp\/v2\/types\/product"}],"replies":[{"embeddable":true,"href":"https:\/\/espak.ee\/epood\/wp-json\/wp\/v2\/comments?post=259116"}],"wp:featuredmedia":[{"embeddable":true,"href":"https:\/\/espak.ee\/epood\/wp-json\/wp\/v2\/media\/259233"}],"wp:attachment":[{"href":"https:\/\/espak.ee\/epood\/wp-json\/wp\/v2\/media?parent=259116"}],"wp:term":[{"taxonomy":"product_brand","embeddable":true,"href":"https:\/\/espak.ee\/epood\/wp-json\/wp\/v2\/product_brand?post=259116"},{"taxonomy":"product_cat","embeddable":true,"href":"https:\/\/espak.ee\/epood\/wp-json\/wp\/v2\/product_cat?post=259116"},{"taxonomy":"product_tag","embeddable":true,"href":"https:\/\/espak.ee\/epood\/wp-json\/wp\/v2\/product_tag?post=259116"}],"curies":[{"name":"wp","href":"https:\/\/api.w.org\/{rel}","templated":true}]}}