{"id":259111,"date":"2025-12-16T05:10:02","date_gmt":"2025-12-16T03:10:02","guid":{"rendered":"https:\/\/espak.ee\/epood\/?post_type=product&#038;p=259111"},"modified":"2025-12-17T11:40:41","modified_gmt":"2025-12-17T09:40:41","slug":"gosmart-zigbee-gateway-ip-1000z-h5001-emos","status":"publish","type":"product","link":"https:\/\/espak.ee\/epood\/toode\/gosmart-zigbee-gateway-ip-1000z-h5001-emos\/","title":{"rendered":"GOSMART ZIGBEE GATEWAY IP-1000Z H5001 EMOS"},"content":{"rendered":"<div class=\"row\"  id=\"row-1800320906\">\n\n\t<div id=\"col-1294691051\" class=\"col medium-9 small-12 large-9\"  >\n\t\t\t\t<div class=\"col-inner\"  >\n\t\t\t\n\t\t\t\n<h3>GoSmart Gateway IP-1000Z  <\/h3>\n<p>GoSmart Gateway IP-1000Z nutiv\u00e4rav paistab silma oma multifunktsionaalsusega, sest see v\u00f5ib k\u00e4sitleda mitte ainult k\u00f5iki Zigbee-protokolli toetavaid seadmeid, vaid ka Bluetooth (BLE ja SigMesh) kommunikatsiooniprotokolle. Lisage sellele lihtne paigaldus ja v\u00e4ike energiatarbimine k\u00f5igi \u00fchendatud Zigbee andurite ja seadmete puhul ning teil on v\u00e4\u00e4rtuslik nutikas abimees.<br \/>\nMis on Zigbee protokoll? Seda kasutatakse suhtluseks seda protokolli toetavate nutikodusseadmete vahel. Selle kommunikatsiooniprotokolli peamisteks eelisteks on k\u00f5rge turvalisus ja stabiilsus. V\u00f5ite loota, et teie nutiseadmed t\u00f6\u00f6tavad alati t\u00f5rgeteta ja on kaitstud h\u00e4kkerite r\u00fcnnakute eest. Teine Zigbee-protokolli eelis on skaleeritavus, sest seade ei pea \u00fchendumiseks olema v\u00e4rava levialas, vaid peab olema lihtsalt teise Zigbee-seadme l\u00e4hedal.<\/p>\n<p>Sellest t\u00e4nu Zigbee protokolli v\u00e4ikesele energiatarbimisele v\u00f5ivad teie v\u00e4ikesed traadita andurid t\u00f6\u00f6tada kuni mitu aastat \u00fche patareiga.<\/p>\n<p>Kasutades GoSmart IP-1000Z v\u00e4ravat haldurina, saate luua v\u00f5rgu, mis v\u00f5ib h\u00f5lmata k\u00f5iki teisi Zigbee protokolli toetavaid seadmeid. Ja mitte ainult neid! Sina saad lisada ka seadmeid, mis suhtlevad BLE- ja SigMesh-protokolliga. Zigbee-seadmete eeliseks on s\u00f5ltumatu t\u00f6\u00f6 koduses Zigbee- v\u00f5i Bluetooth-v\u00f5rgus. Koduv\u00e4ravaga IP-1000Z \u00fchendatud seadmed j\u00e4\u00e4vad t\u00e4ielikult toimivaks ka siis, kui kodune interneti\u00fchendus katkeb.<\/p>\n\t\t<\/div>\n\t\t\t\t\t<\/div>\n\n\t\n\n\t<div id=\"col-2077373054\" class=\"col medium-3 small-12 large-3\"  >\n\t\t\t\t<div class=\"col-inner\"  >\n\t\t\t\n\t\t\t\n<h3>Kasutusjuhend<\/h3>\n<p><a href=\"https:\/\/espak.ee\/epood\/wp-content\/uploads\/2025\/12\/3069050010_31-H5001_00_01_WEB.pdf\"target=\"_blank\" rel=\"noopener noreferrer\"><i class=\"far fa-file-pdf\"><\/i> Kasutusjuhend (PDF)<\/a><\/p>\n<h3>Ohutusalane teave<\/h3>\n<p><a href=\"https:\/\/espak.ee\/epood\/wp-content\/uploads\/2025\/12\/3069050010_67-H5001.pdf\"target=\"_blank\" rel=\"noopener noreferrer\"><i class=\"far fa-file-pdf\"><\/i> Ohutusalane teave (PDF)<\/a><\/p>\n\t<div id=\"gap-469403850\" class=\"gap-element clearfix\" style=\"display:block; height:auto;\">\n\t\t\n<style>\n#gap-469403850 {\n  padding-top: 30px;\n}\n<\/style>\n\t<\/div>\n\t\n<p><strong>\u00dcksikasjalikuma n\u00f5u saamiseks v\u00f5tke \u00fchendust:<br \/><\/strong>Espak AS<br \/>Viadukti 42<br \/>11313<br \/>Tallinn<br \/>+372 6 512333<\/p>\n\t\t<\/div>\n\t\t\t\t\t<\/div>\n\n\t\n<\/div>\n","protected":false},"excerpt":{"rendered":"","protected":false},"featured_media":259467,"comment_status":"closed","ping_status":"closed","template":"","meta":[],"product_brand":[],"product_cat":[2935,2934,3272,3271],"product_tag":[],"class_list":{"0":"post-259111","1":"product","2":"type-product","3":"status-publish","4":"has-post-thumbnail","6":"product_cat-elektrikaubad","7":"product_cat-elektrikaubad-ja-valgustid","8":"product_cat-elektrikaupade-lisamaterjalid","9":"product_cat-kilbid-ja-tarvikud","10":"pa_kaubamark-emos-spol-s-r-o","12":"first","13":"outofstock","14":"sale","15":"taxable","16":"shipping-taxable","17":"purchasable","18":"product-type-simple"},"yoast_head":"<!-- This site is optimized with the Yoast SEO plugin v26.9 - https:\/\/yoast.com\/product\/yoast-seo-wordpress\/ -->\n<title>GOSMART ZIGBEE GATEWAY IP-1000Z H5001 EMOS - Espak E-pood<\/title>\n<meta name=\"robots\" content=\"index, follow, max-snippet:-1, max-image-preview:large, max-video-preview:-1\" \/>\n<link rel=\"canonical\" href=\"https:\/\/espak.ee\/epood\/toode\/gosmart-zigbee-gateway-ip-1000z-h5001-emos\/\" \/>\n<meta property=\"og:locale\" content=\"et_EE\" \/>\n<meta property=\"og:type\" content=\"article\" \/>\n<meta property=\"og:title\" content=\"GOSMART ZIGBEE GATEWAY IP-1000Z H5001 EMOS - Espak E-pood\" \/>\n<meta property=\"og:url\" content=\"https:\/\/espak.ee\/epood\/toode\/gosmart-zigbee-gateway-ip-1000z-h5001-emos\/\" \/>\n<meta property=\"og:site_name\" content=\"Espak E-pood\" \/>\n<meta property=\"article:modified_time\" content=\"2025-12-17T09:40:41+00:00\" \/>\n<meta property=\"og:image\" content=\"https:\/\/espak.ee\/epood\/wp-content\/uploads\/2025\/12\/2825209.jpg\" \/>\n\t<meta property=\"og:image:width\" content=\"1000\" \/>\n\t<meta property=\"og:image:height\" content=\"1000\" \/>\n\t<meta property=\"og:image:type\" content=\"image\/jpeg\" \/>\n<meta name=\"twitter:card\" content=\"summary_large_image\" \/>\n<meta name=\"twitter:label1\" content=\"Est. reading time\" \/>\n\t<meta name=\"twitter:data1\" content=\"1 minut\" \/>\n<script type=\"application\/ld+json\" class=\"yoast-schema-graph\">{\"@context\":\"https:\/\/schema.org\",\"@graph\":[{\"@type\":\"WebPage\",\"@id\":\"https:\/\/espak.ee\/epood\/toode\/gosmart-zigbee-gateway-ip-1000z-h5001-emos\/\",\"url\":\"https:\/\/espak.ee\/epood\/toode\/gosmart-zigbee-gateway-ip-1000z-h5001-emos\/\",\"name\":\"GOSMART ZIGBEE GATEWAY IP-1000Z H5001 EMOS - Espak E-pood\",\"isPartOf\":{\"@id\":\"https:\/\/espak.ee\/epood\/#website\"},\"primaryImageOfPage\":{\"@id\":\"https:\/\/espak.ee\/epood\/toode\/gosmart-zigbee-gateway-ip-1000z-h5001-emos\/#primaryimage\"},\"image\":{\"@id\":\"https:\/\/espak.ee\/epood\/toode\/gosmart-zigbee-gateway-ip-1000z-h5001-emos\/#primaryimage\"},\"thumbnailUrl\":\"https:\/\/espak.ee\/epood\/wp-content\/uploads\/2025\/12\/2825209.jpg\",\"datePublished\":\"2025-12-16T03:10:02+00:00\",\"dateModified\":\"2025-12-17T09:40:41+00:00\",\"breadcrumb\":{\"@id\":\"https:\/\/espak.ee\/epood\/toode\/gosmart-zigbee-gateway-ip-1000z-h5001-emos\/#breadcrumb\"},\"inLanguage\":\"et\",\"potentialAction\":[{\"@type\":\"ReadAction\",\"target\":[\"https:\/\/espak.ee\/epood\/toode\/gosmart-zigbee-gateway-ip-1000z-h5001-emos\/\"]}]},{\"@type\":\"ImageObject\",\"inLanguage\":\"et\",\"@id\":\"https:\/\/espak.ee\/epood\/toode\/gosmart-zigbee-gateway-ip-1000z-h5001-emos\/#primaryimage\",\"url\":\"https:\/\/espak.ee\/epood\/wp-content\/uploads\/2025\/12\/2825209.jpg\",\"contentUrl\":\"https:\/\/espak.ee\/epood\/wp-content\/uploads\/2025\/12\/2825209.jpg\",\"width\":1000,\"height\":1000},{\"@type\":\"BreadcrumbList\",\"@id\":\"https:\/\/espak.ee\/epood\/toode\/gosmart-zigbee-gateway-ip-1000z-h5001-emos\/#breadcrumb\",\"itemListElement\":[{\"@type\":\"ListItem\",\"position\":1,\"name\":\"Home\",\"item\":\"https:\/\/espak.ee\/epood\/\"},{\"@type\":\"ListItem\",\"position\":2,\"name\":\"Tootevalik\",\"item\":\"https:\/\/espak.ee\/epood\/tootevalik\/\"},{\"@type\":\"ListItem\",\"position\":3,\"name\":\"GOSMART ZIGBEE GATEWAY IP-1000Z H5001 EMOS\"}]},{\"@type\":\"WebSite\",\"@id\":\"https:\/\/espak.ee\/epood\/#website\",\"url\":\"https:\/\/espak.ee\/epood\/\",\"name\":\"Espak E-pood\",\"description\":\"\",\"potentialAction\":[{\"@type\":\"SearchAction\",\"target\":{\"@type\":\"EntryPoint\",\"urlTemplate\":\"https:\/\/espak.ee\/epood\/?s={search_term_string}\"},\"query-input\":{\"@type\":\"PropertyValueSpecification\",\"valueRequired\":true,\"valueName\":\"search_term_string\"}}],\"inLanguage\":\"et\"}]}<\/script>\n<!-- \/ Yoast SEO plugin. -->","yoast_head_json":{"title":"GOSMART ZIGBEE GATEWAY IP-1000Z H5001 EMOS - Espak E-pood","robots":{"index":"index","follow":"follow","max-snippet":"max-snippet:-1","max-image-preview":"max-image-preview:large","max-video-preview":"max-video-preview:-1"},"canonical":"https:\/\/espak.ee\/epood\/toode\/gosmart-zigbee-gateway-ip-1000z-h5001-emos\/","og_locale":"et_EE","og_type":"article","og_title":"GOSMART ZIGBEE GATEWAY IP-1000Z H5001 EMOS - Espak E-pood","og_url":"https:\/\/espak.ee\/epood\/toode\/gosmart-zigbee-gateway-ip-1000z-h5001-emos\/","og_site_name":"Espak E-pood","article_modified_time":"2025-12-17T09:40:41+00:00","og_image":[{"width":1000,"height":1000,"url":"https:\/\/espak.ee\/epood\/wp-content\/uploads\/2025\/12\/2825209.jpg","type":"image\/jpeg"}],"twitter_card":"summary_large_image","twitter_misc":{"Est. reading time":"1 minut"},"schema":{"@context":"https:\/\/schema.org","@graph":[{"@type":"WebPage","@id":"https:\/\/espak.ee\/epood\/toode\/gosmart-zigbee-gateway-ip-1000z-h5001-emos\/","url":"https:\/\/espak.ee\/epood\/toode\/gosmart-zigbee-gateway-ip-1000z-h5001-emos\/","name":"GOSMART ZIGBEE GATEWAY IP-1000Z H5001 EMOS - Espak E-pood","isPartOf":{"@id":"https:\/\/espak.ee\/epood\/#website"},"primaryImageOfPage":{"@id":"https:\/\/espak.ee\/epood\/toode\/gosmart-zigbee-gateway-ip-1000z-h5001-emos\/#primaryimage"},"image":{"@id":"https:\/\/espak.ee\/epood\/toode\/gosmart-zigbee-gateway-ip-1000z-h5001-emos\/#primaryimage"},"thumbnailUrl":"https:\/\/espak.ee\/epood\/wp-content\/uploads\/2025\/12\/2825209.jpg","datePublished":"2025-12-16T03:10:02+00:00","dateModified":"2025-12-17T09:40:41+00:00","breadcrumb":{"@id":"https:\/\/espak.ee\/epood\/toode\/gosmart-zigbee-gateway-ip-1000z-h5001-emos\/#breadcrumb"},"inLanguage":"et","potentialAction":[{"@type":"ReadAction","target":["https:\/\/espak.ee\/epood\/toode\/gosmart-zigbee-gateway-ip-1000z-h5001-emos\/"]}]},{"@type":"ImageObject","inLanguage":"et","@id":"https:\/\/espak.ee\/epood\/toode\/gosmart-zigbee-gateway-ip-1000z-h5001-emos\/#primaryimage","url":"https:\/\/espak.ee\/epood\/wp-content\/uploads\/2025\/12\/2825209.jpg","contentUrl":"https:\/\/espak.ee\/epood\/wp-content\/uploads\/2025\/12\/2825209.jpg","width":1000,"height":1000},{"@type":"BreadcrumbList","@id":"https:\/\/espak.ee\/epood\/toode\/gosmart-zigbee-gateway-ip-1000z-h5001-emos\/#breadcrumb","itemListElement":[{"@type":"ListItem","position":1,"name":"Home","item":"https:\/\/espak.ee\/epood\/"},{"@type":"ListItem","position":2,"name":"Tootevalik","item":"https:\/\/espak.ee\/epood\/tootevalik\/"},{"@type":"ListItem","position":3,"name":"GOSMART ZIGBEE GATEWAY IP-1000Z H5001 EMOS"}]},{"@type":"WebSite","@id":"https:\/\/espak.ee\/epood\/#website","url":"https:\/\/espak.ee\/epood\/","name":"Espak E-pood","description":"","potentialAction":[{"@type":"SearchAction","target":{"@type":"EntryPoint","urlTemplate":"https:\/\/espak.ee\/epood\/?s={search_term_string}"},"query-input":{"@type":"PropertyValueSpecification","valueRequired":true,"valueName":"search_term_string"}}],"inLanguage":"et"}]}},"_links":{"self":[{"href":"https:\/\/espak.ee\/epood\/wp-json\/wp\/v2\/product\/259111","targetHints":{"allow":["GET"]}}],"collection":[{"href":"https:\/\/espak.ee\/epood\/wp-json\/wp\/v2\/product"}],"about":[{"href":"https:\/\/espak.ee\/epood\/wp-json\/wp\/v2\/types\/product"}],"replies":[{"embeddable":true,"href":"https:\/\/espak.ee\/epood\/wp-json\/wp\/v2\/comments?post=259111"}],"wp:featuredmedia":[{"embeddable":true,"href":"https:\/\/espak.ee\/epood\/wp-json\/wp\/v2\/media\/259467"}],"wp:attachment":[{"href":"https:\/\/espak.ee\/epood\/wp-json\/wp\/v2\/media?parent=259111"}],"wp:term":[{"taxonomy":"product_brand","embeddable":true,"href":"https:\/\/espak.ee\/epood\/wp-json\/wp\/v2\/product_brand?post=259111"},{"taxonomy":"product_cat","embeddable":true,"href":"https:\/\/espak.ee\/epood\/wp-json\/wp\/v2\/product_cat?post=259111"},{"taxonomy":"product_tag","embeddable":true,"href":"https:\/\/espak.ee\/epood\/wp-json\/wp\/v2\/product_tag?post=259111"}],"curies":[{"name":"wp","href":"https:\/\/api.w.org\/{rel}","templated":true}]}}