{"id":252495,"date":"2025-10-14T05:05:44","date_gmt":"2025-10-14T02:05:44","guid":{"rendered":"https:\/\/espak.ee\/epood\/?post_type=product&#038;p=252495"},"modified":"2025-11-25T11:18:27","modified_gmt":"2025-11-25T09:18:27","slug":"tookindad-granberg-microskin-touchscreen-talvine-m-8","status":"publish","type":"product","link":"https:\/\/espak.ee\/epood\/toode\/tookindad-granberg-microskin-touchscreen-talvine-m-8\/","title":{"rendered":"T\u00d6\u00d6KINDAD GRANBERG MICROSKIN TOUCHSCREEN TALVINE M\/8"},"content":{"rendered":"<div class=\"row\"  id=\"row-2117980256\">\n\n\t<div id=\"col-2100004459\" class=\"col medium-9 small-12 large-9\"  >\n\t\t\t\t<div class=\"col-inner\"  >\n\t\t\t\n\t\t\t\n<h2>GRANBERG 107.4202 MICROSKIN s\u00fcnteetilised puutetundlikud talvekindad M\/8<\/h2>\n<p>GRANBERG 107.4202 MICROSKIN s\u00fcnteetilised puutetundlikud talvekindad sobivad v\u00e4ga h\u00e4sti montaa\u017eit\u00f6\u00f6deks. Kinnaste peopesas ja nimetiss\u00f5rmel on kasutatud vastupidavat MicroSkin Shield\u00ae materjali ning k\u00e4epealne on venivast pol\u00fcesterkangast. ProTex\u00ae membraan annab kinnastele veekindluse, samal ajal lastes k\u00e4tel hingata ning hoides \u00e4ra higistamise. Sooja voodriga kindad sobivad t\u00f6\u00f6tamiseks puutetundlike ekraanidega. Kindad istuvad tihedalt k\u00e4e \u00fcmber ning libisemiskindel muster peopesas tagab parema haarde. Helkurelemendid k\u00e4eseljal.<\/p>\n<p><strong>Kasutusvaldkond: <\/strong>sobilik montaa\u017eit\u00f6\u00f6deks ja muudeks suurt puutetundlikkust n\u00f5udvateks \u00fclesanneteks k\u00fclmades tingimustes. Sobivad t\u00f6\u00f6tamiseks puutetundlike ekraanidega.<\/p>\n<p>Granberg MicroSkin t\u00f6\u00f6kindad vastavad EN 388 mehaanilise ohu kaitse standardile; EN 420 kaitsekinnaste \u00fcldn\u00f5uete standardile; EN 511 k\u00fclma kaitse standardile. <\/p>\n<p>> Kategooria II<br \/>\n> EN 420:2003 + A1:2009<br \/>\n> EN 511:2006<br \/>\n> EN 388:2016+A1:2018<br \/>\n> Tagavad kaitse k\u00fclma ja niiskuse eest<br \/>\n> Kroomivabad<br \/>\n> Veekindel ProTex\u00ae membraan, millel on suurep\u00e4rane hingavus<br \/>\n> Sooja voodriga<br \/>\n> Hea haarduvusega<br \/>\n> Saab kasutada puutetundlike ekraanidega\n<\/p>\n\t\t<\/div>\n\t\t\t\t\t<\/div>\n\n\t\n\n\t<div id=\"col-2079579767\" class=\"col medium-3 small-12 large-3\"  >\n\t\t\t\t<div class=\"col-inner\"  >\n\t\t\t\n\t\t\t\n\t<div id=\"gap-2128532237\" class=\"gap-element clearfix\" style=\"display:block; height:auto;\">\n\t\t\n<style>\n#gap-2128532237 {\n  padding-top: 30px;\n}\n<\/style>\n\t<\/div>\n\t\n<div class=\"is-divider divider clearfix\" ><\/div>\n<p><strong>\u00dcksikasjalikuma n\u00f5u saamiseks v\u00f5tke \u00fchendust:<br \/><\/strong>Becky AS<br \/>Laki 30A \/ Kadaka tee 129<br \/>12915<br \/>Tallinn<br \/>+372 670 6880<\/p>\n<div class=\"is-divider divider clearfix\" ><\/div>\n\t\t<\/div>\n\t\t\t\t\t<\/div>\n\n\t\n<\/div>\n","protected":false},"excerpt":{"rendered":"","protected":false},"featured_media":252637,"comment_status":"closed","ping_status":"closed","template":"","meta":[],"product_brand":[],"product_cat":[2788,2976,2980,2972],"product_tag":[],"class_list":{"0":"post-252495","1":"product","2":"type-product","3":"status-publish","4":"has-post-thumbnail","6":"product_cat-aiatarbed-ja-kodukaubad","7":"product_cat-kindad","8":"product_cat-nahk-riie-kindad","9":"product_cat-tookaitsevahendid","10":"pa_kaubamark-becky-as","12":"first","13":"instock","14":"sale","15":"taxable","16":"shipping-taxable","17":"purchasable","18":"product-type-simple"},"yoast_head":"<!-- This site is optimized with the Yoast SEO plugin v26.9 - https:\/\/yoast.com\/product\/yoast-seo-wordpress\/ -->\n<title>T\u00d6\u00d6KINDAD GRANBERG MICROSKIN TOUCHSCREEN TALVINE M\/8 - Espak E-pood<\/title>\n<meta name=\"robots\" content=\"index, follow, max-snippet:-1, max-image-preview:large, max-video-preview:-1\" \/>\n<link rel=\"canonical\" href=\"https:\/\/espak.ee\/epood\/toode\/tookindad-granberg-microskin-touchscreen-talvine-m-8\/\" \/>\n<meta property=\"og:locale\" content=\"et_EE\" \/>\n<meta property=\"og:type\" content=\"article\" \/>\n<meta property=\"og:title\" content=\"T\u00d6\u00d6KINDAD GRANBERG MICROSKIN TOUCHSCREEN TALVINE M\/8 - Espak E-pood\" \/>\n<meta property=\"og:url\" content=\"https:\/\/espak.ee\/epood\/toode\/tookindad-granberg-microskin-touchscreen-talvine-m-8\/\" \/>\n<meta property=\"og:site_name\" content=\"Espak E-pood\" \/>\n<meta property=\"article:modified_time\" content=\"2025-11-25T09:18:27+00:00\" \/>\n<meta property=\"og:image\" content=\"https:\/\/espak.ee\/epood\/wp-content\/uploads\/2025\/10\/GRANBERG-107.4202-MICROSKIN-talve-tookindad.jpg\" \/>\n\t<meta property=\"og:image:width\" content=\"1024\" \/>\n\t<meta property=\"og:image:height\" content=\"1024\" \/>\n\t<meta property=\"og:image:type\" content=\"image\/jpeg\" \/>\n<meta name=\"twitter:card\" content=\"summary_large_image\" \/>\n<meta name=\"twitter:label1\" content=\"Est. reading time\" \/>\n\t<meta name=\"twitter:data1\" content=\"1 minut\" \/>\n<script type=\"application\/ld+json\" class=\"yoast-schema-graph\">{\"@context\":\"https:\/\/schema.org\",\"@graph\":[{\"@type\":\"WebPage\",\"@id\":\"https:\/\/espak.ee\/epood\/toode\/tookindad-granberg-microskin-touchscreen-talvine-m-8\/\",\"url\":\"https:\/\/espak.ee\/epood\/toode\/tookindad-granberg-microskin-touchscreen-talvine-m-8\/\",\"name\":\"T\u00d6\u00d6KINDAD GRANBERG MICROSKIN TOUCHSCREEN TALVINE M\/8 - Espak E-pood\",\"isPartOf\":{\"@id\":\"https:\/\/espak.ee\/epood\/#website\"},\"primaryImageOfPage\":{\"@id\":\"https:\/\/espak.ee\/epood\/toode\/tookindad-granberg-microskin-touchscreen-talvine-m-8\/#primaryimage\"},\"image\":{\"@id\":\"https:\/\/espak.ee\/epood\/toode\/tookindad-granberg-microskin-touchscreen-talvine-m-8\/#primaryimage\"},\"thumbnailUrl\":\"https:\/\/espak.ee\/epood\/wp-content\/uploads\/2025\/10\/GRANBERG-107.4202-MICROSKIN-talve-tookindad.jpg\",\"datePublished\":\"2025-10-14T02:05:44+00:00\",\"dateModified\":\"2025-11-25T09:18:27+00:00\",\"breadcrumb\":{\"@id\":\"https:\/\/espak.ee\/epood\/toode\/tookindad-granberg-microskin-touchscreen-talvine-m-8\/#breadcrumb\"},\"inLanguage\":\"et\",\"potentialAction\":[{\"@type\":\"ReadAction\",\"target\":[\"https:\/\/espak.ee\/epood\/toode\/tookindad-granberg-microskin-touchscreen-talvine-m-8\/\"]}]},{\"@type\":\"ImageObject\",\"inLanguage\":\"et\",\"@id\":\"https:\/\/espak.ee\/epood\/toode\/tookindad-granberg-microskin-touchscreen-talvine-m-8\/#primaryimage\",\"url\":\"https:\/\/espak.ee\/epood\/wp-content\/uploads\/2025\/10\/GRANBERG-107.4202-MICROSKIN-talve-tookindad.jpg\",\"contentUrl\":\"https:\/\/espak.ee\/epood\/wp-content\/uploads\/2025\/10\/GRANBERG-107.4202-MICROSKIN-talve-tookindad.jpg\",\"width\":1024,\"height\":1024},{\"@type\":\"BreadcrumbList\",\"@id\":\"https:\/\/espak.ee\/epood\/toode\/tookindad-granberg-microskin-touchscreen-talvine-m-8\/#breadcrumb\",\"itemListElement\":[{\"@type\":\"ListItem\",\"position\":1,\"name\":\"Home\",\"item\":\"https:\/\/espak.ee\/epood\/\"},{\"@type\":\"ListItem\",\"position\":2,\"name\":\"Tootevalik\",\"item\":\"https:\/\/espak.ee\/epood\/tootevalik\/\"},{\"@type\":\"ListItem\",\"position\":3,\"name\":\"T\u00d6\u00d6KINDAD GRANBERG MICROSKIN TOUCHSCREEN TALVINE M\/8\"}]},{\"@type\":\"WebSite\",\"@id\":\"https:\/\/espak.ee\/epood\/#website\",\"url\":\"https:\/\/espak.ee\/epood\/\",\"name\":\"Espak E-pood\",\"description\":\"\",\"potentialAction\":[{\"@type\":\"SearchAction\",\"target\":{\"@type\":\"EntryPoint\",\"urlTemplate\":\"https:\/\/espak.ee\/epood\/?s={search_term_string}\"},\"query-input\":{\"@type\":\"PropertyValueSpecification\",\"valueRequired\":true,\"valueName\":\"search_term_string\"}}],\"inLanguage\":\"et\"}]}<\/script>\n<!-- \/ Yoast SEO plugin. -->","yoast_head_json":{"title":"T\u00d6\u00d6KINDAD GRANBERG MICROSKIN TOUCHSCREEN TALVINE M\/8 - Espak E-pood","robots":{"index":"index","follow":"follow","max-snippet":"max-snippet:-1","max-image-preview":"max-image-preview:large","max-video-preview":"max-video-preview:-1"},"canonical":"https:\/\/espak.ee\/epood\/toode\/tookindad-granberg-microskin-touchscreen-talvine-m-8\/","og_locale":"et_EE","og_type":"article","og_title":"T\u00d6\u00d6KINDAD GRANBERG MICROSKIN TOUCHSCREEN TALVINE M\/8 - Espak E-pood","og_url":"https:\/\/espak.ee\/epood\/toode\/tookindad-granberg-microskin-touchscreen-talvine-m-8\/","og_site_name":"Espak E-pood","article_modified_time":"2025-11-25T09:18:27+00:00","og_image":[{"width":1024,"height":1024,"url":"https:\/\/espak.ee\/epood\/wp-content\/uploads\/2025\/10\/GRANBERG-107.4202-MICROSKIN-talve-tookindad.jpg","type":"image\/jpeg"}],"twitter_card":"summary_large_image","twitter_misc":{"Est. reading time":"1 minut"},"schema":{"@context":"https:\/\/schema.org","@graph":[{"@type":"WebPage","@id":"https:\/\/espak.ee\/epood\/toode\/tookindad-granberg-microskin-touchscreen-talvine-m-8\/","url":"https:\/\/espak.ee\/epood\/toode\/tookindad-granberg-microskin-touchscreen-talvine-m-8\/","name":"T\u00d6\u00d6KINDAD GRANBERG MICROSKIN TOUCHSCREEN TALVINE M\/8 - Espak E-pood","isPartOf":{"@id":"https:\/\/espak.ee\/epood\/#website"},"primaryImageOfPage":{"@id":"https:\/\/espak.ee\/epood\/toode\/tookindad-granberg-microskin-touchscreen-talvine-m-8\/#primaryimage"},"image":{"@id":"https:\/\/espak.ee\/epood\/toode\/tookindad-granberg-microskin-touchscreen-talvine-m-8\/#primaryimage"},"thumbnailUrl":"https:\/\/espak.ee\/epood\/wp-content\/uploads\/2025\/10\/GRANBERG-107.4202-MICROSKIN-talve-tookindad.jpg","datePublished":"2025-10-14T02:05:44+00:00","dateModified":"2025-11-25T09:18:27+00:00","breadcrumb":{"@id":"https:\/\/espak.ee\/epood\/toode\/tookindad-granberg-microskin-touchscreen-talvine-m-8\/#breadcrumb"},"inLanguage":"et","potentialAction":[{"@type":"ReadAction","target":["https:\/\/espak.ee\/epood\/toode\/tookindad-granberg-microskin-touchscreen-talvine-m-8\/"]}]},{"@type":"ImageObject","inLanguage":"et","@id":"https:\/\/espak.ee\/epood\/toode\/tookindad-granberg-microskin-touchscreen-talvine-m-8\/#primaryimage","url":"https:\/\/espak.ee\/epood\/wp-content\/uploads\/2025\/10\/GRANBERG-107.4202-MICROSKIN-talve-tookindad.jpg","contentUrl":"https:\/\/espak.ee\/epood\/wp-content\/uploads\/2025\/10\/GRANBERG-107.4202-MICROSKIN-talve-tookindad.jpg","width":1024,"height":1024},{"@type":"BreadcrumbList","@id":"https:\/\/espak.ee\/epood\/toode\/tookindad-granberg-microskin-touchscreen-talvine-m-8\/#breadcrumb","itemListElement":[{"@type":"ListItem","position":1,"name":"Home","item":"https:\/\/espak.ee\/epood\/"},{"@type":"ListItem","position":2,"name":"Tootevalik","item":"https:\/\/espak.ee\/epood\/tootevalik\/"},{"@type":"ListItem","position":3,"name":"T\u00d6\u00d6KINDAD GRANBERG MICROSKIN TOUCHSCREEN TALVINE M\/8"}]},{"@type":"WebSite","@id":"https:\/\/espak.ee\/epood\/#website","url":"https:\/\/espak.ee\/epood\/","name":"Espak E-pood","description":"","potentialAction":[{"@type":"SearchAction","target":{"@type":"EntryPoint","urlTemplate":"https:\/\/espak.ee\/epood\/?s={search_term_string}"},"query-input":{"@type":"PropertyValueSpecification","valueRequired":true,"valueName":"search_term_string"}}],"inLanguage":"et"}]}},"_links":{"self":[{"href":"https:\/\/espak.ee\/epood\/wp-json\/wp\/v2\/product\/252495","targetHints":{"allow":["GET"]}}],"collection":[{"href":"https:\/\/espak.ee\/epood\/wp-json\/wp\/v2\/product"}],"about":[{"href":"https:\/\/espak.ee\/epood\/wp-json\/wp\/v2\/types\/product"}],"replies":[{"embeddable":true,"href":"https:\/\/espak.ee\/epood\/wp-json\/wp\/v2\/comments?post=252495"}],"wp:featuredmedia":[{"embeddable":true,"href":"https:\/\/espak.ee\/epood\/wp-json\/wp\/v2\/media\/252637"}],"wp:attachment":[{"href":"https:\/\/espak.ee\/epood\/wp-json\/wp\/v2\/media?parent=252495"}],"wp:term":[{"taxonomy":"product_brand","embeddable":true,"href":"https:\/\/espak.ee\/epood\/wp-json\/wp\/v2\/product_brand?post=252495"},{"taxonomy":"product_cat","embeddable":true,"href":"https:\/\/espak.ee\/epood\/wp-json\/wp\/v2\/product_cat?post=252495"},{"taxonomy":"product_tag","embeddable":true,"href":"https:\/\/espak.ee\/epood\/wp-json\/wp\/v2\/product_tag?post=252495"}],"curies":[{"name":"wp","href":"https:\/\/api.w.org\/{rel}","templated":true}]}}