{"id":25230,"date":"2020-05-01T05:30:46","date_gmt":"2020-05-01T02:30:46","guid":{"rendered":"https:\/\/espak.ee\/hinnakiri\/?post_type=product&#038;p=25230"},"modified":"2025-08-27T09:31:46","modified_gmt":"2025-08-27T06:31:46","slug":"digitaalne-lood-kapro-digiman-120cm","status":"publish","type":"product","link":"https:\/\/espak.ee\/epood\/toode\/digitaalne-lood-kapro-digiman-120cm\/","title":{"rendered":"DIGITAALNE LOOD KAPRO DIGIMAN 120CM"},"content":{"rendered":"<div class=\"row\"  id=\"row-2138897929\">\n\n\t<div id=\"col-411572976\" class=\"col medium-9 small-12 large-9\"  >\n\t\t\t\t<div class=\"col-inner\"  >\n\t\t\t\n\t\t\t\n<h3>Digitaalne lood DIGIMAN 120 cm KAPRO<\/h3>\n<p>2 libelli:<br \/>&#8211; Plumb Site\u00ae Dual-View,<br \/>&#8211; horisontaalne.<\/br><\/p>\n<p>\u2713 T\u00e4psus: \u2013 <0,1 \u00b0 horisontaalselt ja vertikaalselt \u2013 <0,2 \u00b0 teised nurgad.<br \/>\u2713 Taustavalgusega LCD ekraan on 360 kraadi loetav (ka tagurpidi).<br \/>\u2713 HOLD &#038; MODE funktsioon.<br \/>\u2713 M\u00e4lu salvestab 9 m\u00f5\u00f5tmist.<br \/>\u2713 M\u00e4rguanne 0, 45 ja 90 kraadi juures.<br \/>\u2713 \u00dcmberkalibreerimisfunktsioon ja \u201evale null\u201d.<br \/>\u2713 Ergo Grip \u2122 k\u00e4epidemed.<br \/>\u2713 L\u00f6\u00f6gikindlad otsakorgid.<br \/>\u2713 T\u00f6\u00f6tab 9V patareiga, t\u00fchjenemisest annab m\u00e4rku indikaator.\n<\/p>\n\t\t<\/div>\n\t\t\t\t\t<\/div>\n\n\t\n\n\t<div id=\"col-411910361\" class=\"col medium-3 small-12 large-3\"  >\n\t\t\t\t<div class=\"col-inner\"  >\n\t\t\t\n\t\t\t\n\t<div id=\"gap-400801206\" class=\"gap-element clearfix\" style=\"display:block; height:auto;\">\n\t\t\n<style>\n#gap-400801206 {\n  padding-top: 30px;\n}\n<\/style>\n\t<\/div>\n\t\n<p><strong>\u00dcksikasjalikuma n\u00f5u saamiseks v\u00f5tke \u00fchendust:<br \/><\/strong>Espak AS<br \/>Viadukti 42<br \/>11313<br \/>Tallinn<br \/> T\u00f6\u00f6riista osakond +372 6512 335<br \/><a href=\"mailto:tooriist@espak.ee\">tooriist@espak.ee<\/a><\/p>\n\t\t<\/div>\n\t\t\t\t\t<\/div>\n\n\t\n<\/div>\n","protected":false},"excerpt":{"rendered":"","protected":false},"featured_media":64644,"comment_status":"closed","ping_status":"closed","template":"","meta":[],"product_brand":[],"product_cat":[3106,2771,2772,2679],"product_tag":[],"class_list":{"0":"post-25230","1":"product","2":"type-product","3":"status-publish","4":"has-post-thumbnail","6":"product_cat-digitaalsed-loodid","7":"product_cat-kasitooriistad","8":"product_cat-mooteriistad","9":"product_cat-tooriistad","10":"pa_kaubamark-kapro","12":"first","13":"instock","14":"sale","15":"taxable","16":"shipping-taxable","17":"purchasable","18":"product-type-simple"},"yoast_head":"<!-- This site is optimized with the Yoast SEO plugin v26.9 - https:\/\/yoast.com\/product\/yoast-seo-wordpress\/ -->\n<title>DIGITAALNE LOOD KAPRO DIGIMAN 120CM - Espak E-pood<\/title>\n<meta name=\"robots\" content=\"index, follow, max-snippet:-1, max-image-preview:large, max-video-preview:-1\" \/>\n<link rel=\"canonical\" href=\"https:\/\/espak.ee\/epood\/toode\/digitaalne-lood-kapro-digiman-120cm\/\" \/>\n<meta property=\"og:locale\" content=\"et_EE\" \/>\n<meta property=\"og:type\" content=\"article\" \/>\n<meta property=\"og:title\" content=\"DIGITAALNE LOOD KAPRO DIGIMAN 120CM - Espak E-pood\" \/>\n<meta property=\"og:url\" content=\"https:\/\/espak.ee\/epood\/toode\/digitaalne-lood-kapro-digiman-120cm\/\" \/>\n<meta property=\"og:site_name\" content=\"Espak E-pood\" \/>\n<meta property=\"article:modified_time\" content=\"2025-08-27T06:31:46+00:00\" \/>\n<meta property=\"og:image\" content=\"https:\/\/espak.ee\/epood\/wp-content\/uploads\/985-120D-KAPRO.jpg\" \/>\n\t<meta property=\"og:image:width\" content=\"1225\" \/>\n\t<meta property=\"og:image:height\" content=\"1225\" \/>\n\t<meta property=\"og:image:type\" content=\"image\/jpeg\" \/>\n<meta name=\"twitter:card\" content=\"summary_large_image\" \/>\n<script type=\"application\/ld+json\" class=\"yoast-schema-graph\">{\"@context\":\"https:\/\/schema.org\",\"@graph\":[{\"@type\":\"WebPage\",\"@id\":\"https:\/\/espak.ee\/epood\/toode\/digitaalne-lood-kapro-digiman-120cm\/\",\"url\":\"https:\/\/espak.ee\/epood\/toode\/digitaalne-lood-kapro-digiman-120cm\/\",\"name\":\"DIGITAALNE LOOD KAPRO DIGIMAN 120CM - Espak E-pood\",\"isPartOf\":{\"@id\":\"https:\/\/espak.ee\/epood\/#website\"},\"primaryImageOfPage\":{\"@id\":\"https:\/\/espak.ee\/epood\/toode\/digitaalne-lood-kapro-digiman-120cm\/#primaryimage\"},\"image\":{\"@id\":\"https:\/\/espak.ee\/epood\/toode\/digitaalne-lood-kapro-digiman-120cm\/#primaryimage\"},\"thumbnailUrl\":\"https:\/\/espak.ee\/epood\/wp-content\/uploads\/985-120D-KAPRO.jpg\",\"datePublished\":\"2020-05-01T02:30:46+00:00\",\"dateModified\":\"2025-08-27T06:31:46+00:00\",\"breadcrumb\":{\"@id\":\"https:\/\/espak.ee\/epood\/toode\/digitaalne-lood-kapro-digiman-120cm\/#breadcrumb\"},\"inLanguage\":\"et\",\"potentialAction\":[{\"@type\":\"ReadAction\",\"target\":[\"https:\/\/espak.ee\/epood\/toode\/digitaalne-lood-kapro-digiman-120cm\/\"]}]},{\"@type\":\"ImageObject\",\"inLanguage\":\"et\",\"@id\":\"https:\/\/espak.ee\/epood\/toode\/digitaalne-lood-kapro-digiman-120cm\/#primaryimage\",\"url\":\"https:\/\/espak.ee\/epood\/wp-content\/uploads\/985-120D-KAPRO.jpg\",\"contentUrl\":\"https:\/\/espak.ee\/epood\/wp-content\/uploads\/985-120D-KAPRO.jpg\",\"width\":1225,\"height\":1225},{\"@type\":\"BreadcrumbList\",\"@id\":\"https:\/\/espak.ee\/epood\/toode\/digitaalne-lood-kapro-digiman-120cm\/#breadcrumb\",\"itemListElement\":[{\"@type\":\"ListItem\",\"position\":1,\"name\":\"Home\",\"item\":\"https:\/\/espak.ee\/epood\/\"},{\"@type\":\"ListItem\",\"position\":2,\"name\":\"Tootevalik\",\"item\":\"https:\/\/espak.ee\/epood\/tootevalik\/\"},{\"@type\":\"ListItem\",\"position\":3,\"name\":\"DIGITAALNE LOOD KAPRO DIGIMAN 120CM\"}]},{\"@type\":\"WebSite\",\"@id\":\"https:\/\/espak.ee\/epood\/#website\",\"url\":\"https:\/\/espak.ee\/epood\/\",\"name\":\"Espak E-pood\",\"description\":\"\",\"potentialAction\":[{\"@type\":\"SearchAction\",\"target\":{\"@type\":\"EntryPoint\",\"urlTemplate\":\"https:\/\/espak.ee\/epood\/?s={search_term_string}\"},\"query-input\":{\"@type\":\"PropertyValueSpecification\",\"valueRequired\":true,\"valueName\":\"search_term_string\"}}],\"inLanguage\":\"et\"}]}<\/script>\n<!-- \/ Yoast SEO plugin. -->","yoast_head_json":{"title":"DIGITAALNE LOOD KAPRO DIGIMAN 120CM - Espak E-pood","robots":{"index":"index","follow":"follow","max-snippet":"max-snippet:-1","max-image-preview":"max-image-preview:large","max-video-preview":"max-video-preview:-1"},"canonical":"https:\/\/espak.ee\/epood\/toode\/digitaalne-lood-kapro-digiman-120cm\/","og_locale":"et_EE","og_type":"article","og_title":"DIGITAALNE LOOD KAPRO DIGIMAN 120CM - Espak E-pood","og_url":"https:\/\/espak.ee\/epood\/toode\/digitaalne-lood-kapro-digiman-120cm\/","og_site_name":"Espak E-pood","article_modified_time":"2025-08-27T06:31:46+00:00","og_image":[{"width":1225,"height":1225,"url":"https:\/\/espak.ee\/epood\/wp-content\/uploads\/985-120D-KAPRO.jpg","type":"image\/jpeg"}],"twitter_card":"summary_large_image","schema":{"@context":"https:\/\/schema.org","@graph":[{"@type":"WebPage","@id":"https:\/\/espak.ee\/epood\/toode\/digitaalne-lood-kapro-digiman-120cm\/","url":"https:\/\/espak.ee\/epood\/toode\/digitaalne-lood-kapro-digiman-120cm\/","name":"DIGITAALNE LOOD KAPRO DIGIMAN 120CM - Espak E-pood","isPartOf":{"@id":"https:\/\/espak.ee\/epood\/#website"},"primaryImageOfPage":{"@id":"https:\/\/espak.ee\/epood\/toode\/digitaalne-lood-kapro-digiman-120cm\/#primaryimage"},"image":{"@id":"https:\/\/espak.ee\/epood\/toode\/digitaalne-lood-kapro-digiman-120cm\/#primaryimage"},"thumbnailUrl":"https:\/\/espak.ee\/epood\/wp-content\/uploads\/985-120D-KAPRO.jpg","datePublished":"2020-05-01T02:30:46+00:00","dateModified":"2025-08-27T06:31:46+00:00","breadcrumb":{"@id":"https:\/\/espak.ee\/epood\/toode\/digitaalne-lood-kapro-digiman-120cm\/#breadcrumb"},"inLanguage":"et","potentialAction":[{"@type":"ReadAction","target":["https:\/\/espak.ee\/epood\/toode\/digitaalne-lood-kapro-digiman-120cm\/"]}]},{"@type":"ImageObject","inLanguage":"et","@id":"https:\/\/espak.ee\/epood\/toode\/digitaalne-lood-kapro-digiman-120cm\/#primaryimage","url":"https:\/\/espak.ee\/epood\/wp-content\/uploads\/985-120D-KAPRO.jpg","contentUrl":"https:\/\/espak.ee\/epood\/wp-content\/uploads\/985-120D-KAPRO.jpg","width":1225,"height":1225},{"@type":"BreadcrumbList","@id":"https:\/\/espak.ee\/epood\/toode\/digitaalne-lood-kapro-digiman-120cm\/#breadcrumb","itemListElement":[{"@type":"ListItem","position":1,"name":"Home","item":"https:\/\/espak.ee\/epood\/"},{"@type":"ListItem","position":2,"name":"Tootevalik","item":"https:\/\/espak.ee\/epood\/tootevalik\/"},{"@type":"ListItem","position":3,"name":"DIGITAALNE LOOD KAPRO DIGIMAN 120CM"}]},{"@type":"WebSite","@id":"https:\/\/espak.ee\/epood\/#website","url":"https:\/\/espak.ee\/epood\/","name":"Espak E-pood","description":"","potentialAction":[{"@type":"SearchAction","target":{"@type":"EntryPoint","urlTemplate":"https:\/\/espak.ee\/epood\/?s={search_term_string}"},"query-input":{"@type":"PropertyValueSpecification","valueRequired":true,"valueName":"search_term_string"}}],"inLanguage":"et"}]}},"_links":{"self":[{"href":"https:\/\/espak.ee\/epood\/wp-json\/wp\/v2\/product\/25230","targetHints":{"allow":["GET"]}}],"collection":[{"href":"https:\/\/espak.ee\/epood\/wp-json\/wp\/v2\/product"}],"about":[{"href":"https:\/\/espak.ee\/epood\/wp-json\/wp\/v2\/types\/product"}],"replies":[{"embeddable":true,"href":"https:\/\/espak.ee\/epood\/wp-json\/wp\/v2\/comments?post=25230"}],"wp:featuredmedia":[{"embeddable":true,"href":"https:\/\/espak.ee\/epood\/wp-json\/wp\/v2\/media\/64644"}],"wp:attachment":[{"href":"https:\/\/espak.ee\/epood\/wp-json\/wp\/v2\/media?parent=25230"}],"wp:term":[{"taxonomy":"product_brand","embeddable":true,"href":"https:\/\/espak.ee\/epood\/wp-json\/wp\/v2\/product_brand?post=25230"},{"taxonomy":"product_cat","embeddable":true,"href":"https:\/\/espak.ee\/epood\/wp-json\/wp\/v2\/product_cat?post=25230"},{"taxonomy":"product_tag","embeddable":true,"href":"https:\/\/espak.ee\/epood\/wp-json\/wp\/v2\/product_tag?post=25230"}],"curies":[{"name":"wp","href":"https:\/\/api.w.org\/{rel}","templated":true}]}}