{"id":251561,"date":"2025-10-04T05:10:02","date_gmt":"2025-10-04T02:10:02","guid":{"rendered":"https:\/\/espak.ee\/epood\/?post_type=product&#038;p=251561"},"modified":"2026-03-21T09:37:36","modified_gmt":"2026-03-21T07:37:36","slug":"parafiinoli-woodcare-guide-1l-labipaistev","status":"publish","type":"product","link":"https:\/\/espak.ee\/epood\/toode\/parafiinoli-woodcare-guide-1l-labipaistev\/","title":{"rendered":"PARAFIIN\u00d5LI WOODCARE GUIDE 1L L\u00c4BIPAISTEV"},"content":{"rendered":"<div class=\"row\"  id=\"row-444519653\">\n\n\t<div id=\"col-952618624\" class=\"col medium-9 small-12 large-9\"  >\n\t\t\t\t<div class=\"col-inner\"  >\n\t\t\t\n\t\t\t\n<h3>Parafiin\u00f5li WOODCARE GUIDE 1L l\u00e4bipaistev<\/h3>\n<p>Sobib erinevatele puitpindadele nagu k\u00f6\u00f6gitasapinnad ja l\u00f5ikelauad, samuti saunam\u00f6\u00f6bli kaitseks mustuse ja saaste eest. \u00d5li ei lahustu vees. Toode ei ole tuleohtlik ega tervisele ohtlik. \u00d5li on l\u00f5hnatu ja v\u00e4rvitu, s\u00fcvendab puitpindade loomulikku varjundit.<br \/>\nPuhastage ja kuivatage t\u00f6\u00f6deldav pind ning katke pintsli v\u00f5i kuiva lapi abil \u00f5liga. Laske \u00f5lil puidu sisse imbuda, p\u00fchkige \u00fclej\u00e4\u00e4gid kuiva lapiga. Peske kasutatud pintslit ja lappi sooja veega.<\/p>\n<p>KULU: 10-20 m\u00b2\/l.<br \/>\nKuivamisaeg 24-48h (s\u00f5ltub t\u00f6\u00f6deldava pinna poorsusest).<br \/>\nMadalaim t\u00f6\u00f6temperatuur +5C. Hoida \u00f5li k\u00fclmumise eest.<br \/>\nToiduohutus on testitud vastavalt 1935\/2004\/E\u00dc n\u00f5uetele.\n<\/p>\n\t<div id=\"gap-286254562\" class=\"gap-element clearfix\" style=\"display:block; height:auto;\">\n\t\t\n<style>\n#gap-286254562 {\n  padding-top: 30px;\n}\n<\/style>\n\t<\/div>\n\t\n\t\t<\/div>\n\t\t\t\t\t<\/div>\n\n\t\n\n\t<div id=\"col-395407178\" class=\"col medium-3 small-12 large-3\"  >\n\t\t\t\t<div class=\"col-inner\"  >\n\t\t\t\n\t\t\t\n<h3>Ohutuskaart<\/h3>\n<p><a href=\"https:\/\/espak.ee\/epood\/wp-content\/uploads\/2025\/10\/1101515-ohutuskaart.pdf\"target=\"_blank\" rel=\"noopener noreferrer\"><i class=\"far fa-file-pdf\"><\/i> Ohutuskaart (PDF)<\/a><\/p>\n<div class=\"is-divider divider clearfix\" ><\/div>\n<p><strong>\u00dcksikasjalikuma n\u00f5u saamiseks v\u00f5tke \u00fchendust:<br \/><\/strong>Pureva O\u00dc<br \/>R\u00f6a k\u00fcla<br \/>79614<br \/>Rapla vald<br \/>+372 48 37 235<\/p>\n<div class=\"is-divider divider clearfix\" ><\/div>\n\t\t<\/div>\n\t\t\t\t\t<\/div>\n\n\t\n<\/div>\n","protected":false},"excerpt":{"rendered":"","protected":false},"featured_media":251782,"comment_status":"closed","ping_status":"closed","template":"","meta":[],"product_brand":[],"product_cat":[2693,2696,2684,2683],"product_tag":[],"class_list":{"0":"post-251561","1":"product","2":"type-product","3":"status-publish","4":"has-post-thumbnail","6":"product_cat-lakid-peitsid-olid-puidukaitse","7":"product_cat-olid-ja-lakid-valispindadele","8":"product_cat-varvid-lakid-lahustid-puidukaitsed-olid","9":"product_cat-viimistluskaubad","10":"product_shipping_class-dpd-cold","11":"pa_kaubamark-pureva-ou","13":"first","14":"outofstock","15":"sale","16":"taxable","17":"shipping-taxable","18":"purchasable","19":"product-type-simple"},"yoast_head":"<!-- This site is optimized with the Yoast SEO plugin v26.9 - https:\/\/yoast.com\/product\/yoast-seo-wordpress\/ -->\n<title>PARAFIIN\u00d5LI WOODCARE GUIDE 1L L\u00c4BIPAISTEV - Espak E-pood<\/title>\n<meta name=\"robots\" content=\"index, follow, max-snippet:-1, max-image-preview:large, max-video-preview:-1\" \/>\n<link rel=\"canonical\" href=\"https:\/\/espak.ee\/epood\/toode\/parafiinoli-woodcare-guide-1l-labipaistev\/\" \/>\n<meta property=\"og:locale\" content=\"et_EE\" \/>\n<meta property=\"og:type\" content=\"article\" \/>\n<meta property=\"og:title\" content=\"PARAFIIN\u00d5LI WOODCARE GUIDE 1L L\u00c4BIPAISTEV - Espak E-pood\" \/>\n<meta property=\"og:url\" content=\"https:\/\/espak.ee\/epood\/toode\/parafiinoli-woodcare-guide-1l-labipaistev\/\" \/>\n<meta property=\"og:site_name\" content=\"Espak E-pood\" \/>\n<meta property=\"article:modified_time\" content=\"2026-03-21T07:37:36+00:00\" \/>\n<meta property=\"og:image\" content=\"https:\/\/espak.ee\/epood\/wp-content\/uploads\/2025\/10\/1101515.jpg\" \/>\n\t<meta property=\"og:image:width\" content=\"1000\" \/>\n\t<meta property=\"og:image:height\" content=\"1000\" \/>\n\t<meta property=\"og:image:type\" content=\"image\/jpeg\" \/>\n<meta name=\"twitter:card\" content=\"summary_large_image\" \/>\n<meta name=\"twitter:label1\" content=\"Est. reading time\" \/>\n\t<meta name=\"twitter:data1\" content=\"1 minut\" \/>\n<script type=\"application\/ld+json\" class=\"yoast-schema-graph\">{\"@context\":\"https:\/\/schema.org\",\"@graph\":[{\"@type\":\"WebPage\",\"@id\":\"https:\/\/espak.ee\/epood\/toode\/parafiinoli-woodcare-guide-1l-labipaistev\/\",\"url\":\"https:\/\/espak.ee\/epood\/toode\/parafiinoli-woodcare-guide-1l-labipaistev\/\",\"name\":\"PARAFIIN\u00d5LI WOODCARE GUIDE 1L L\u00c4BIPAISTEV - Espak E-pood\",\"isPartOf\":{\"@id\":\"https:\/\/espak.ee\/epood\/#website\"},\"primaryImageOfPage\":{\"@id\":\"https:\/\/espak.ee\/epood\/toode\/parafiinoli-woodcare-guide-1l-labipaistev\/#primaryimage\"},\"image\":{\"@id\":\"https:\/\/espak.ee\/epood\/toode\/parafiinoli-woodcare-guide-1l-labipaistev\/#primaryimage\"},\"thumbnailUrl\":\"https:\/\/espak.ee\/epood\/wp-content\/uploads\/2025\/10\/1101515.jpg\",\"datePublished\":\"2025-10-04T02:10:02+00:00\",\"dateModified\":\"2026-03-21T07:37:36+00:00\",\"breadcrumb\":{\"@id\":\"https:\/\/espak.ee\/epood\/toode\/parafiinoli-woodcare-guide-1l-labipaistev\/#breadcrumb\"},\"inLanguage\":\"et\",\"potentialAction\":[{\"@type\":\"ReadAction\",\"target\":[\"https:\/\/espak.ee\/epood\/toode\/parafiinoli-woodcare-guide-1l-labipaistev\/\"]}]},{\"@type\":\"ImageObject\",\"inLanguage\":\"et\",\"@id\":\"https:\/\/espak.ee\/epood\/toode\/parafiinoli-woodcare-guide-1l-labipaistev\/#primaryimage\",\"url\":\"https:\/\/espak.ee\/epood\/wp-content\/uploads\/2025\/10\/1101515.jpg\",\"contentUrl\":\"https:\/\/espak.ee\/epood\/wp-content\/uploads\/2025\/10\/1101515.jpg\",\"width\":1000,\"height\":1000},{\"@type\":\"BreadcrumbList\",\"@id\":\"https:\/\/espak.ee\/epood\/toode\/parafiinoli-woodcare-guide-1l-labipaistev\/#breadcrumb\",\"itemListElement\":[{\"@type\":\"ListItem\",\"position\":1,\"name\":\"Home\",\"item\":\"https:\/\/espak.ee\/epood\/\"},{\"@type\":\"ListItem\",\"position\":2,\"name\":\"Tootevalik\",\"item\":\"https:\/\/espak.ee\/epood\/tootevalik\/\"},{\"@type\":\"ListItem\",\"position\":3,\"name\":\"PARAFIIN\u00d5LI WOODCARE GUIDE 1L L\u00c4BIPAISTEV\"}]},{\"@type\":\"WebSite\",\"@id\":\"https:\/\/espak.ee\/epood\/#website\",\"url\":\"https:\/\/espak.ee\/epood\/\",\"name\":\"Espak E-pood\",\"description\":\"\",\"potentialAction\":[{\"@type\":\"SearchAction\",\"target\":{\"@type\":\"EntryPoint\",\"urlTemplate\":\"https:\/\/espak.ee\/epood\/?s={search_term_string}\"},\"query-input\":{\"@type\":\"PropertyValueSpecification\",\"valueRequired\":true,\"valueName\":\"search_term_string\"}}],\"inLanguage\":\"et\"}]}<\/script>\n<!-- \/ Yoast SEO plugin. -->","yoast_head_json":{"title":"PARAFIIN\u00d5LI WOODCARE GUIDE 1L L\u00c4BIPAISTEV - Espak E-pood","robots":{"index":"index","follow":"follow","max-snippet":"max-snippet:-1","max-image-preview":"max-image-preview:large","max-video-preview":"max-video-preview:-1"},"canonical":"https:\/\/espak.ee\/epood\/toode\/parafiinoli-woodcare-guide-1l-labipaistev\/","og_locale":"et_EE","og_type":"article","og_title":"PARAFIIN\u00d5LI WOODCARE GUIDE 1L L\u00c4BIPAISTEV - Espak E-pood","og_url":"https:\/\/espak.ee\/epood\/toode\/parafiinoli-woodcare-guide-1l-labipaistev\/","og_site_name":"Espak E-pood","article_modified_time":"2026-03-21T07:37:36+00:00","og_image":[{"width":1000,"height":1000,"url":"https:\/\/espak.ee\/epood\/wp-content\/uploads\/2025\/10\/1101515.jpg","type":"image\/jpeg"}],"twitter_card":"summary_large_image","twitter_misc":{"Est. reading time":"1 minut"},"schema":{"@context":"https:\/\/schema.org","@graph":[{"@type":"WebPage","@id":"https:\/\/espak.ee\/epood\/toode\/parafiinoli-woodcare-guide-1l-labipaistev\/","url":"https:\/\/espak.ee\/epood\/toode\/parafiinoli-woodcare-guide-1l-labipaistev\/","name":"PARAFIIN\u00d5LI WOODCARE GUIDE 1L L\u00c4BIPAISTEV - Espak E-pood","isPartOf":{"@id":"https:\/\/espak.ee\/epood\/#website"},"primaryImageOfPage":{"@id":"https:\/\/espak.ee\/epood\/toode\/parafiinoli-woodcare-guide-1l-labipaistev\/#primaryimage"},"image":{"@id":"https:\/\/espak.ee\/epood\/toode\/parafiinoli-woodcare-guide-1l-labipaistev\/#primaryimage"},"thumbnailUrl":"https:\/\/espak.ee\/epood\/wp-content\/uploads\/2025\/10\/1101515.jpg","datePublished":"2025-10-04T02:10:02+00:00","dateModified":"2026-03-21T07:37:36+00:00","breadcrumb":{"@id":"https:\/\/espak.ee\/epood\/toode\/parafiinoli-woodcare-guide-1l-labipaistev\/#breadcrumb"},"inLanguage":"et","potentialAction":[{"@type":"ReadAction","target":["https:\/\/espak.ee\/epood\/toode\/parafiinoli-woodcare-guide-1l-labipaistev\/"]}]},{"@type":"ImageObject","inLanguage":"et","@id":"https:\/\/espak.ee\/epood\/toode\/parafiinoli-woodcare-guide-1l-labipaistev\/#primaryimage","url":"https:\/\/espak.ee\/epood\/wp-content\/uploads\/2025\/10\/1101515.jpg","contentUrl":"https:\/\/espak.ee\/epood\/wp-content\/uploads\/2025\/10\/1101515.jpg","width":1000,"height":1000},{"@type":"BreadcrumbList","@id":"https:\/\/espak.ee\/epood\/toode\/parafiinoli-woodcare-guide-1l-labipaistev\/#breadcrumb","itemListElement":[{"@type":"ListItem","position":1,"name":"Home","item":"https:\/\/espak.ee\/epood\/"},{"@type":"ListItem","position":2,"name":"Tootevalik","item":"https:\/\/espak.ee\/epood\/tootevalik\/"},{"@type":"ListItem","position":3,"name":"PARAFIIN\u00d5LI WOODCARE GUIDE 1L L\u00c4BIPAISTEV"}]},{"@type":"WebSite","@id":"https:\/\/espak.ee\/epood\/#website","url":"https:\/\/espak.ee\/epood\/","name":"Espak E-pood","description":"","potentialAction":[{"@type":"SearchAction","target":{"@type":"EntryPoint","urlTemplate":"https:\/\/espak.ee\/epood\/?s={search_term_string}"},"query-input":{"@type":"PropertyValueSpecification","valueRequired":true,"valueName":"search_term_string"}}],"inLanguage":"et"}]}},"_links":{"self":[{"href":"https:\/\/espak.ee\/epood\/wp-json\/wp\/v2\/product\/251561","targetHints":{"allow":["GET"]}}],"collection":[{"href":"https:\/\/espak.ee\/epood\/wp-json\/wp\/v2\/product"}],"about":[{"href":"https:\/\/espak.ee\/epood\/wp-json\/wp\/v2\/types\/product"}],"replies":[{"embeddable":true,"href":"https:\/\/espak.ee\/epood\/wp-json\/wp\/v2\/comments?post=251561"}],"wp:featuredmedia":[{"embeddable":true,"href":"https:\/\/espak.ee\/epood\/wp-json\/wp\/v2\/media\/251782"}],"wp:attachment":[{"href":"https:\/\/espak.ee\/epood\/wp-json\/wp\/v2\/media?parent=251561"}],"wp:term":[{"taxonomy":"product_brand","embeddable":true,"href":"https:\/\/espak.ee\/epood\/wp-json\/wp\/v2\/product_brand?post=251561"},{"taxonomy":"product_cat","embeddable":true,"href":"https:\/\/espak.ee\/epood\/wp-json\/wp\/v2\/product_cat?post=251561"},{"taxonomy":"product_tag","embeddable":true,"href":"https:\/\/espak.ee\/epood\/wp-json\/wp\/v2\/product_tag?post=251561"}],"curies":[{"name":"wp","href":"https:\/\/api.w.org\/{rel}","templated":true}]}}