{"id":250715,"date":"2025-09-25T05:05:01","date_gmt":"2025-09-25T02:05:01","guid":{"rendered":"https:\/\/espak.ee\/epood\/?post_type=product&#038;p=250715"},"modified":"2025-09-25T12:59:06","modified_gmt":"2025-09-25T09:59:06","slug":"muurisegu-weber-m100-600-hall-talvine-1000kg","status":"publish","type":"product","link":"https:\/\/espak.ee\/epood\/toode\/muurisegu-weber-m100-600-hall-talvine-1000kg\/","title":{"rendered":"M\u00dc\u00dcRISEGU WEBER M100\/600 HALL TALVINE 1000KG"},"content":{"rendered":"<div class=\"row\"  id=\"row-414583773\">\n\n\t<div id=\"col-1929794632\" class=\"col medium-9 small-12 large-9\"  >\n\t\t\t\t<div class=\"col-inner\"  >\n\t\t\t\n\t\t\t\n<h3>Talvine m\u00fc\u00fcrisegu weber M100\/600 1000kg<\/h3>\n<p>M\u00fc\u00fcrisegu weber M100\/600 talvine on ette n\u00e4htud plokkidest  ja tellistest m\u00fc\u00fcride ladumiseks talvistes tingimustes. Tegu on tehases valmistatud kuivseguga, millele tuleb ehitusobjektil lisada vaid vett.<\/p>\n<div class=\"message-box relative\" style=\"padding-top:15px;padding-bottom:15px;\"><div class=\"message-box-bg-image bg-fill fill\" ><\/div><div class=\"message-box-bg-overlay bg-fill fill\" ><\/div><div class=\"container relative\"><div class=\"inner last-reset\">\n<div class=\"row align-middle align-center\"  id=\"row-1421754707\">\n\n\t<div id=\"col-291320610\" class=\"col small-12 large-12\"  >\n\t\t\t\t<div class=\"col-inner text-left\"  >\n\t\t\t\n\t\t\t\n<h4>Omadused<\/h4>\n<div class=\"row\"  id=\"row-772669810\">\n\n\t<div id=\"col-1647444094\" class=\"col medium-6 small-12 large-6\"  >\n\t\t\t\t<div class=\"col-inner\"  >\n\t\t\t\n\t\t\t\n<p><i class=\"fa fa-check fa-2x\"><\/i> <strong>K\u00fclmakindel  <\/strong><\/p>\n<p><i class=\"fa fa-check fa-2x\"><\/i> <strong>Tugev<\/strong><\/p>\n<p><i class=\"fa fa-check fa-2x\"><\/i> <strong>Plastne <\/strong><\/p>\n<p><i class=\"fa fa-check fa-2x\"><\/i> <strong>Tiksotroopne<\/strong><\/p>\n\t\t<\/div>\n\t\t\t\t\n<style>\n#col-1647444094 > .col-inner {\n  margin: 0px 0px 15px 0px;\n}\n<\/style>\n\t<\/div>\n\n\t\n\n\t<div id=\"col-1654854566\" class=\"col medium-6 small-12 large-6\"  >\n\t\t\t\t<div class=\"col-inner\"  >\n\t\t\t\n\t\t\t\n<p><i class=\"fa fa-check fa-2x\"><\/i> <strong>Ilmastikukindel<\/strong><\/p>\n<p><i class=\"fa fa-check fa-2x\"><\/i> <strong>Lihtne paigaldada<\/strong><\/p>\n<p><i class=\"fa fa-check fa-2x\"><\/i> <strong>Kvaliteetne<\/strong><\/p>\n\t\t<\/div>\n\t\t\t\t\n<style>\n#col-1654854566 > .col-inner {\n  margin: 0px 0px 15px 0px;\n}\n<\/style>\n\t<\/div>\n\n\t\n<\/div>\n\t\t<\/div>\n\t\t\t\t\t<\/div>\n\n\t\n<\/div>\n<\/div><\/div><\/div>\n\t<div id=\"gap-1349981515\" class=\"gap-element clearfix\" style=\"display:block; height:auto;\">\n\t\t\n<style>\n#gap-1349981515 {\n  padding-top: 30px;\n}\n<\/style>\n\t<\/div>\n\t\n<p><strong>Kasutamine:<\/strong><br \/>\nKivid ja plokid peavad olema puhtad ega v\u00f5i olla j\u00e4\u00e4 v\u00f5i h\u00e4rmatisega kaetud. Enne m\u00fc\u00fcrit\u00f6\u00f6de algust ja ladumise ajal tuleb kaitsta k\u00f5iki ehitiseosi, mida m\u00fc\u00fcrit\u00f6\u00f6de ajal v\u00f5idakse kahjustada.<\/p>\n<p><strong>T\u00f6\u00f6juhised: <\/strong><br \/>\nWeber M100\/600 Talvine sobib m\u00fc\u00fcride ladumiseks talvistes oludes minimaalselt -10 \u00b0C ilmaga. Ladumise k\u00e4igus tuleb j\u00e4lgida, et paigaldatavad plokid, kivid vm m\u00fc\u00fcrimatejal ei oleks j\u00e4\u00e4 ega h\u00e4rmatisega kaetud. Kergplokkide ladumisel v\u00f5iks m\u00fc\u00fcrisegu keskmine kihipaksus vuugis olla 15 mm, v\u00e4iksemate kivide (silikaatkivi) ladumisel soovitatavalt mitte v\u00e4hem kui 10 mm. \u00d5hemate vuukide korral v\u00f5ib plokkide v\u00f5i kivide rihtimne keeruliseks osutuda. Liiga paksu vuugiga (>20 mm) ladumisel v\u00f5ivad v\u00e4rskelt laotud kivid vajuma hakata, mist\u00f5ttu m\u00fc\u00fcr ei pruugi j\u00e4\u00e4da sile. M\u00fc\u00fcrikive ei tohi p\u00e4rast nakkumist ja paikarihtimist enam liigutada. M\u00fc\u00fcri ajutised katkestused on soovitatav teha astmelised. Kivinemise k\u00e4igus v\u00f5ib m\u00fc\u00fcri pinnale tulla<br \/>\nsoolasid, mis muudab m\u00fc\u00fcri pealispinna valgeks. Seet\u00f5ttu ei ole soovitatav weber M100\/600 Talvine m\u00fc\u00fcrisegu kasutada fassaadikivide ladumisel, kus on oluline visuaalne v\u00e4ljan\u00e4gemine. M\u00e4rkus: weber talvisele m\u00fc\u00fcrisegule ei tohi t\u00e4iendavalt k\u00fclmumisvastaseid lisandeid lisada!<\/p>\n<p><strong>J\u00e4relhooldus: <\/strong><br \/>\nV\u00e4rskelt laotud m\u00fc\u00fcri kaitsta vihma, j\u00e4ite, lume, tugeva tuule jm ohustavate m\u00f5jude eest.\n<\/p>\n\t\t<\/div>\n\t\t\t\t\t<\/div>\n\n\t\n\n\t<div id=\"col-1441403349\" class=\"col medium-3 small-12 large-3\"  >\n\t\t\t\t<div class=\"col-inner\"  >\n\t\t\t\n\t\t\t\n\t<div id=\"gap-1157700959\" class=\"gap-element clearfix\" style=\"display:block; height:auto;\">\n\t\t\n<style>\n#gap-1157700959 {\n  padding-top: 30px;\n}\n<\/style>\n\t<\/div>\n\t\n<h3>Ohutuskaart<\/h3>\n<p><a href=\"https:\/\/espak.ee\/epood\/wp-content\/uploads\/2022\/02\/SDSXXP01000207_-_2_-_weber_M100_600_Talvine_-_EE.pdf\"target=\"_blank\" rel=\"noopener noreferrer\"><i class=\"far fa-file-pdf\"><\/i> Ohutuskaart (PDF)<\/a><\/p>\n<h3>DoP<\/h3>\n<p><a href=\"https:\/\/espak.ee\/epood\/wp-content\/uploads\/2022\/02\/DoP_M100_600_talvine.pdf\"target=\"_blank\" rel=\"noopener noreferrer\"><i class=\"far fa-file-pdf\"><\/i> DoP (PDF)<\/a><\/p>\n<h3>Tooteleht<\/h3>\n<p><a href=\"https:\/\/espak.ee\/epood\/wp-content\/uploads\/2022\/02\/weber-M100_600-Talvine.pdf\"target=\"_blank\" rel=\"noopener noreferrer\"><i class=\"far fa-file-pdf\"><\/i> Tooteleht (PDF)<\/a><\/p>\n<div class=\"is-divider divider clearfix\" ><\/div>\n<p><strong>\u00dcksikasjalikuma n\u00f5u saamiseks v\u00f5tke \u00fchendust:<br \/><\/strong>SAINT-GOBAIN EESTI AS<br \/>Peterburi tee 75<br \/>Tallinn, 11415<br \/>Telefon: +372 6209 510<\/p>\n<div class=\"is-divider divider clearfix\" ><\/div>\n\t\t<\/div>\n\t\t\t\t\t<\/div>\n\n\t\n<\/div>\n","protected":false},"excerpt":{"rendered":"","protected":false},"featured_media":250861,"comment_status":"closed","ping_status":"closed","template":"","meta":[],"product_brand":[],"product_cat":[2861,2698,2814,2697],"product_tag":[],"class_list":{"0":"post-250715","1":"product","2":"type-product","3":"status-publish","4":"has-post-thumbnail","6":"product_cat-muurisegud","7":"product_cat-pahtlid-ja-kuivsegud","8":"product_cat-tsementsegud","9":"product_cat-uldehitus","10":"pa_kaubamark-saint-gobain-ehitustooted-as","12":"first","13":"outofstock","14":"sale","15":"taxable","16":"shipping-taxable","17":"purchasable","18":"product-type-simple"},"yoast_head":"<!-- This site is optimized with the Yoast SEO plugin v26.9 - https:\/\/yoast.com\/product\/yoast-seo-wordpress\/ -->\n<title>M\u00dc\u00dcRISEGU WEBER M100\/600 HALL TALVINE 1000KG - Espak E-pood<\/title>\n<meta name=\"robots\" content=\"index, follow, max-snippet:-1, max-image-preview:large, max-video-preview:-1\" \/>\n<link rel=\"canonical\" href=\"https:\/\/espak.ee\/epood\/toode\/muurisegu-weber-m100-600-hall-talvine-1000kg\/\" \/>\n<meta property=\"og:locale\" content=\"et_EE\" \/>\n<meta property=\"og:type\" content=\"article\" \/>\n<meta property=\"og:title\" content=\"M\u00dc\u00dcRISEGU WEBER M100\/600 HALL TALVINE 1000KG - Espak E-pood\" \/>\n<meta property=\"og:url\" content=\"https:\/\/espak.ee\/epood\/toode\/muurisegu-weber-m100-600-hall-talvine-1000kg\/\" \/>\n<meta property=\"og:site_name\" content=\"Espak E-pood\" \/>\n<meta property=\"article:modified_time\" content=\"2025-09-25T09:59:06+00:00\" \/>\n<meta property=\"og:image\" content=\"https:\/\/espak.ee\/epood\/wp-content\/uploads\/2025\/09\/weber-M100_600-1000-kg_3-we-care.jpg\" \/>\n\t<meta property=\"og:image:width\" content=\"1000\" \/>\n\t<meta property=\"og:image:height\" content=\"1000\" \/>\n\t<meta property=\"og:image:type\" content=\"image\/jpeg\" \/>\n<meta name=\"twitter:card\" content=\"summary_large_image\" \/>\n<meta name=\"twitter:label1\" content=\"Est. reading time\" \/>\n\t<meta name=\"twitter:data1\" content=\"2 minutit\" \/>\n<script type=\"application\/ld+json\" class=\"yoast-schema-graph\">{\"@context\":\"https:\/\/schema.org\",\"@graph\":[{\"@type\":\"WebPage\",\"@id\":\"https:\/\/espak.ee\/epood\/toode\/muurisegu-weber-m100-600-hall-talvine-1000kg\/\",\"url\":\"https:\/\/espak.ee\/epood\/toode\/muurisegu-weber-m100-600-hall-talvine-1000kg\/\",\"name\":\"M\u00dc\u00dcRISEGU WEBER M100\/600 HALL TALVINE 1000KG - Espak E-pood\",\"isPartOf\":{\"@id\":\"https:\/\/espak.ee\/epood\/#website\"},\"primaryImageOfPage\":{\"@id\":\"https:\/\/espak.ee\/epood\/toode\/muurisegu-weber-m100-600-hall-talvine-1000kg\/#primaryimage\"},\"image\":{\"@id\":\"https:\/\/espak.ee\/epood\/toode\/muurisegu-weber-m100-600-hall-talvine-1000kg\/#primaryimage\"},\"thumbnailUrl\":\"https:\/\/espak.ee\/epood\/wp-content\/uploads\/2025\/09\/weber-M100_600-1000-kg_3-we-care.jpg\",\"datePublished\":\"2025-09-25T02:05:01+00:00\",\"dateModified\":\"2025-09-25T09:59:06+00:00\",\"breadcrumb\":{\"@id\":\"https:\/\/espak.ee\/epood\/toode\/muurisegu-weber-m100-600-hall-talvine-1000kg\/#breadcrumb\"},\"inLanguage\":\"et\",\"potentialAction\":[{\"@type\":\"ReadAction\",\"target\":[\"https:\/\/espak.ee\/epood\/toode\/muurisegu-weber-m100-600-hall-talvine-1000kg\/\"]}]},{\"@type\":\"ImageObject\",\"inLanguage\":\"et\",\"@id\":\"https:\/\/espak.ee\/epood\/toode\/muurisegu-weber-m100-600-hall-talvine-1000kg\/#primaryimage\",\"url\":\"https:\/\/espak.ee\/epood\/wp-content\/uploads\/2025\/09\/weber-M100_600-1000-kg_3-we-care.jpg\",\"contentUrl\":\"https:\/\/espak.ee\/epood\/wp-content\/uploads\/2025\/09\/weber-M100_600-1000-kg_3-we-care.jpg\",\"width\":1000,\"height\":1000},{\"@type\":\"BreadcrumbList\",\"@id\":\"https:\/\/espak.ee\/epood\/toode\/muurisegu-weber-m100-600-hall-talvine-1000kg\/#breadcrumb\",\"itemListElement\":[{\"@type\":\"ListItem\",\"position\":1,\"name\":\"Home\",\"item\":\"https:\/\/espak.ee\/epood\/\"},{\"@type\":\"ListItem\",\"position\":2,\"name\":\"Tootevalik\",\"item\":\"https:\/\/espak.ee\/epood\/tootevalik\/\"},{\"@type\":\"ListItem\",\"position\":3,\"name\":\"M\u00dc\u00dcRISEGU WEBER M100\/600 HALL TALVINE 1000KG\"}]},{\"@type\":\"WebSite\",\"@id\":\"https:\/\/espak.ee\/epood\/#website\",\"url\":\"https:\/\/espak.ee\/epood\/\",\"name\":\"Espak E-pood\",\"description\":\"\",\"potentialAction\":[{\"@type\":\"SearchAction\",\"target\":{\"@type\":\"EntryPoint\",\"urlTemplate\":\"https:\/\/espak.ee\/epood\/?s={search_term_string}\"},\"query-input\":{\"@type\":\"PropertyValueSpecification\",\"valueRequired\":true,\"valueName\":\"search_term_string\"}}],\"inLanguage\":\"et\"}]}<\/script>\n<!-- \/ Yoast SEO plugin. -->","yoast_head_json":{"title":"M\u00dc\u00dcRISEGU WEBER M100\/600 HALL TALVINE 1000KG - Espak E-pood","robots":{"index":"index","follow":"follow","max-snippet":"max-snippet:-1","max-image-preview":"max-image-preview:large","max-video-preview":"max-video-preview:-1"},"canonical":"https:\/\/espak.ee\/epood\/toode\/muurisegu-weber-m100-600-hall-talvine-1000kg\/","og_locale":"et_EE","og_type":"article","og_title":"M\u00dc\u00dcRISEGU WEBER M100\/600 HALL TALVINE 1000KG - Espak E-pood","og_url":"https:\/\/espak.ee\/epood\/toode\/muurisegu-weber-m100-600-hall-talvine-1000kg\/","og_site_name":"Espak E-pood","article_modified_time":"2025-09-25T09:59:06+00:00","og_image":[{"width":1000,"height":1000,"url":"https:\/\/espak.ee\/epood\/wp-content\/uploads\/2025\/09\/weber-M100_600-1000-kg_3-we-care.jpg","type":"image\/jpeg"}],"twitter_card":"summary_large_image","twitter_misc":{"Est. reading time":"2 minutit"},"schema":{"@context":"https:\/\/schema.org","@graph":[{"@type":"WebPage","@id":"https:\/\/espak.ee\/epood\/toode\/muurisegu-weber-m100-600-hall-talvine-1000kg\/","url":"https:\/\/espak.ee\/epood\/toode\/muurisegu-weber-m100-600-hall-talvine-1000kg\/","name":"M\u00dc\u00dcRISEGU WEBER M100\/600 HALL TALVINE 1000KG - Espak E-pood","isPartOf":{"@id":"https:\/\/espak.ee\/epood\/#website"},"primaryImageOfPage":{"@id":"https:\/\/espak.ee\/epood\/toode\/muurisegu-weber-m100-600-hall-talvine-1000kg\/#primaryimage"},"image":{"@id":"https:\/\/espak.ee\/epood\/toode\/muurisegu-weber-m100-600-hall-talvine-1000kg\/#primaryimage"},"thumbnailUrl":"https:\/\/espak.ee\/epood\/wp-content\/uploads\/2025\/09\/weber-M100_600-1000-kg_3-we-care.jpg","datePublished":"2025-09-25T02:05:01+00:00","dateModified":"2025-09-25T09:59:06+00:00","breadcrumb":{"@id":"https:\/\/espak.ee\/epood\/toode\/muurisegu-weber-m100-600-hall-talvine-1000kg\/#breadcrumb"},"inLanguage":"et","potentialAction":[{"@type":"ReadAction","target":["https:\/\/espak.ee\/epood\/toode\/muurisegu-weber-m100-600-hall-talvine-1000kg\/"]}]},{"@type":"ImageObject","inLanguage":"et","@id":"https:\/\/espak.ee\/epood\/toode\/muurisegu-weber-m100-600-hall-talvine-1000kg\/#primaryimage","url":"https:\/\/espak.ee\/epood\/wp-content\/uploads\/2025\/09\/weber-M100_600-1000-kg_3-we-care.jpg","contentUrl":"https:\/\/espak.ee\/epood\/wp-content\/uploads\/2025\/09\/weber-M100_600-1000-kg_3-we-care.jpg","width":1000,"height":1000},{"@type":"BreadcrumbList","@id":"https:\/\/espak.ee\/epood\/toode\/muurisegu-weber-m100-600-hall-talvine-1000kg\/#breadcrumb","itemListElement":[{"@type":"ListItem","position":1,"name":"Home","item":"https:\/\/espak.ee\/epood\/"},{"@type":"ListItem","position":2,"name":"Tootevalik","item":"https:\/\/espak.ee\/epood\/tootevalik\/"},{"@type":"ListItem","position":3,"name":"M\u00dc\u00dcRISEGU WEBER M100\/600 HALL TALVINE 1000KG"}]},{"@type":"WebSite","@id":"https:\/\/espak.ee\/epood\/#website","url":"https:\/\/espak.ee\/epood\/","name":"Espak E-pood","description":"","potentialAction":[{"@type":"SearchAction","target":{"@type":"EntryPoint","urlTemplate":"https:\/\/espak.ee\/epood\/?s={search_term_string}"},"query-input":{"@type":"PropertyValueSpecification","valueRequired":true,"valueName":"search_term_string"}}],"inLanguage":"et"}]}},"_links":{"self":[{"href":"https:\/\/espak.ee\/epood\/wp-json\/wp\/v2\/product\/250715","targetHints":{"allow":["GET"]}}],"collection":[{"href":"https:\/\/espak.ee\/epood\/wp-json\/wp\/v2\/product"}],"about":[{"href":"https:\/\/espak.ee\/epood\/wp-json\/wp\/v2\/types\/product"}],"replies":[{"embeddable":true,"href":"https:\/\/espak.ee\/epood\/wp-json\/wp\/v2\/comments?post=250715"}],"wp:featuredmedia":[{"embeddable":true,"href":"https:\/\/espak.ee\/epood\/wp-json\/wp\/v2\/media\/250861"}],"wp:attachment":[{"href":"https:\/\/espak.ee\/epood\/wp-json\/wp\/v2\/media?parent=250715"}],"wp:term":[{"taxonomy":"product_brand","embeddable":true,"href":"https:\/\/espak.ee\/epood\/wp-json\/wp\/v2\/product_brand?post=250715"},{"taxonomy":"product_cat","embeddable":true,"href":"https:\/\/espak.ee\/epood\/wp-json\/wp\/v2\/product_cat?post=250715"},{"taxonomy":"product_tag","embeddable":true,"href":"https:\/\/espak.ee\/epood\/wp-json\/wp\/v2\/product_tag?post=250715"}],"curies":[{"name":"wp","href":"https:\/\/api.w.org\/{rel}","templated":true}]}}