{"id":250023,"date":"2025-09-17T05:05:47","date_gmt":"2025-09-17T02:05:47","guid":{"rendered":"https:\/\/espak.ee\/epood\/?post_type=product&#038;p=250023"},"modified":"2025-09-17T09:42:48","modified_gmt":"2025-09-17T06:42:48","slug":"turvasaapad-wortex-venom-high-s3s-40","status":"publish","type":"product","link":"https:\/\/espak.ee\/epood\/toode\/turvasaapad-wortex-venom-high-s3s-40\/","title":{"rendered":"TURVASAAPAD WORTEX VENOM HIGH S3S 40"},"content":{"rendered":"<div class=\"row\"  id=\"row-689904686\">\n\n\t<div id=\"col-893736670\" class=\"col medium-9 small-12 large-9\"  >\n\t\t\t\t<div class=\"col-inner\"  >\n\t\t\t\n\t\t\t\n<h2>WORTEX VENOM HIGH turvasaapad S3S nr.40<\/h2>\n<p>WORTEX VENOM HIGH turvasaapad S3S, SRC. Mugavad ja kerged turvajalan\u00f5ud on varustatud metallivaba komposiidist varvastekaitse ja kevlarist naelat\u00f5kkega. Jalan\u00f5ud on vetth\u00fclgavad.  T\u00f6\u00f6jalan\u00f5udel on mikrokiust pealismaterjal ja nina on kaetud TPU membraaniga, mis suurendab kulumiskindlust. Turvajalatsitel on \u00f5li- ja libisemiskindel v\u00e4listald ning kvaliteetne FITGO kiirkinnitus, mis asendab kingapaelu ja toimib turvalise kiirkinnitusena. Kvaliteetsed VENOM HIGH turvasaapad sobivad kandmiseks aastaringselt.<\/p>\n<p><strong>NB! Soovitame valida number suurema mudeli!<\/strong><\/p>\n<p>> Varvastekaitse \u2013 Komposiit<br \/>\n> Naelat\u00f5ke \u2013 Kevlar<br \/>\n> Pealismaterjal \u2013 Mikrokiud, nina on kaetud TPU membraaniga<br \/>\n> Vooder \u2013 V\u00f5rkkangas<br \/>\n> V\u00e4listald \u2013 Kahekihiline PU\/PU<br \/>\n> Kinnitus \u2013 FITGO kiirkinnitus<br \/>\n> A \u2013 Antistaatilised omadused<br \/>\n> E \u2013 Energiat absorbeeriv kannaosa<br \/>\n> FO \u2013 \u00d5likindel v\u00e4listald<br \/>\n> SRC (SRA + SRB) \u2013 Libisemiskindel v\u00e4listald naatriumlaur\u00fc\u00fclsulfaadiga libestatud keraamilisel plaadil ja gl\u00fctserooliga libestatud metallp\u00f5randal<\/p>\n<p><strong>Standardid: <\/strong><br \/>\nEN ISO 20345: 2022 turvajalatsi professionaalse kasutamise standard.<\/p>\n\t\t<\/div>\n\t\t\t\t\t<\/div>\n\n\t\n\n\t<div id=\"col-1300890762\" class=\"col medium-3 small-12 large-3\"  >\n\t\t\t\t<div class=\"col-inner\"  >\n\t\t\t\n\t\t\t\n\t<div id=\"gap-1233572063\" class=\"gap-element clearfix\" style=\"display:block; height:auto;\">\n\t\t\n<style>\n#gap-1233572063 {\n  padding-top: 30px;\n}\n<\/style>\n\t<\/div>\n\t\n<div class=\"is-divider divider clearfix\" ><\/div>\n<p><strong>\u00dcksikasjalikuma n\u00f5u saamiseks v\u00f5tke \u00fchendust:<br \/><\/strong>Becky AS<br \/>Laki 30A \/ Kadaka tee 129<br \/>12915<br \/>Tallinn<br \/>+372 670 6880<\/p>\n<div class=\"is-divider divider clearfix\" ><\/div>\n\t\t<\/div>\n\t\t\t\t\t<\/div>\n\n\t\n<\/div>\n","protected":false},"excerpt":{"rendered":"","protected":false},"featured_media":250083,"comment_status":"closed","ping_status":"closed","template":"","meta":[],"product_brand":[],"product_cat":[2788,3031,4636,2972],"product_tag":[],"class_list":{"0":"post-250023","1":"product","2":"type-product","3":"status-publish","4":"has-post-thumbnail","6":"product_cat-aiatarbed-ja-kodukaubad","7":"product_cat-jalanoud","8":"product_cat-talvesaapad","9":"product_cat-tookaitsevahendid","10":"pa_kaubamark-becky-as","12":"first","13":"instock","14":"sale","15":"taxable","16":"shipping-taxable","17":"purchasable","18":"product-type-simple"},"yoast_head":"<!-- This site is optimized with the Yoast SEO plugin v26.9 - https:\/\/yoast.com\/product\/yoast-seo-wordpress\/ -->\n<title>TURVASAAPAD WORTEX VENOM HIGH S3S 40 - Espak E-pood<\/title>\n<meta name=\"robots\" content=\"index, follow, max-snippet:-1, max-image-preview:large, max-video-preview:-1\" \/>\n<link rel=\"canonical\" href=\"https:\/\/espak.ee\/epood\/toode\/turvasaapad-wortex-venom-high-s3s-40\/\" \/>\n<meta property=\"og:locale\" content=\"et_EE\" \/>\n<meta property=\"og:type\" content=\"article\" \/>\n<meta property=\"og:title\" content=\"TURVASAAPAD WORTEX VENOM HIGH S3S 40 - Espak E-pood\" \/>\n<meta property=\"og:url\" content=\"https:\/\/espak.ee\/epood\/toode\/turvasaapad-wortex-venom-high-s3s-40\/\" \/>\n<meta property=\"og:site_name\" content=\"Espak E-pood\" \/>\n<meta property=\"article:modified_time\" content=\"2025-09-17T06:42:48+00:00\" \/>\n<meta property=\"og:image\" content=\"https:\/\/espak.ee\/epood\/wp-content\/uploads\/2025\/09\/WORTEX-VENOM-HIGH-turvasaapad-S3S.jpg\" \/>\n\t<meta property=\"og:image:width\" content=\"1024\" \/>\n\t<meta property=\"og:image:height\" content=\"1024\" \/>\n\t<meta property=\"og:image:type\" content=\"image\/jpeg\" \/>\n<meta name=\"twitter:card\" content=\"summary_large_image\" \/>\n<meta name=\"twitter:label1\" content=\"Est. reading time\" \/>\n\t<meta name=\"twitter:data1\" content=\"1 minut\" \/>\n<script type=\"application\/ld+json\" class=\"yoast-schema-graph\">{\"@context\":\"https:\/\/schema.org\",\"@graph\":[{\"@type\":\"WebPage\",\"@id\":\"https:\/\/espak.ee\/epood\/toode\/turvasaapad-wortex-venom-high-s3s-40\/\",\"url\":\"https:\/\/espak.ee\/epood\/toode\/turvasaapad-wortex-venom-high-s3s-40\/\",\"name\":\"TURVASAAPAD WORTEX VENOM HIGH S3S 40 - Espak E-pood\",\"isPartOf\":{\"@id\":\"https:\/\/espak.ee\/epood\/#website\"},\"primaryImageOfPage\":{\"@id\":\"https:\/\/espak.ee\/epood\/toode\/turvasaapad-wortex-venom-high-s3s-40\/#primaryimage\"},\"image\":{\"@id\":\"https:\/\/espak.ee\/epood\/toode\/turvasaapad-wortex-venom-high-s3s-40\/#primaryimage\"},\"thumbnailUrl\":\"https:\/\/espak.ee\/epood\/wp-content\/uploads\/2025\/09\/WORTEX-VENOM-HIGH-turvasaapad-S3S.jpg\",\"datePublished\":\"2025-09-17T02:05:47+00:00\",\"dateModified\":\"2025-09-17T06:42:48+00:00\",\"breadcrumb\":{\"@id\":\"https:\/\/espak.ee\/epood\/toode\/turvasaapad-wortex-venom-high-s3s-40\/#breadcrumb\"},\"inLanguage\":\"et\",\"potentialAction\":[{\"@type\":\"ReadAction\",\"target\":[\"https:\/\/espak.ee\/epood\/toode\/turvasaapad-wortex-venom-high-s3s-40\/\"]}]},{\"@type\":\"ImageObject\",\"inLanguage\":\"et\",\"@id\":\"https:\/\/espak.ee\/epood\/toode\/turvasaapad-wortex-venom-high-s3s-40\/#primaryimage\",\"url\":\"https:\/\/espak.ee\/epood\/wp-content\/uploads\/2025\/09\/WORTEX-VENOM-HIGH-turvasaapad-S3S.jpg\",\"contentUrl\":\"https:\/\/espak.ee\/epood\/wp-content\/uploads\/2025\/09\/WORTEX-VENOM-HIGH-turvasaapad-S3S.jpg\",\"width\":1024,\"height\":1024},{\"@type\":\"BreadcrumbList\",\"@id\":\"https:\/\/espak.ee\/epood\/toode\/turvasaapad-wortex-venom-high-s3s-40\/#breadcrumb\",\"itemListElement\":[{\"@type\":\"ListItem\",\"position\":1,\"name\":\"Home\",\"item\":\"https:\/\/espak.ee\/epood\/\"},{\"@type\":\"ListItem\",\"position\":2,\"name\":\"Tootevalik\",\"item\":\"https:\/\/espak.ee\/epood\/tootevalik\/\"},{\"@type\":\"ListItem\",\"position\":3,\"name\":\"TURVASAAPAD WORTEX VENOM HIGH S3S 40\"}]},{\"@type\":\"WebSite\",\"@id\":\"https:\/\/espak.ee\/epood\/#website\",\"url\":\"https:\/\/espak.ee\/epood\/\",\"name\":\"Espak E-pood\",\"description\":\"\",\"potentialAction\":[{\"@type\":\"SearchAction\",\"target\":{\"@type\":\"EntryPoint\",\"urlTemplate\":\"https:\/\/espak.ee\/epood\/?s={search_term_string}\"},\"query-input\":{\"@type\":\"PropertyValueSpecification\",\"valueRequired\":true,\"valueName\":\"search_term_string\"}}],\"inLanguage\":\"et\"}]}<\/script>\n<!-- \/ Yoast SEO plugin. -->","yoast_head_json":{"title":"TURVASAAPAD WORTEX VENOM HIGH S3S 40 - Espak E-pood","robots":{"index":"index","follow":"follow","max-snippet":"max-snippet:-1","max-image-preview":"max-image-preview:large","max-video-preview":"max-video-preview:-1"},"canonical":"https:\/\/espak.ee\/epood\/toode\/turvasaapad-wortex-venom-high-s3s-40\/","og_locale":"et_EE","og_type":"article","og_title":"TURVASAAPAD WORTEX VENOM HIGH S3S 40 - Espak E-pood","og_url":"https:\/\/espak.ee\/epood\/toode\/turvasaapad-wortex-venom-high-s3s-40\/","og_site_name":"Espak E-pood","article_modified_time":"2025-09-17T06:42:48+00:00","og_image":[{"width":1024,"height":1024,"url":"https:\/\/espak.ee\/epood\/wp-content\/uploads\/2025\/09\/WORTEX-VENOM-HIGH-turvasaapad-S3S.jpg","type":"image\/jpeg"}],"twitter_card":"summary_large_image","twitter_misc":{"Est. reading time":"1 minut"},"schema":{"@context":"https:\/\/schema.org","@graph":[{"@type":"WebPage","@id":"https:\/\/espak.ee\/epood\/toode\/turvasaapad-wortex-venom-high-s3s-40\/","url":"https:\/\/espak.ee\/epood\/toode\/turvasaapad-wortex-venom-high-s3s-40\/","name":"TURVASAAPAD WORTEX VENOM HIGH S3S 40 - Espak E-pood","isPartOf":{"@id":"https:\/\/espak.ee\/epood\/#website"},"primaryImageOfPage":{"@id":"https:\/\/espak.ee\/epood\/toode\/turvasaapad-wortex-venom-high-s3s-40\/#primaryimage"},"image":{"@id":"https:\/\/espak.ee\/epood\/toode\/turvasaapad-wortex-venom-high-s3s-40\/#primaryimage"},"thumbnailUrl":"https:\/\/espak.ee\/epood\/wp-content\/uploads\/2025\/09\/WORTEX-VENOM-HIGH-turvasaapad-S3S.jpg","datePublished":"2025-09-17T02:05:47+00:00","dateModified":"2025-09-17T06:42:48+00:00","breadcrumb":{"@id":"https:\/\/espak.ee\/epood\/toode\/turvasaapad-wortex-venom-high-s3s-40\/#breadcrumb"},"inLanguage":"et","potentialAction":[{"@type":"ReadAction","target":["https:\/\/espak.ee\/epood\/toode\/turvasaapad-wortex-venom-high-s3s-40\/"]}]},{"@type":"ImageObject","inLanguage":"et","@id":"https:\/\/espak.ee\/epood\/toode\/turvasaapad-wortex-venom-high-s3s-40\/#primaryimage","url":"https:\/\/espak.ee\/epood\/wp-content\/uploads\/2025\/09\/WORTEX-VENOM-HIGH-turvasaapad-S3S.jpg","contentUrl":"https:\/\/espak.ee\/epood\/wp-content\/uploads\/2025\/09\/WORTEX-VENOM-HIGH-turvasaapad-S3S.jpg","width":1024,"height":1024},{"@type":"BreadcrumbList","@id":"https:\/\/espak.ee\/epood\/toode\/turvasaapad-wortex-venom-high-s3s-40\/#breadcrumb","itemListElement":[{"@type":"ListItem","position":1,"name":"Home","item":"https:\/\/espak.ee\/epood\/"},{"@type":"ListItem","position":2,"name":"Tootevalik","item":"https:\/\/espak.ee\/epood\/tootevalik\/"},{"@type":"ListItem","position":3,"name":"TURVASAAPAD WORTEX VENOM HIGH S3S 40"}]},{"@type":"WebSite","@id":"https:\/\/espak.ee\/epood\/#website","url":"https:\/\/espak.ee\/epood\/","name":"Espak E-pood","description":"","potentialAction":[{"@type":"SearchAction","target":{"@type":"EntryPoint","urlTemplate":"https:\/\/espak.ee\/epood\/?s={search_term_string}"},"query-input":{"@type":"PropertyValueSpecification","valueRequired":true,"valueName":"search_term_string"}}],"inLanguage":"et"}]}},"_links":{"self":[{"href":"https:\/\/espak.ee\/epood\/wp-json\/wp\/v2\/product\/250023","targetHints":{"allow":["GET"]}}],"collection":[{"href":"https:\/\/espak.ee\/epood\/wp-json\/wp\/v2\/product"}],"about":[{"href":"https:\/\/espak.ee\/epood\/wp-json\/wp\/v2\/types\/product"}],"replies":[{"embeddable":true,"href":"https:\/\/espak.ee\/epood\/wp-json\/wp\/v2\/comments?post=250023"}],"wp:featuredmedia":[{"embeddable":true,"href":"https:\/\/espak.ee\/epood\/wp-json\/wp\/v2\/media\/250083"}],"wp:attachment":[{"href":"https:\/\/espak.ee\/epood\/wp-json\/wp\/v2\/media?parent=250023"}],"wp:term":[{"taxonomy":"product_brand","embeddable":true,"href":"https:\/\/espak.ee\/epood\/wp-json\/wp\/v2\/product_brand?post=250023"},{"taxonomy":"product_cat","embeddable":true,"href":"https:\/\/espak.ee\/epood\/wp-json\/wp\/v2\/product_cat?post=250023"},{"taxonomy":"product_tag","embeddable":true,"href":"https:\/\/espak.ee\/epood\/wp-json\/wp\/v2\/product_tag?post=250023"}],"curies":[{"name":"wp","href":"https:\/\/api.w.org\/{rel}","templated":true}]}}