{"id":248388,"date":"2025-09-02T05:05:45","date_gmt":"2025-09-02T02:05:45","guid":{"rendered":"https:\/\/espak.ee\/epood\/?post_type=product&#038;p=248388"},"modified":"2025-09-02T10:57:08","modified_gmt":"2025-09-02T07:57:08","slug":"tsementlaastplaat-tempsi-base-812503350mm","status":"publish","type":"product","link":"https:\/\/espak.ee\/epood\/toode\/tsementlaastplaat-tempsi-base-812503350mm\/","title":{"rendered":"TSEMENTLAASTPLAAT TEMPSI BASE 8*1250*3350MM"},"content":{"rendered":"<div class=\"row\"  id=\"row-2027744016\">\n\n\t<div id=\"col-41219777\" class=\"col medium-9 small-12 large-9\"  >\n\t\t\t\t<div class=\"col-inner\"  >\n\t\t\t\n\t\t\t\n<h3>Tsementlaastplaat Tempsi Base 8*1250*3350mm<\/h3>\n<p>Tempsi Base on sileda ja loomuliku tsementhalli pinnaga tsementlaastplaadid. Need valmistatakse puitlaastude (63%), portlandtsemendi (25%), vee (10%) ja h\u00fcdratsioonilisandite (2%) segu kokkupressimise teel.<br \/>\nCetrise plaatides on \u00fchendatud tsemendi ja puidu head omadused. Need on kergemad kui tavalised tsementkiudplaadid ning tugevuse ja vastupidavuse poolest ilmaolude, k\u00fclma ja hallituse suhtes on need tsementlaast- ja kipsplaatidest paremad.<br \/>\nNeed on tulekindlad ja tagavad heliisolatsiooni.<\/p>\n<div class=\"message-box relative\" style=\"padding-top:15px;padding-bottom:15px;\"><div class=\"message-box-bg-image bg-fill fill\" ><\/div><div class=\"message-box-bg-overlay bg-fill fill\" ><\/div><div class=\"container relative\"><div class=\"inner last-reset\">\n<div class=\"row align-middle align-center\"  id=\"row-284101621\">\n\n\t<div id=\"col-1356524557\" class=\"col small-12 large-12\"  >\n\t\t\t\t<div class=\"col-inner text-left\"  >\n\t\t\t\n\t\t\t\n<h4>Omadused<\/h4>\n<div class=\"row\"  id=\"row-345984917\">\n\n\t<div id=\"col-1718536042\" class=\"col medium-6 small-12 large-6\"  >\n\t\t\t\t<div class=\"col-inner\"  >\n\t\t\t\n\t\t\t\n<p><i class=\"fa fa-check fa-2x\"><\/i> <strong> Tulep\u00fcsiv \u2013 Euroopa standardi EN 13 501-1 kohase tulep\u00fcsivuse ja -tundlikkuse j\u00e4rgi on plaatide klassifikatsioon A2-s1, d0 \u2013 mittes\u00fcttiv<\/strong><\/p>\n<p><i class=\"fa fa-check fa-2x\"><\/i> <strong> Keskkonnas\u00e4\u00e4stlik, \u00f6koloogiline. Plaadid ei sisalda ohtlikke aineid, n\u00e4iteks asbesti ja formaldeh\u00fc\u00fcdi, ning on vastupidavad bensiini ja \u00f5lide suhtes<\/strong><\/p>\n<p><i class=\"fa fa-check fa-2x\"><\/i> <strong> K\u00fclmakindel \u2013 katsetatud edukalt 100 k\u00fclmumis-sulamists\u00fckli v\u00e4ltel koosk\u00f5las standardiga CSN EN 1328<\/strong><\/p>\n<p><i class=\"fa fa-check fa-2x\"><\/i> <strong> Ilmastikukindel \u2013 t\u00e4nu suurep\u00e4rasele niiskuskindlusele parim materjal m\u00e4rgruumidesse ja ilmastikule avatud v\u00e4lisruumidesse<\/strong><\/p>\n\t\t<\/div>\n\t\t\t\t\n<style>\n#col-1718536042 > .col-inner {\n  margin: 0px 0px 15px 0px;\n}\n<\/style>\n\t<\/div>\n\n\t\n\n\t<div id=\"col-1740216639\" class=\"col medium-6 small-12 large-6\"  >\n\t\t\t\t<div class=\"col-inner\"  >\n\t\t\t\n\t\t\t\n<p><i class=\"fa fa-check fa-2x\"><\/i> <strong> H\u00fcgieeniline, l\u00f5hnatu ega sisalda ohtlikke aineid<\/strong><\/p>\n<p><i class=\"fa fa-check fa-2x\"><\/i> <strong> T\u00e4iuslik m\u00fcrat\u00f5ke \u2013 tagab heliisolatsiooni (heli \u00fclekandumine v\u00e4heneb 30\u201335 dB)<\/strong><\/p>\n<p><i class=\"fa fa-check fa-2x\"><\/i> <strong> Seente- ja hallituskindel \u2013 t\u00e4nu plaadi niiskuskindlusele ei teki plaadi pinnale hallitust<\/strong><\/p>\n<p><i class=\"fa fa-check fa-2x\"><\/i> <strong> T\u00e4nu tsemendisisaldusele on t\u00e4iesti putukakindel<\/strong><\/p>\n<p><i class=\"fa fa-check fa-2x\"><\/i> <strong> Plaate saab t\u00f6\u00f6delda tavaliste puidut\u00f6\u00f6riistadega<\/strong><\/p>\n\t\t<\/div>\n\t\t\t\t\n<style>\n#col-1740216639 > .col-inner {\n  margin: 0px 0px 15px 0px;\n}\n<\/style>\n\t<\/div>\n\n\t\n<\/div>\n\t\t<\/div>\n\t\t\t\t\t<\/div>\n\n\t\n<\/div>\n<\/div><\/div><\/div>\n\t<div id=\"gap-1602234466\" class=\"gap-element clearfix\" style=\"display:block; height:auto;\">\n\t\t\n<style>\n#gap-1602234466 {\n  padding-top: 30px;\n}\n<\/style>\n\t<\/div>\n\t\n<h3>Kasutamise \u00fcksikasjad<\/h3>\n<p><strong>Rakendusala:<\/strong><br \/>\nTempsi Base plaadid on suurep\u00e4raste omadustega ehitusmaterjal, peamiselt konstruktsioonimaterjalina:<br \/>\n&#8211; p\u00f5randas\u00fcsteemid, seinad, laed ja soklid;<br \/>\n&#8211; katused, p\u00f6\u00f6ningute kohandamine, p\u00f6\u00f6ningu pealisehitised;<br \/>\n&#8211; tulekaitse;<br \/>\n&#8211; \u00fchekordselt kasutatavad raketises\u00fcsteemid, lifti\u0161ahtid.<\/p>\n<p>Sobib ideaalselt ka:<br \/>\n&#8211; ventileeritavatele fassaadidele ja r\u00f5dudele;<br \/>\n&#8211; juhul kui samal ajal on n\u00f5utav niiskuskindlus, tugevus, tulep\u00fcsivus, \u00f6koloogiline ja h\u00fcgieeniline ohutus.<\/p>\n<p><strong>Paigaldamine:<\/strong><br \/>\nSaab t\u00f6\u00f6delda k\u00f5igi \u00fcldkasutatavate puidut\u00f6\u00f6tlusmasinatega. Plaatide professionaalseks t\u00f6\u00f6tlemiseks on vaja volframkarbiidotsaga t\u00f6\u00f6riistu. Plaate saab l\u00f5igata, puurida, freesida ja lihvida. Plaadid saab kinnitada konstruktsiooni k\u00fclge kruvide v\u00f5i neetidega. Teise v\u00f5imalusena v\u00f5ib Cetrise plaadid kinnitada kandekonstruktsiooni k\u00fclge liimi v\u00f5i klambritega. M\u00f5lemat meetodit kasutatakse eelk\u00f5ige plaatide kinnitamiseks ventileeritavatele rippfassaadidele.<\/p>\n<p><strong>Transport ja ladustamine:<\/strong> Transpordi ja ladustamise ajal tuleb plaate kaitsta niiskuse ja mustuse ning m\u00f5lkide ja kriimustuste tekkimise eest. Plaatide katmisel vetth\u00fclgava materjaliga (nt kilega) tuleb tagada plaatide piisav tuulutus.<\/p>\n<p>Tempsi base plaadid paigaldatakse kahvelt\u00f5stukiga t\u00f5stmiseks puidust transpordialustele. Plaadid kinnitatakse platvormile ristisuunas lindiga, kliendi soovil on v\u00f5imalik lintide pikisuunaline paigutamine.<\/p>\n<p>Plaate kaitseb ilmaolude eest pol\u00fcet\u00fcleenkile. Seda t\u00fc\u00fcpi pakend ei vasta tingimustele, mis on vajalikud pikaajaliseks ja ilmaolude eest kaitsmata v\u00e4listingimustes ladustamiseks.<\/p>\n<p>Tempsi Base plaate tuleb enne hoone konstruktsiooni paigaldamist hoida katusealuses kuivas ruumis, et v\u00e4ltida niiskuse imendumist plaatidesse.<\/p>\n<p>Pinnaviimistluseta plaatide ladustamisel v\u00f5ib \u00fchesuurused kaubaalused virnastada. Kaubaaluseid, millel on pinnaviimistlusega plaadid, ei tohi virnastada.<\/p>\n<p>Tempsi Base plaadid tuleb k\u00e4itlemiseks paigutada kaubaalusele. Kui plaate ladustatakse teisiti, tuleb neid k\u00e4idelda p\u00fcstiselt. K\u00e4sitsi teisaldamisel peavad plaadid samuti olema p\u00fcstasendis.\n<\/p>\n\t\t<\/div>\n\t\t\t\t\t<\/div>\n\n\t\n\n\t<div id=\"col-1947994076\" class=\"col medium-3 small-12 large-3\"  >\n\t\t\t\t<div class=\"col-inner\"  >\n\t\t\t\n\t\t\t\n\t<div id=\"gap-1907340367\" class=\"gap-element clearfix\" style=\"display:block; height:auto;\">\n\t\t\n<style>\n#gap-1907340367 {\n  padding-top: 30px;\n}\n<\/style>\n\t<\/div>\n\t\n<h3>Tehniline informatsioon<\/h3>\n<p><a href=\"https:\/\/espak.ee\/epood\/wp-content\/uploads\/2025\/09\/tempsi-base.pdf\"target=\"_blank\" rel=\"noopener noreferrer\"><i class=\"far fa-file-pdf\"><\/i> Tehniline info (PDF)<\/a><\/p>\n<div class=\"is-divider divider clearfix\" ><\/div>\n<p><strong>\u00dcksikasjalikuma n\u00f5u saamiseks v\u00f5tke \u00fchendust:<br \/><\/strong>Wolf Group O\u00dc<br \/>Suur-Paala 6<br \/>13619<br \/>Tallinn<br \/>+372 605 9301<\/p>\n\t\t<\/div>\n\t\t\t\t\t<\/div>\n\n\t\n<\/div>\n","protected":false},"excerpt":{"rendered":"","protected":false},"featured_media":248439,"comment_status":"closed","ping_status":"closed","template":"","meta":[],"product_brand":[],"product_cat":[4919,2910,2915,2697],"product_tag":[],"class_list":{"0":"post-248388","1":"product","2":"type-product","3":"status-publish","4":"has-post-thumbnail","6":"product_cat-cetris-plaadid","7":"product_cat-ehitusplaadid","8":"product_cat-tsementlaastplaadid","9":"product_cat-uldehitus","10":"pa_kaubamark-wolf-group-ou","12":"first","13":"instock","14":"sale","15":"taxable","16":"shipping-taxable","17":"purchasable","18":"product-type-simple"},"yoast_head":"<!-- This site is optimized with the Yoast SEO plugin v26.9 - https:\/\/yoast.com\/product\/yoast-seo-wordpress\/ -->\n<title>TSEMENTLAASTPLAAT TEMPSI BASE 8*1250*3350MM - Espak E-pood<\/title>\n<meta name=\"robots\" content=\"index, follow, max-snippet:-1, max-image-preview:large, max-video-preview:-1\" \/>\n<link rel=\"canonical\" href=\"https:\/\/espak.ee\/epood\/toode\/tsementlaastplaat-tempsi-base-812503350mm\/\" \/>\n<meta property=\"og:locale\" content=\"et_EE\" \/>\n<meta property=\"og:type\" content=\"article\" \/>\n<meta property=\"og:title\" content=\"TSEMENTLAASTPLAAT TEMPSI BASE 8*1250*3350MM - Espak E-pood\" \/>\n<meta property=\"og:url\" content=\"https:\/\/espak.ee\/epood\/toode\/tsementlaastplaat-tempsi-base-812503350mm\/\" \/>\n<meta property=\"og:site_name\" content=\"Espak E-pood\" \/>\n<meta property=\"article:modified_time\" content=\"2025-09-02T07:57:08+00:00\" \/>\n<meta property=\"og:image\" content=\"https:\/\/espak.ee\/epood\/wp-content\/uploads\/2025\/09\/CETRIS-BASIC-scaled.jpg.jpg\" \/>\n\t<meta property=\"og:image:width\" content=\"1000\" \/>\n\t<meta property=\"og:image:height\" content=\"1000\" \/>\n\t<meta property=\"og:image:type\" content=\"image\/jpeg\" \/>\n<meta name=\"twitter:card\" content=\"summary_large_image\" \/>\n<meta name=\"twitter:label1\" content=\"Est. reading time\" \/>\n\t<meta name=\"twitter:data1\" content=\"3 minutit\" \/>\n<script type=\"application\/ld+json\" class=\"yoast-schema-graph\">{\"@context\":\"https:\/\/schema.org\",\"@graph\":[{\"@type\":\"WebPage\",\"@id\":\"https:\/\/espak.ee\/epood\/toode\/tsementlaastplaat-tempsi-base-812503350mm\/\",\"url\":\"https:\/\/espak.ee\/epood\/toode\/tsementlaastplaat-tempsi-base-812503350mm\/\",\"name\":\"TSEMENTLAASTPLAAT TEMPSI BASE 8*1250*3350MM - Espak E-pood\",\"isPartOf\":{\"@id\":\"https:\/\/espak.ee\/epood\/#website\"},\"primaryImageOfPage\":{\"@id\":\"https:\/\/espak.ee\/epood\/toode\/tsementlaastplaat-tempsi-base-812503350mm\/#primaryimage\"},\"image\":{\"@id\":\"https:\/\/espak.ee\/epood\/toode\/tsementlaastplaat-tempsi-base-812503350mm\/#primaryimage\"},\"thumbnailUrl\":\"https:\/\/espak.ee\/epood\/wp-content\/uploads\/2025\/09\/CETRIS-BASIC-scaled.jpg.jpg\",\"datePublished\":\"2025-09-02T02:05:45+00:00\",\"dateModified\":\"2025-09-02T07:57:08+00:00\",\"breadcrumb\":{\"@id\":\"https:\/\/espak.ee\/epood\/toode\/tsementlaastplaat-tempsi-base-812503350mm\/#breadcrumb\"},\"inLanguage\":\"et\",\"potentialAction\":[{\"@type\":\"ReadAction\",\"target\":[\"https:\/\/espak.ee\/epood\/toode\/tsementlaastplaat-tempsi-base-812503350mm\/\"]}]},{\"@type\":\"ImageObject\",\"inLanguage\":\"et\",\"@id\":\"https:\/\/espak.ee\/epood\/toode\/tsementlaastplaat-tempsi-base-812503350mm\/#primaryimage\",\"url\":\"https:\/\/espak.ee\/epood\/wp-content\/uploads\/2025\/09\/CETRIS-BASIC-scaled.jpg.jpg\",\"contentUrl\":\"https:\/\/espak.ee\/epood\/wp-content\/uploads\/2025\/09\/CETRIS-BASIC-scaled.jpg.jpg\",\"width\":1000,\"height\":1000},{\"@type\":\"BreadcrumbList\",\"@id\":\"https:\/\/espak.ee\/epood\/toode\/tsementlaastplaat-tempsi-base-812503350mm\/#breadcrumb\",\"itemListElement\":[{\"@type\":\"ListItem\",\"position\":1,\"name\":\"Home\",\"item\":\"https:\/\/espak.ee\/epood\/\"},{\"@type\":\"ListItem\",\"position\":2,\"name\":\"Tootevalik\",\"item\":\"https:\/\/espak.ee\/epood\/tootevalik\/\"},{\"@type\":\"ListItem\",\"position\":3,\"name\":\"TSEMENTLAASTPLAAT TEMPSI BASE 8*1250*3350MM\"}]},{\"@type\":\"WebSite\",\"@id\":\"https:\/\/espak.ee\/epood\/#website\",\"url\":\"https:\/\/espak.ee\/epood\/\",\"name\":\"Espak E-pood\",\"description\":\"\",\"potentialAction\":[{\"@type\":\"SearchAction\",\"target\":{\"@type\":\"EntryPoint\",\"urlTemplate\":\"https:\/\/espak.ee\/epood\/?s={search_term_string}\"},\"query-input\":{\"@type\":\"PropertyValueSpecification\",\"valueRequired\":true,\"valueName\":\"search_term_string\"}}],\"inLanguage\":\"et\"}]}<\/script>\n<!-- \/ Yoast SEO plugin. -->","yoast_head_json":{"title":"TSEMENTLAASTPLAAT TEMPSI BASE 8*1250*3350MM - Espak E-pood","robots":{"index":"index","follow":"follow","max-snippet":"max-snippet:-1","max-image-preview":"max-image-preview:large","max-video-preview":"max-video-preview:-1"},"canonical":"https:\/\/espak.ee\/epood\/toode\/tsementlaastplaat-tempsi-base-812503350mm\/","og_locale":"et_EE","og_type":"article","og_title":"TSEMENTLAASTPLAAT TEMPSI BASE 8*1250*3350MM - Espak E-pood","og_url":"https:\/\/espak.ee\/epood\/toode\/tsementlaastplaat-tempsi-base-812503350mm\/","og_site_name":"Espak E-pood","article_modified_time":"2025-09-02T07:57:08+00:00","og_image":[{"width":1000,"height":1000,"url":"https:\/\/espak.ee\/epood\/wp-content\/uploads\/2025\/09\/CETRIS-BASIC-scaled.jpg.jpg","type":"image\/jpeg"}],"twitter_card":"summary_large_image","twitter_misc":{"Est. reading time":"3 minutit"},"schema":{"@context":"https:\/\/schema.org","@graph":[{"@type":"WebPage","@id":"https:\/\/espak.ee\/epood\/toode\/tsementlaastplaat-tempsi-base-812503350mm\/","url":"https:\/\/espak.ee\/epood\/toode\/tsementlaastplaat-tempsi-base-812503350mm\/","name":"TSEMENTLAASTPLAAT TEMPSI BASE 8*1250*3350MM - Espak E-pood","isPartOf":{"@id":"https:\/\/espak.ee\/epood\/#website"},"primaryImageOfPage":{"@id":"https:\/\/espak.ee\/epood\/toode\/tsementlaastplaat-tempsi-base-812503350mm\/#primaryimage"},"image":{"@id":"https:\/\/espak.ee\/epood\/toode\/tsementlaastplaat-tempsi-base-812503350mm\/#primaryimage"},"thumbnailUrl":"https:\/\/espak.ee\/epood\/wp-content\/uploads\/2025\/09\/CETRIS-BASIC-scaled.jpg.jpg","datePublished":"2025-09-02T02:05:45+00:00","dateModified":"2025-09-02T07:57:08+00:00","breadcrumb":{"@id":"https:\/\/espak.ee\/epood\/toode\/tsementlaastplaat-tempsi-base-812503350mm\/#breadcrumb"},"inLanguage":"et","potentialAction":[{"@type":"ReadAction","target":["https:\/\/espak.ee\/epood\/toode\/tsementlaastplaat-tempsi-base-812503350mm\/"]}]},{"@type":"ImageObject","inLanguage":"et","@id":"https:\/\/espak.ee\/epood\/toode\/tsementlaastplaat-tempsi-base-812503350mm\/#primaryimage","url":"https:\/\/espak.ee\/epood\/wp-content\/uploads\/2025\/09\/CETRIS-BASIC-scaled.jpg.jpg","contentUrl":"https:\/\/espak.ee\/epood\/wp-content\/uploads\/2025\/09\/CETRIS-BASIC-scaled.jpg.jpg","width":1000,"height":1000},{"@type":"BreadcrumbList","@id":"https:\/\/espak.ee\/epood\/toode\/tsementlaastplaat-tempsi-base-812503350mm\/#breadcrumb","itemListElement":[{"@type":"ListItem","position":1,"name":"Home","item":"https:\/\/espak.ee\/epood\/"},{"@type":"ListItem","position":2,"name":"Tootevalik","item":"https:\/\/espak.ee\/epood\/tootevalik\/"},{"@type":"ListItem","position":3,"name":"TSEMENTLAASTPLAAT TEMPSI BASE 8*1250*3350MM"}]},{"@type":"WebSite","@id":"https:\/\/espak.ee\/epood\/#website","url":"https:\/\/espak.ee\/epood\/","name":"Espak E-pood","description":"","potentialAction":[{"@type":"SearchAction","target":{"@type":"EntryPoint","urlTemplate":"https:\/\/espak.ee\/epood\/?s={search_term_string}"},"query-input":{"@type":"PropertyValueSpecification","valueRequired":true,"valueName":"search_term_string"}}],"inLanguage":"et"}]}},"_links":{"self":[{"href":"https:\/\/espak.ee\/epood\/wp-json\/wp\/v2\/product\/248388","targetHints":{"allow":["GET"]}}],"collection":[{"href":"https:\/\/espak.ee\/epood\/wp-json\/wp\/v2\/product"}],"about":[{"href":"https:\/\/espak.ee\/epood\/wp-json\/wp\/v2\/types\/product"}],"replies":[{"embeddable":true,"href":"https:\/\/espak.ee\/epood\/wp-json\/wp\/v2\/comments?post=248388"}],"wp:featuredmedia":[{"embeddable":true,"href":"https:\/\/espak.ee\/epood\/wp-json\/wp\/v2\/media\/248439"}],"wp:attachment":[{"href":"https:\/\/espak.ee\/epood\/wp-json\/wp\/v2\/media?parent=248388"}],"wp:term":[{"taxonomy":"product_brand","embeddable":true,"href":"https:\/\/espak.ee\/epood\/wp-json\/wp\/v2\/product_brand?post=248388"},{"taxonomy":"product_cat","embeddable":true,"href":"https:\/\/espak.ee\/epood\/wp-json\/wp\/v2\/product_cat?post=248388"},{"taxonomy":"product_tag","embeddable":true,"href":"https:\/\/espak.ee\/epood\/wp-json\/wp\/v2\/product_tag?post=248388"}],"curies":[{"name":"wp","href":"https:\/\/api.w.org\/{rel}","templated":true}]}}