{"id":248082,"date":"2025-08-29T05:05:01","date_gmt":"2025-08-29T02:05:01","guid":{"rendered":"https:\/\/espak.ee\/epood\/?post_type=product&#038;p=248082"},"modified":"2025-08-29T12:40:30","modified_gmt":"2025-08-29T09:40:30","slug":"poorddimmer-jung-led-universaal-3-100w-1731dd","status":"publish","type":"product","link":"https:\/\/espak.ee\/epood\/toode\/poorddimmer-jung-led-universaal-3-100w-1731dd\/","title":{"rendered":"P\u00d6\u00d6RDDIMMER JUNG LED UNIVERSAAL 3-100W 1731DD"},"content":{"rendered":"<div class=\"row\"  id=\"row-1557741656\">\n\n\t<div id=\"col-1882113781\" class=\"col medium-9 small-12 large-9\"  >\n\t\t\t\t<div class=\"col-inner\"  >\n\t\t\t\n\t\t\t\n<h3>Universaalne master p\u00f6\u00f6rddimmer Jung 1731dd R.L.C LED 3-100W\/VA<\/h3>\n<p>Kooste ehitus: P\u00f5hielement<br \/>\nTalitlusviis: Keeramis-,surunupp<br \/>\nKoormuse liik: Universaalne<br \/>\nPaigaldusviis: S\u00fcvistatud (kips)<br \/>\nKinnitusviis: Paigaldus sakkide ja kruviga<br \/>\nNimipinge: 230.0 &#8211; 230.0<br \/>\nSagedus: 50.0 &#8211; 60.0<br \/>\n\u00dchenduse liik: Kruviklemmid<br \/>\nReguleerimine faasi sissel\u00fclitamine: Jah<br \/>\nReguleerimine faasi v\u00e4ljal\u00fclitamine: Jah<br \/>\nAlajaama sisend: Jah<br \/>\nLight value memory: Jah<br \/>\nHalogeenivaba: Jah<br \/>\nSisseehitatud paigalduskarbi v\u00e4him s\u00fcgavus: 32 m<\/p>\n\t\t<\/div>\n\t\t\t\t\t<\/div>\n\n\t\n\n\t<div id=\"col-1409709440\" class=\"col medium-3 small-12 large-3\"  >\n\t\t\t\t<div class=\"col-inner\"  >\n\t\t\t\n\t\t\t\n\t<div id=\"gap-1949579235\" class=\"gap-element clearfix\" style=\"display:block; height:auto;\">\n\t\t\n<style>\n#gap-1949579235 {\n  padding-top: 30px;\n}\n<\/style>\n\t<\/div>\n\t\n<p><strong>\u00dcksikasjalikuma n\u00f5u saamiseks v\u00f5tke \u00fchendust:<br \/><\/strong>W.EG. Eesti O\u00dc<br \/>Valukoja 5<br \/>11415<br \/>Tallinn<br \/>+372 671 1900<\/p>\n\t\t<\/div>\n\t\t\t\t\t<\/div>\n\n\t\n<\/div>\n","protected":false},"excerpt":{"rendered":"","protected":false},"featured_media":248183,"comment_status":"closed","ping_status":"closed","template":"","meta":[],"product_brand":[],"product_cat":[3227,2935,2934,3224],"product_tag":[],"class_list":{"0":"post-248082","1":"product","2":"type-product","3":"status-publish","4":"has-post-thumbnail","6":"product_cat-dimmerid","7":"product_cat-elektrikaubad","8":"product_cat-elektrikaubad-ja-valgustid","9":"product_cat-lulitid-ja-pistikupesad","10":"pa_kaubamark-w-e-g-eesti-ou","12":"first","13":"instock","14":"sale","15":"taxable","16":"shipping-taxable","17":"purchasable","18":"product-type-simple"},"yoast_head":"<!-- This site is optimized with the Yoast SEO plugin v26.9 - https:\/\/yoast.com\/product\/yoast-seo-wordpress\/ -->\n<title>P\u00d6\u00d6RDDIMMER JUNG LED UNIVERSAAL 3-100W 1731DD - Espak E-pood<\/title>\n<meta name=\"robots\" content=\"index, follow, max-snippet:-1, max-image-preview:large, max-video-preview:-1\" \/>\n<link rel=\"canonical\" href=\"https:\/\/espak.ee\/epood\/toode\/poorddimmer-jung-led-universaal-3-100w-1731dd\/\" \/>\n<meta property=\"og:locale\" content=\"et_EE\" \/>\n<meta property=\"og:type\" content=\"article\" \/>\n<meta property=\"og:title\" content=\"P\u00d6\u00d6RDDIMMER JUNG LED UNIVERSAAL 3-100W 1731DD - Espak E-pood\" \/>\n<meta property=\"og:url\" content=\"https:\/\/espak.ee\/epood\/toode\/poorddimmer-jung-led-universaal-3-100w-1731dd\/\" \/>\n<meta property=\"og:site_name\" content=\"Espak E-pood\" \/>\n<meta property=\"article:modified_time\" content=\"2025-08-29T09:40:30+00:00\" \/>\n<meta property=\"og:image\" content=\"https:\/\/espak.ee\/epood\/wp-content\/uploads\/2025\/08\/pim-110722.jpg\" \/>\n\t<meta property=\"og:image:width\" content=\"1000\" \/>\n\t<meta property=\"og:image:height\" content=\"1000\" \/>\n\t<meta property=\"og:image:type\" content=\"image\/jpeg\" \/>\n<meta name=\"twitter:card\" content=\"summary_large_image\" \/>\n<script type=\"application\/ld+json\" class=\"yoast-schema-graph\">{\"@context\":\"https:\/\/schema.org\",\"@graph\":[{\"@type\":\"WebPage\",\"@id\":\"https:\/\/espak.ee\/epood\/toode\/poorddimmer-jung-led-universaal-3-100w-1731dd\/\",\"url\":\"https:\/\/espak.ee\/epood\/toode\/poorddimmer-jung-led-universaal-3-100w-1731dd\/\",\"name\":\"P\u00d6\u00d6RDDIMMER JUNG LED UNIVERSAAL 3-100W 1731DD - Espak E-pood\",\"isPartOf\":{\"@id\":\"https:\/\/espak.ee\/epood\/#website\"},\"primaryImageOfPage\":{\"@id\":\"https:\/\/espak.ee\/epood\/toode\/poorddimmer-jung-led-universaal-3-100w-1731dd\/#primaryimage\"},\"image\":{\"@id\":\"https:\/\/espak.ee\/epood\/toode\/poorddimmer-jung-led-universaal-3-100w-1731dd\/#primaryimage\"},\"thumbnailUrl\":\"https:\/\/espak.ee\/epood\/wp-content\/uploads\/2025\/08\/pim-110722.jpg\",\"datePublished\":\"2025-08-29T02:05:01+00:00\",\"dateModified\":\"2025-08-29T09:40:30+00:00\",\"breadcrumb\":{\"@id\":\"https:\/\/espak.ee\/epood\/toode\/poorddimmer-jung-led-universaal-3-100w-1731dd\/#breadcrumb\"},\"inLanguage\":\"et\",\"potentialAction\":[{\"@type\":\"ReadAction\",\"target\":[\"https:\/\/espak.ee\/epood\/toode\/poorddimmer-jung-led-universaal-3-100w-1731dd\/\"]}]},{\"@type\":\"ImageObject\",\"inLanguage\":\"et\",\"@id\":\"https:\/\/espak.ee\/epood\/toode\/poorddimmer-jung-led-universaal-3-100w-1731dd\/#primaryimage\",\"url\":\"https:\/\/espak.ee\/epood\/wp-content\/uploads\/2025\/08\/pim-110722.jpg\",\"contentUrl\":\"https:\/\/espak.ee\/epood\/wp-content\/uploads\/2025\/08\/pim-110722.jpg\",\"width\":1000,\"height\":1000},{\"@type\":\"BreadcrumbList\",\"@id\":\"https:\/\/espak.ee\/epood\/toode\/poorddimmer-jung-led-universaal-3-100w-1731dd\/#breadcrumb\",\"itemListElement\":[{\"@type\":\"ListItem\",\"position\":1,\"name\":\"Home\",\"item\":\"https:\/\/espak.ee\/epood\/\"},{\"@type\":\"ListItem\",\"position\":2,\"name\":\"Tootevalik\",\"item\":\"https:\/\/espak.ee\/epood\/tootevalik\/\"},{\"@type\":\"ListItem\",\"position\":3,\"name\":\"P\u00d6\u00d6RDDIMMER JUNG LED UNIVERSAAL 3-100W 1731DD\"}]},{\"@type\":\"WebSite\",\"@id\":\"https:\/\/espak.ee\/epood\/#website\",\"url\":\"https:\/\/espak.ee\/epood\/\",\"name\":\"Espak E-pood\",\"description\":\"\",\"potentialAction\":[{\"@type\":\"SearchAction\",\"target\":{\"@type\":\"EntryPoint\",\"urlTemplate\":\"https:\/\/espak.ee\/epood\/?s={search_term_string}\"},\"query-input\":{\"@type\":\"PropertyValueSpecification\",\"valueRequired\":true,\"valueName\":\"search_term_string\"}}],\"inLanguage\":\"et\"}]}<\/script>\n<!-- \/ Yoast SEO plugin. -->","yoast_head_json":{"title":"P\u00d6\u00d6RDDIMMER JUNG LED UNIVERSAAL 3-100W 1731DD - Espak E-pood","robots":{"index":"index","follow":"follow","max-snippet":"max-snippet:-1","max-image-preview":"max-image-preview:large","max-video-preview":"max-video-preview:-1"},"canonical":"https:\/\/espak.ee\/epood\/toode\/poorddimmer-jung-led-universaal-3-100w-1731dd\/","og_locale":"et_EE","og_type":"article","og_title":"P\u00d6\u00d6RDDIMMER JUNG LED UNIVERSAAL 3-100W 1731DD - Espak E-pood","og_url":"https:\/\/espak.ee\/epood\/toode\/poorddimmer-jung-led-universaal-3-100w-1731dd\/","og_site_name":"Espak E-pood","article_modified_time":"2025-08-29T09:40:30+00:00","og_image":[{"width":1000,"height":1000,"url":"https:\/\/espak.ee\/epood\/wp-content\/uploads\/2025\/08\/pim-110722.jpg","type":"image\/jpeg"}],"twitter_card":"summary_large_image","schema":{"@context":"https:\/\/schema.org","@graph":[{"@type":"WebPage","@id":"https:\/\/espak.ee\/epood\/toode\/poorddimmer-jung-led-universaal-3-100w-1731dd\/","url":"https:\/\/espak.ee\/epood\/toode\/poorddimmer-jung-led-universaal-3-100w-1731dd\/","name":"P\u00d6\u00d6RDDIMMER JUNG LED UNIVERSAAL 3-100W 1731DD - Espak E-pood","isPartOf":{"@id":"https:\/\/espak.ee\/epood\/#website"},"primaryImageOfPage":{"@id":"https:\/\/espak.ee\/epood\/toode\/poorddimmer-jung-led-universaal-3-100w-1731dd\/#primaryimage"},"image":{"@id":"https:\/\/espak.ee\/epood\/toode\/poorddimmer-jung-led-universaal-3-100w-1731dd\/#primaryimage"},"thumbnailUrl":"https:\/\/espak.ee\/epood\/wp-content\/uploads\/2025\/08\/pim-110722.jpg","datePublished":"2025-08-29T02:05:01+00:00","dateModified":"2025-08-29T09:40:30+00:00","breadcrumb":{"@id":"https:\/\/espak.ee\/epood\/toode\/poorddimmer-jung-led-universaal-3-100w-1731dd\/#breadcrumb"},"inLanguage":"et","potentialAction":[{"@type":"ReadAction","target":["https:\/\/espak.ee\/epood\/toode\/poorddimmer-jung-led-universaal-3-100w-1731dd\/"]}]},{"@type":"ImageObject","inLanguage":"et","@id":"https:\/\/espak.ee\/epood\/toode\/poorddimmer-jung-led-universaal-3-100w-1731dd\/#primaryimage","url":"https:\/\/espak.ee\/epood\/wp-content\/uploads\/2025\/08\/pim-110722.jpg","contentUrl":"https:\/\/espak.ee\/epood\/wp-content\/uploads\/2025\/08\/pim-110722.jpg","width":1000,"height":1000},{"@type":"BreadcrumbList","@id":"https:\/\/espak.ee\/epood\/toode\/poorddimmer-jung-led-universaal-3-100w-1731dd\/#breadcrumb","itemListElement":[{"@type":"ListItem","position":1,"name":"Home","item":"https:\/\/espak.ee\/epood\/"},{"@type":"ListItem","position":2,"name":"Tootevalik","item":"https:\/\/espak.ee\/epood\/tootevalik\/"},{"@type":"ListItem","position":3,"name":"P\u00d6\u00d6RDDIMMER JUNG LED UNIVERSAAL 3-100W 1731DD"}]},{"@type":"WebSite","@id":"https:\/\/espak.ee\/epood\/#website","url":"https:\/\/espak.ee\/epood\/","name":"Espak E-pood","description":"","potentialAction":[{"@type":"SearchAction","target":{"@type":"EntryPoint","urlTemplate":"https:\/\/espak.ee\/epood\/?s={search_term_string}"},"query-input":{"@type":"PropertyValueSpecification","valueRequired":true,"valueName":"search_term_string"}}],"inLanguage":"et"}]}},"_links":{"self":[{"href":"https:\/\/espak.ee\/epood\/wp-json\/wp\/v2\/product\/248082","targetHints":{"allow":["GET"]}}],"collection":[{"href":"https:\/\/espak.ee\/epood\/wp-json\/wp\/v2\/product"}],"about":[{"href":"https:\/\/espak.ee\/epood\/wp-json\/wp\/v2\/types\/product"}],"replies":[{"embeddable":true,"href":"https:\/\/espak.ee\/epood\/wp-json\/wp\/v2\/comments?post=248082"}],"wp:featuredmedia":[{"embeddable":true,"href":"https:\/\/espak.ee\/epood\/wp-json\/wp\/v2\/media\/248183"}],"wp:attachment":[{"href":"https:\/\/espak.ee\/epood\/wp-json\/wp\/v2\/media?parent=248082"}],"wp:term":[{"taxonomy":"product_brand","embeddable":true,"href":"https:\/\/espak.ee\/epood\/wp-json\/wp\/v2\/product_brand?post=248082"},{"taxonomy":"product_cat","embeddable":true,"href":"https:\/\/espak.ee\/epood\/wp-json\/wp\/v2\/product_cat?post=248082"},{"taxonomy":"product_tag","embeddable":true,"href":"https:\/\/espak.ee\/epood\/wp-json\/wp\/v2\/product_tag?post=248082"}],"curies":[{"name":"wp","href":"https:\/\/api.w.org\/{rel}","templated":true}]}}