{"id":235272,"date":"2025-04-24T05:05:02","date_gmt":"2025-04-24T02:05:02","guid":{"rendered":"https:\/\/espak.ee\/epood\/?post_type=product&#038;p=235272"},"modified":"2025-06-13T09:20:53","modified_gmt":"2025-06-13T06:20:53","slug":"aiakardina-komplekt-rv-pv-95cm","status":"publish","type":"product","link":"https:\/\/espak.ee\/epood\/toode\/aiakardina-komplekt-rv-pv-95cm\/","title":{"rendered":"AIAKARDINA KOMPLEKT RV P+V  95CM"},"content":{"rendered":"<div class=\"row\"  id=\"row-230109520\">\n\n\t<div id=\"col-1813574311\" class=\"col medium-9 small-12 large-9\"  >\n\t\t\t\t<div class=\"col-inner\"  >\n\t\t\t\n\t\t\t\n<h3>Aiakardina komplekt roostevaba teras 95cm <\/h3>\n<p>Siinid aiakardina moodustamiseks.<br \/>\n Komplektis vasak ja parem siin.<br \/>\nValmistatud roostevabast terasest.<br \/>\nSiine saab paigaldada nii horisontaalselt kui ka vertikaalselt.<br \/>\n95cm pikkune siin mahutab 8 lauda paksusega 16-18mm ja laiusega 140-145mm.<br \/>\nLaudade kinnitamiseks soovitame kasutada kruve 3,5*16mm (m\u00fc\u00fcgil eraldi). Kruvide pinnakate valige vastavalt keskkonnale, kuhu aiakardina paigaldate.<br \/>\nSiinile kinnitatud laudu saab peale paigaldust liigutada vahemikus 0-45 kraadi.<br \/>\nLaua maksimaalne pikkus 1800 mm. <\/p>\n<p>Siine on v\u00f5imalik pikendada paigaldades 2 komplekti v\u00f5i ka vajadusel l\u00fchendada, saagides \u00f5igesse pikkusesse. <\/p>\n<p><strong>NB!<\/strong> Kui aiakardin liigub liiga kergelt, siis on v\u00f5imalik siini sees olevaid lukustusmutreid k\u00f5vemini kinni keerata. Seda tuleb teha enne aiakardina soovitud kohale kinnitamist, kuna peale paigaldust ei p\u00e4\u00e4se te enam mutritele ligi. <\/p>\n<p>Tulenevalt puidu omadustest ei soovitata laudu siinidele kinnitada v\u00e4ga tihedalt. \u00d5huniiskuse muutudes kipub puit &#8220;m\u00e4ngima&#8221;.\n<\/p>\n\t\t<\/div>\n\t\t\t\t\t<\/div>\n\n\t\n\n\t<div id=\"col-1076384939\" class=\"col medium-3 small-12 large-3\"  >\n\t\t\t\t<div class=\"col-inner\"  >\n\t\t\t\n\t\t\t\n<h3>Paigaldusjuhend<\/h3>\n<p><a href=\"https:\/\/espak.ee\/epood\/wp-content\/uploads\/2025\/04\/SWK23-007-Handleidingen-Ontwikkeling-2022-Flex-fence_vs1.pdf\"target=\"_blank\" rel=\"noopener noreferrer\"><i class=\"far fa-file-pdf\"><\/i> Paigaldusjuhend (PDF)<\/a><\/p>\n<p><strong>\u00dcksikasjalikuma n\u00f5u saamiseks v\u00f5tke \u00fchendust:<br \/><\/strong>ESPAK AS<br \/>Viadukti 42<br \/>11 313<br \/>Tallinn<br \/>+372 6512 333<\/p>\n\t\t<\/div>\n\t\t\t\t\t<\/div>\n\n\t\n<\/div>\n","protected":false},"excerpt":{"rendered":"","protected":false},"featured_media":240155,"comment_status":"closed","ping_status":"closed","template":"","meta":[],"product_brand":[],"product_cat":[2995,2895,2893,2894],"product_tag":[],"class_list":{"0":"post-235272","1":"product","2":"type-product","3":"status-publish","4":"has-post-thumbnail","6":"product_cat-muud-rauakaubad","7":"product_cat-rauakaubad-rauakaubad-rauakaubad","8":"product_cat-rauakaubad","9":"product_cat-rauakaubad-rauakaubad","10":"pa_kaubamark-hapro-international-ede-bv","12":"first","13":"instock","14":"sale","15":"taxable","16":"shipping-taxable","17":"purchasable","18":"product-type-simple"},"yoast_head":"<!-- This site is optimized with the Yoast SEO plugin v26.9 - https:\/\/yoast.com\/product\/yoast-seo-wordpress\/ -->\n<title>AIAKARDINA KOMPLEKT RV P+V 95CM - Espak E-pood<\/title>\n<meta name=\"robots\" content=\"index, follow, max-snippet:-1, max-image-preview:large, max-video-preview:-1\" \/>\n<link rel=\"canonical\" href=\"https:\/\/espak.ee\/epood\/toode\/aiakardina-komplekt-rv-pv-95cm\/\" \/>\n<meta property=\"og:locale\" content=\"et_EE\" \/>\n<meta property=\"og:type\" content=\"article\" \/>\n<meta property=\"og:title\" content=\"AIAKARDINA KOMPLEKT RV P+V 95CM - Espak E-pood\" \/>\n<meta property=\"og:url\" content=\"https:\/\/espak.ee\/epood\/toode\/aiakardina-komplekt-rv-pv-95cm\/\" \/>\n<meta property=\"og:site_name\" content=\"Espak E-pood\" \/>\n<meta property=\"article:modified_time\" content=\"2025-06-13T06:20:53+00:00\" \/>\n<meta property=\"og:image\" content=\"https:\/\/espak.ee\/epood\/wp-content\/uploads\/2025\/04\/flexfence_kort-2-2.jpg\" \/>\n\t<meta property=\"og:image:width\" content=\"1000\" \/>\n\t<meta property=\"og:image:height\" content=\"1000\" \/>\n\t<meta property=\"og:image:type\" content=\"image\/jpeg\" \/>\n<meta name=\"twitter:card\" content=\"summary_large_image\" \/>\n<meta name=\"twitter:label1\" content=\"Est. reading time\" \/>\n\t<meta name=\"twitter:data1\" content=\"1 minut\" \/>\n<script type=\"application\/ld+json\" class=\"yoast-schema-graph\">{\"@context\":\"https:\/\/schema.org\",\"@graph\":[{\"@type\":\"WebPage\",\"@id\":\"https:\/\/espak.ee\/epood\/toode\/aiakardina-komplekt-rv-pv-95cm\/\",\"url\":\"https:\/\/espak.ee\/epood\/toode\/aiakardina-komplekt-rv-pv-95cm\/\",\"name\":\"AIAKARDINA KOMPLEKT RV P+V 95CM - Espak E-pood\",\"isPartOf\":{\"@id\":\"https:\/\/espak.ee\/epood\/#website\"},\"primaryImageOfPage\":{\"@id\":\"https:\/\/espak.ee\/epood\/toode\/aiakardina-komplekt-rv-pv-95cm\/#primaryimage\"},\"image\":{\"@id\":\"https:\/\/espak.ee\/epood\/toode\/aiakardina-komplekt-rv-pv-95cm\/#primaryimage\"},\"thumbnailUrl\":\"https:\/\/espak.ee\/epood\/wp-content\/uploads\/2025\/04\/flexfence_kort-2-2.jpg\",\"datePublished\":\"2025-04-24T02:05:02+00:00\",\"dateModified\":\"2025-06-13T06:20:53+00:00\",\"breadcrumb\":{\"@id\":\"https:\/\/espak.ee\/epood\/toode\/aiakardina-komplekt-rv-pv-95cm\/#breadcrumb\"},\"inLanguage\":\"et\",\"potentialAction\":[{\"@type\":\"ReadAction\",\"target\":[\"https:\/\/espak.ee\/epood\/toode\/aiakardina-komplekt-rv-pv-95cm\/\"]}]},{\"@type\":\"ImageObject\",\"inLanguage\":\"et\",\"@id\":\"https:\/\/espak.ee\/epood\/toode\/aiakardina-komplekt-rv-pv-95cm\/#primaryimage\",\"url\":\"https:\/\/espak.ee\/epood\/wp-content\/uploads\/2025\/04\/flexfence_kort-2-2.jpg\",\"contentUrl\":\"https:\/\/espak.ee\/epood\/wp-content\/uploads\/2025\/04\/flexfence_kort-2-2.jpg\",\"width\":1000,\"height\":1000},{\"@type\":\"BreadcrumbList\",\"@id\":\"https:\/\/espak.ee\/epood\/toode\/aiakardina-komplekt-rv-pv-95cm\/#breadcrumb\",\"itemListElement\":[{\"@type\":\"ListItem\",\"position\":1,\"name\":\"Home\",\"item\":\"https:\/\/espak.ee\/epood\/\"},{\"@type\":\"ListItem\",\"position\":2,\"name\":\"Tootevalik\",\"item\":\"https:\/\/espak.ee\/epood\/tootevalik\/\"},{\"@type\":\"ListItem\",\"position\":3,\"name\":\"AIAKARDINA KOMPLEKT RV P+V 95CM\"}]},{\"@type\":\"WebSite\",\"@id\":\"https:\/\/espak.ee\/epood\/#website\",\"url\":\"https:\/\/espak.ee\/epood\/\",\"name\":\"Espak E-pood\",\"description\":\"\",\"potentialAction\":[{\"@type\":\"SearchAction\",\"target\":{\"@type\":\"EntryPoint\",\"urlTemplate\":\"https:\/\/espak.ee\/epood\/?s={search_term_string}\"},\"query-input\":{\"@type\":\"PropertyValueSpecification\",\"valueRequired\":true,\"valueName\":\"search_term_string\"}}],\"inLanguage\":\"et\"}]}<\/script>\n<!-- \/ Yoast SEO plugin. -->","yoast_head_json":{"title":"AIAKARDINA KOMPLEKT RV P+V 95CM - Espak E-pood","robots":{"index":"index","follow":"follow","max-snippet":"max-snippet:-1","max-image-preview":"max-image-preview:large","max-video-preview":"max-video-preview:-1"},"canonical":"https:\/\/espak.ee\/epood\/toode\/aiakardina-komplekt-rv-pv-95cm\/","og_locale":"et_EE","og_type":"article","og_title":"AIAKARDINA KOMPLEKT RV P+V 95CM - Espak E-pood","og_url":"https:\/\/espak.ee\/epood\/toode\/aiakardina-komplekt-rv-pv-95cm\/","og_site_name":"Espak E-pood","article_modified_time":"2025-06-13T06:20:53+00:00","og_image":[{"width":1000,"height":1000,"url":"https:\/\/espak.ee\/epood\/wp-content\/uploads\/2025\/04\/flexfence_kort-2-2.jpg","type":"image\/jpeg"}],"twitter_card":"summary_large_image","twitter_misc":{"Est. reading time":"1 minut"},"schema":{"@context":"https:\/\/schema.org","@graph":[{"@type":"WebPage","@id":"https:\/\/espak.ee\/epood\/toode\/aiakardina-komplekt-rv-pv-95cm\/","url":"https:\/\/espak.ee\/epood\/toode\/aiakardina-komplekt-rv-pv-95cm\/","name":"AIAKARDINA KOMPLEKT RV P+V 95CM - Espak E-pood","isPartOf":{"@id":"https:\/\/espak.ee\/epood\/#website"},"primaryImageOfPage":{"@id":"https:\/\/espak.ee\/epood\/toode\/aiakardina-komplekt-rv-pv-95cm\/#primaryimage"},"image":{"@id":"https:\/\/espak.ee\/epood\/toode\/aiakardina-komplekt-rv-pv-95cm\/#primaryimage"},"thumbnailUrl":"https:\/\/espak.ee\/epood\/wp-content\/uploads\/2025\/04\/flexfence_kort-2-2.jpg","datePublished":"2025-04-24T02:05:02+00:00","dateModified":"2025-06-13T06:20:53+00:00","breadcrumb":{"@id":"https:\/\/espak.ee\/epood\/toode\/aiakardina-komplekt-rv-pv-95cm\/#breadcrumb"},"inLanguage":"et","potentialAction":[{"@type":"ReadAction","target":["https:\/\/espak.ee\/epood\/toode\/aiakardina-komplekt-rv-pv-95cm\/"]}]},{"@type":"ImageObject","inLanguage":"et","@id":"https:\/\/espak.ee\/epood\/toode\/aiakardina-komplekt-rv-pv-95cm\/#primaryimage","url":"https:\/\/espak.ee\/epood\/wp-content\/uploads\/2025\/04\/flexfence_kort-2-2.jpg","contentUrl":"https:\/\/espak.ee\/epood\/wp-content\/uploads\/2025\/04\/flexfence_kort-2-2.jpg","width":1000,"height":1000},{"@type":"BreadcrumbList","@id":"https:\/\/espak.ee\/epood\/toode\/aiakardina-komplekt-rv-pv-95cm\/#breadcrumb","itemListElement":[{"@type":"ListItem","position":1,"name":"Home","item":"https:\/\/espak.ee\/epood\/"},{"@type":"ListItem","position":2,"name":"Tootevalik","item":"https:\/\/espak.ee\/epood\/tootevalik\/"},{"@type":"ListItem","position":3,"name":"AIAKARDINA KOMPLEKT RV P+V 95CM"}]},{"@type":"WebSite","@id":"https:\/\/espak.ee\/epood\/#website","url":"https:\/\/espak.ee\/epood\/","name":"Espak E-pood","description":"","potentialAction":[{"@type":"SearchAction","target":{"@type":"EntryPoint","urlTemplate":"https:\/\/espak.ee\/epood\/?s={search_term_string}"},"query-input":{"@type":"PropertyValueSpecification","valueRequired":true,"valueName":"search_term_string"}}],"inLanguage":"et"}]}},"_links":{"self":[{"href":"https:\/\/espak.ee\/epood\/wp-json\/wp\/v2\/product\/235272","targetHints":{"allow":["GET"]}}],"collection":[{"href":"https:\/\/espak.ee\/epood\/wp-json\/wp\/v2\/product"}],"about":[{"href":"https:\/\/espak.ee\/epood\/wp-json\/wp\/v2\/types\/product"}],"replies":[{"embeddable":true,"href":"https:\/\/espak.ee\/epood\/wp-json\/wp\/v2\/comments?post=235272"}],"wp:featuredmedia":[{"embeddable":true,"href":"https:\/\/espak.ee\/epood\/wp-json\/wp\/v2\/media\/240155"}],"wp:attachment":[{"href":"https:\/\/espak.ee\/epood\/wp-json\/wp\/v2\/media?parent=235272"}],"wp:term":[{"taxonomy":"product_brand","embeddable":true,"href":"https:\/\/espak.ee\/epood\/wp-json\/wp\/v2\/product_brand?post=235272"},{"taxonomy":"product_cat","embeddable":true,"href":"https:\/\/espak.ee\/epood\/wp-json\/wp\/v2\/product_cat?post=235272"},{"taxonomy":"product_tag","embeddable":true,"href":"https:\/\/espak.ee\/epood\/wp-json\/wp\/v2\/product_tag?post=235272"}],"curies":[{"name":"wp","href":"https:\/\/api.w.org\/{rel}","templated":true}]}}