{"id":224607,"date":"2025-01-21T05:10:01","date_gmt":"2025-01-21T03:10:01","guid":{"rendered":"https:\/\/espak.ee\/epood\/?post_type=product&#038;p=224607"},"modified":"2026-03-21T09:28:30","modified_gmt":"2026-03-21T07:28:30","slug":"sugavale-tungiv-tolmu-siduv-krunt-dust-primer-10l","status":"publish","type":"product","link":"https:\/\/espak.ee\/epood\/toode\/sugavale-tungiv-tolmu-siduv-krunt-dust-primer-10l\/","title":{"rendered":"S\u00dcGAVALE TUNGIV TOLMU SIDUV KRUNT DUST PRIMER 10L"},"content":{"rendered":"<div class=\"row\"  id=\"row-2134093585\">\n\n\t<div id=\"col-1346987552\" class=\"col medium-9 small-12 large-9\"  >\n\t\t\t\t<div class=\"col-inner\"  >\n\t\t\t\n\t\t\t\n<h3>Krunt Dust Primer 10L <\/h3>\n<p>Veep\u00f5hine v\u00e4rvitu tolmu siduv krunt kasutamiseks  sise- ja v\u00e4listingimustes. Seob t\u00f5husalt ehitust\u00f6\u00f6de eelmistest etappidest pinnale j\u00e4\u00e4nud tolmu, v\u00e4hendab v\u00e4rvitud pindade veeimavust ja parandab ka j\u00e4rgnevate kattekihtide naket. Vahendit Dust PRIMER kasutatakse betoon-, tellis-, krohv-, kipsplaatpindadel ja muudel mineraalsetel pindadel. Krunditud pinnad v\u00f5ib peale krundi kuivamist \u00fcle v\u00e4rvida , s\u00f5ltuvalt pinna t\u00fc\u00fcbist ja otstarbest. Siset\u00f6\u00f6del on soovitatav kasutada veep\u00f5hiseid v\u00e4rve, nt Lateksil, Lateksil 3, Movilat Base, Movilat 4, 7, 12, 25, Nuovamat, Interior Professional 7, Movilat Anti-Bacterial, ENAMEL AQUA UNIVERSAL. V\u00e4lispindadel on soovitatav kasutada veep\u00f5hiseid v\u00e4rve Forakril ja lahustip\u00f5hist v\u00e4rvi Fasolite. Iseseisva kattena v\u00f5ib krunti kasutada betooni, krohvitud seinte ja lagede viimistlemiseks siseruumides v\u00f5i ehitustarinditel, millele ei m\u00f5ju otseselt ebasoodsad ilmastikutingimused. Seejuures suurendab vahend pinna tugevust ja annab sellele h\u00fcdrofoobsed omadused. <\/p>\n<p><strong>Kasutamine: <\/strong>Kui pinnal on palju tolmu, tuleb tolm esmalt harjaga maha p\u00fchkida. Uutelt betoonpindadelt eemaldage lubjapiim (vt betoonpindade v\u00e4rvimiseks ettevalmistamise juhiseid). Dust PRIMER on kasutusvalmis ega vaja lahjendamist. See kantakse kuivadele pindadele pintsli, rulli v\u00f5i pihustusp\u00fcstoliga 1\u20122 kihina. S\u00f5ltuvalt pinna seisundist kulub vahendit 7\u201210 m\u00b2\/l \u00fche kihi kohta. V\u00e4rvitud pinna kuivamisaeg \u00f5hutemperatuuril 20 \u00b0C on 1 tund. Pealekandmisel peab v\u00e4rvitava pinna ja \u00f5hu temperatuur olema v\u00e4hemalt +5 \u00b0C. Suhteline \u00f5huniiskus peab olema v\u00e4iksem kui 85%. Peske v\u00e4rvimist\u00f6\u00f6riistu p\u00e4rast t\u00f6\u00f6d seebi ja veega. Hoidke tihedalt suletud anumas temperatuuril \u00fcle 0 \u00b0C.<\/p>\n\t<div id=\"gap-66028051\" class=\"gap-element clearfix\" style=\"display:block; height:auto;\">\n\t\t\n<style>\n#gap-66028051 {\n  padding-top: 30px;\n}\n<\/style>\n\t<\/div>\n\t\n\t\t<\/div>\n\t\t\t\t\t<\/div>\n\n\t\n\n\t<div id=\"col-1506112839\" class=\"col medium-3 small-12 large-3\"  >\n\t\t\t\t<div class=\"col-inner\"  >\n\t\t\t\n\t\t\t\n\t<div id=\"gap-1021853430\" class=\"gap-element clearfix\" style=\"display:block; height:auto;\">\n\t\t\n<style>\n#gap-1021853430 {\n  padding-top: 30px;\n}\n<\/style>\n\t<\/div>\n\t\n<div class=\"is-divider divider clearfix\" ><\/div>\n<p><strong>\u00dcksikasjalikuma n\u00f5u saamiseks v\u00f5tke \u00fchendust:<br \/><\/strong>RIIA LAKID O\u00dc<br \/>Kantsi 3<br \/>11415<br \/>Tallinn<br \/>+372 6335439<\/p>\n<div class=\"is-divider divider clearfix\" ><\/div>\n\t\t<\/div>\n\t\t\t\t\t<\/div>\n\n\t\n<\/div>\n","protected":false},"excerpt":{"rendered":"","protected":false},"featured_media":224648,"comment_status":"closed","ping_status":"closed","template":"","meta":[],"product_brand":[],"product_cat":[2701,2693,2684,2683],"product_tag":[],"class_list":{"0":"post-224607","1":"product","2":"type-product","3":"status-publish","4":"has-post-thumbnail","6":"product_cat-immutusvahendid","7":"product_cat-lakid-peitsid-olid-puidukaitse","8":"product_cat-varvid-lakid-lahustid-puidukaitsed-olid","9":"product_cat-viimistluskaubad","10":"product_shipping_class-dpd-cold","11":"pa_kaubamark-riia-lakid-ou","13":"first","14":"instock","15":"sale","16":"taxable","17":"shipping-taxable","18":"purchasable","19":"product-type-simple"},"yoast_head":"<!-- This site is optimized with the Yoast SEO plugin v26.9 - https:\/\/yoast.com\/product\/yoast-seo-wordpress\/ -->\n<title>S\u00dcGAVALE TUNGIV TOLMU SIDUV KRUNT DUST PRIMER 10L - Espak E-pood<\/title>\n<meta name=\"robots\" content=\"index, follow, max-snippet:-1, max-image-preview:large, max-video-preview:-1\" \/>\n<link rel=\"canonical\" href=\"https:\/\/espak.ee\/epood\/toode\/sugavale-tungiv-tolmu-siduv-krunt-dust-primer-10l\/\" \/>\n<meta property=\"og:locale\" content=\"et_EE\" \/>\n<meta property=\"og:type\" content=\"article\" \/>\n<meta property=\"og:title\" content=\"S\u00dcGAVALE TUNGIV TOLMU SIDUV KRUNT DUST PRIMER 10L - Espak E-pood\" \/>\n<meta property=\"og:url\" content=\"https:\/\/espak.ee\/epood\/toode\/sugavale-tungiv-tolmu-siduv-krunt-dust-primer-10l\/\" \/>\n<meta property=\"og:site_name\" content=\"Espak E-pood\" \/>\n<meta property=\"article:modified_time\" content=\"2026-03-21T07:28:30+00:00\" \/>\n<meta property=\"og:image\" content=\"https:\/\/espak.ee\/epood\/wp-content\/uploads\/2025\/01\/DUST-PRIMER-10l-2.jpg\" \/>\n\t<meta property=\"og:image:width\" content=\"800\" \/>\n\t<meta property=\"og:image:height\" content=\"800\" \/>\n\t<meta property=\"og:image:type\" content=\"image\/jpeg\" \/>\n<meta name=\"twitter:card\" content=\"summary_large_image\" \/>\n<meta name=\"twitter:label1\" content=\"Est. reading time\" \/>\n\t<meta name=\"twitter:data1\" content=\"1 minut\" \/>\n<script type=\"application\/ld+json\" class=\"yoast-schema-graph\">{\"@context\":\"https:\/\/schema.org\",\"@graph\":[{\"@type\":\"WebPage\",\"@id\":\"https:\/\/espak.ee\/epood\/toode\/sugavale-tungiv-tolmu-siduv-krunt-dust-primer-10l\/\",\"url\":\"https:\/\/espak.ee\/epood\/toode\/sugavale-tungiv-tolmu-siduv-krunt-dust-primer-10l\/\",\"name\":\"S\u00dcGAVALE TUNGIV TOLMU SIDUV KRUNT DUST PRIMER 10L - Espak E-pood\",\"isPartOf\":{\"@id\":\"https:\/\/espak.ee\/epood\/#website\"},\"primaryImageOfPage\":{\"@id\":\"https:\/\/espak.ee\/epood\/toode\/sugavale-tungiv-tolmu-siduv-krunt-dust-primer-10l\/#primaryimage\"},\"image\":{\"@id\":\"https:\/\/espak.ee\/epood\/toode\/sugavale-tungiv-tolmu-siduv-krunt-dust-primer-10l\/#primaryimage\"},\"thumbnailUrl\":\"https:\/\/espak.ee\/epood\/wp-content\/uploads\/2025\/01\/DUST-PRIMER-10l-2.jpg\",\"datePublished\":\"2025-01-21T03:10:01+00:00\",\"dateModified\":\"2026-03-21T07:28:30+00:00\",\"breadcrumb\":{\"@id\":\"https:\/\/espak.ee\/epood\/toode\/sugavale-tungiv-tolmu-siduv-krunt-dust-primer-10l\/#breadcrumb\"},\"inLanguage\":\"et\",\"potentialAction\":[{\"@type\":\"ReadAction\",\"target\":[\"https:\/\/espak.ee\/epood\/toode\/sugavale-tungiv-tolmu-siduv-krunt-dust-primer-10l\/\"]}]},{\"@type\":\"ImageObject\",\"inLanguage\":\"et\",\"@id\":\"https:\/\/espak.ee\/epood\/toode\/sugavale-tungiv-tolmu-siduv-krunt-dust-primer-10l\/#primaryimage\",\"url\":\"https:\/\/espak.ee\/epood\/wp-content\/uploads\/2025\/01\/DUST-PRIMER-10l-2.jpg\",\"contentUrl\":\"https:\/\/espak.ee\/epood\/wp-content\/uploads\/2025\/01\/DUST-PRIMER-10l-2.jpg\",\"width\":800,\"height\":800},{\"@type\":\"BreadcrumbList\",\"@id\":\"https:\/\/espak.ee\/epood\/toode\/sugavale-tungiv-tolmu-siduv-krunt-dust-primer-10l\/#breadcrumb\",\"itemListElement\":[{\"@type\":\"ListItem\",\"position\":1,\"name\":\"Home\",\"item\":\"https:\/\/espak.ee\/epood\/\"},{\"@type\":\"ListItem\",\"position\":2,\"name\":\"Tootevalik\",\"item\":\"https:\/\/espak.ee\/epood\/tootevalik\/\"},{\"@type\":\"ListItem\",\"position\":3,\"name\":\"S\u00dcGAVALE TUNGIV TOLMU SIDUV KRUNT DUST PRIMER 10L\"}]},{\"@type\":\"WebSite\",\"@id\":\"https:\/\/espak.ee\/epood\/#website\",\"url\":\"https:\/\/espak.ee\/epood\/\",\"name\":\"Espak E-pood\",\"description\":\"\",\"potentialAction\":[{\"@type\":\"SearchAction\",\"target\":{\"@type\":\"EntryPoint\",\"urlTemplate\":\"https:\/\/espak.ee\/epood\/?s={search_term_string}\"},\"query-input\":{\"@type\":\"PropertyValueSpecification\",\"valueRequired\":true,\"valueName\":\"search_term_string\"}}],\"inLanguage\":\"et\"}]}<\/script>\n<!-- \/ Yoast SEO plugin. -->","yoast_head_json":{"title":"S\u00dcGAVALE TUNGIV TOLMU SIDUV KRUNT DUST PRIMER 10L - Espak E-pood","robots":{"index":"index","follow":"follow","max-snippet":"max-snippet:-1","max-image-preview":"max-image-preview:large","max-video-preview":"max-video-preview:-1"},"canonical":"https:\/\/espak.ee\/epood\/toode\/sugavale-tungiv-tolmu-siduv-krunt-dust-primer-10l\/","og_locale":"et_EE","og_type":"article","og_title":"S\u00dcGAVALE TUNGIV TOLMU SIDUV KRUNT DUST PRIMER 10L - Espak E-pood","og_url":"https:\/\/espak.ee\/epood\/toode\/sugavale-tungiv-tolmu-siduv-krunt-dust-primer-10l\/","og_site_name":"Espak E-pood","article_modified_time":"2026-03-21T07:28:30+00:00","og_image":[{"width":800,"height":800,"url":"https:\/\/espak.ee\/epood\/wp-content\/uploads\/2025\/01\/DUST-PRIMER-10l-2.jpg","type":"image\/jpeg"}],"twitter_card":"summary_large_image","twitter_misc":{"Est. reading time":"1 minut"},"schema":{"@context":"https:\/\/schema.org","@graph":[{"@type":"WebPage","@id":"https:\/\/espak.ee\/epood\/toode\/sugavale-tungiv-tolmu-siduv-krunt-dust-primer-10l\/","url":"https:\/\/espak.ee\/epood\/toode\/sugavale-tungiv-tolmu-siduv-krunt-dust-primer-10l\/","name":"S\u00dcGAVALE TUNGIV TOLMU SIDUV KRUNT DUST PRIMER 10L - Espak E-pood","isPartOf":{"@id":"https:\/\/espak.ee\/epood\/#website"},"primaryImageOfPage":{"@id":"https:\/\/espak.ee\/epood\/toode\/sugavale-tungiv-tolmu-siduv-krunt-dust-primer-10l\/#primaryimage"},"image":{"@id":"https:\/\/espak.ee\/epood\/toode\/sugavale-tungiv-tolmu-siduv-krunt-dust-primer-10l\/#primaryimage"},"thumbnailUrl":"https:\/\/espak.ee\/epood\/wp-content\/uploads\/2025\/01\/DUST-PRIMER-10l-2.jpg","datePublished":"2025-01-21T03:10:01+00:00","dateModified":"2026-03-21T07:28:30+00:00","breadcrumb":{"@id":"https:\/\/espak.ee\/epood\/toode\/sugavale-tungiv-tolmu-siduv-krunt-dust-primer-10l\/#breadcrumb"},"inLanguage":"et","potentialAction":[{"@type":"ReadAction","target":["https:\/\/espak.ee\/epood\/toode\/sugavale-tungiv-tolmu-siduv-krunt-dust-primer-10l\/"]}]},{"@type":"ImageObject","inLanguage":"et","@id":"https:\/\/espak.ee\/epood\/toode\/sugavale-tungiv-tolmu-siduv-krunt-dust-primer-10l\/#primaryimage","url":"https:\/\/espak.ee\/epood\/wp-content\/uploads\/2025\/01\/DUST-PRIMER-10l-2.jpg","contentUrl":"https:\/\/espak.ee\/epood\/wp-content\/uploads\/2025\/01\/DUST-PRIMER-10l-2.jpg","width":800,"height":800},{"@type":"BreadcrumbList","@id":"https:\/\/espak.ee\/epood\/toode\/sugavale-tungiv-tolmu-siduv-krunt-dust-primer-10l\/#breadcrumb","itemListElement":[{"@type":"ListItem","position":1,"name":"Home","item":"https:\/\/espak.ee\/epood\/"},{"@type":"ListItem","position":2,"name":"Tootevalik","item":"https:\/\/espak.ee\/epood\/tootevalik\/"},{"@type":"ListItem","position":3,"name":"S\u00dcGAVALE TUNGIV TOLMU SIDUV KRUNT DUST PRIMER 10L"}]},{"@type":"WebSite","@id":"https:\/\/espak.ee\/epood\/#website","url":"https:\/\/espak.ee\/epood\/","name":"Espak E-pood","description":"","potentialAction":[{"@type":"SearchAction","target":{"@type":"EntryPoint","urlTemplate":"https:\/\/espak.ee\/epood\/?s={search_term_string}"},"query-input":{"@type":"PropertyValueSpecification","valueRequired":true,"valueName":"search_term_string"}}],"inLanguage":"et"}]}},"_links":{"self":[{"href":"https:\/\/espak.ee\/epood\/wp-json\/wp\/v2\/product\/224607","targetHints":{"allow":["GET"]}}],"collection":[{"href":"https:\/\/espak.ee\/epood\/wp-json\/wp\/v2\/product"}],"about":[{"href":"https:\/\/espak.ee\/epood\/wp-json\/wp\/v2\/types\/product"}],"replies":[{"embeddable":true,"href":"https:\/\/espak.ee\/epood\/wp-json\/wp\/v2\/comments?post=224607"}],"wp:featuredmedia":[{"embeddable":true,"href":"https:\/\/espak.ee\/epood\/wp-json\/wp\/v2\/media\/224648"}],"wp:attachment":[{"href":"https:\/\/espak.ee\/epood\/wp-json\/wp\/v2\/media?parent=224607"}],"wp:term":[{"taxonomy":"product_brand","embeddable":true,"href":"https:\/\/espak.ee\/epood\/wp-json\/wp\/v2\/product_brand?post=224607"},{"taxonomy":"product_cat","embeddable":true,"href":"https:\/\/espak.ee\/epood\/wp-json\/wp\/v2\/product_cat?post=224607"},{"taxonomy":"product_tag","embeddable":true,"href":"https:\/\/espak.ee\/epood\/wp-json\/wp\/v2\/product_tag?post=224607"}],"curies":[{"name":"wp","href":"https:\/\/api.w.org\/{rel}","templated":true}]}}