{"id":222767,"date":"2025-01-07T05:10:01","date_gmt":"2025-01-07T03:10:01","guid":{"rendered":"https:\/\/espak.ee\/epood\/?post_type=product&#038;p=222767"},"modified":"2025-04-25T20:05:59","modified_gmt":"2025-04-25T17:05:59","slug":"wc-pott-kombi-elegant-rimoff-soft-close-iste-ravak","status":"publish","type":"product","link":"https:\/\/espak.ee\/epood\/toode\/wc-pott-kombi-elegant-rimoff-soft-close-iste-ravak\/","title":{"rendered":"WC-POTT KOMBI ELEGANT RIMOFF + SOFT CLOSE ISTE RAVAK"},"content":{"rendered":"<div class=\"row\"  id=\"row-1918135508\">\n\n\t<div id=\"col-1769675072\" class=\"col medium-9 small-12 large-9\"  >\n\t\t\t\t<div class=\"col-inner\"  >\n\t\t\t\n\t\t\t\n<h2>WC-kombi Elegant RimOff komplekt Ravak<\/h2>\n<p>Elegant RimOff eraldiseisev WC-kombi koos SoftClose aeglaselt kokkuklapitava s\u00fcsteemiga prill-lauaga. Valge disainiga.<\/p>\n<div class=\"is-divider divider clearfix\" ><\/div>\n&#8211; M\u00f5\u00f5tmed (l\/l\/k): 380 x 605 x 825 mm<br \/>\n&#8211; Materjal: tugev keraamika, glasuur ilma t\u00e4iendava pinnat\u00f6\u00f6tluseta (ka tagak\u00fclg)<br \/>\n&#8211; V\u00e4rvus: valge<br \/>\n&#8211; RimOff &#8211; kausiloputustehnoloogia ilma klassikalise \u00e4\u00e4reta<br \/>\n&#8211; J\u00e4\u00e4tme\u00fchendus &#8211; tagumine \/ alumine \u00fchendus<br \/>\n&#8211; Loputusmehhanism &#8211; Geberit<br \/>\n&#8211; \u00d5huke iste on valmistatud kvaliteetsest duraplastist<br \/>\n&#8211; Soft Close \u2013 WC kaane langetamise s\u00fcsteem<br \/>\n&#8211; Prill-laua lihtne eemaldamine \u00fche nupuvajutusega<br \/>\n&#8211; Garantii: 10 aastat<br \/>\n\t<div id=\"gap-1394398576\" class=\"gap-element clearfix\" style=\"display:block; height:auto;\">\n\t\t\n<style>\n#gap-1394398576 {\n  padding-top: 30px;\n}\n<\/style>\n\t<\/div>\n\t\nElegant RimOff tualettruum annab teile selge ja h\u00fcgieenilise ruumi. Potil pole loputusserva, nii et mustus ei ladestu kohta. T\u00e4nu kohandatud sisekujule on garanteeritud, et see loputatakse ideaalselt. See on ideaalne lahendus neile, kes p\u00f6\u00f6ravad suurt t\u00e4helepanu t\u00e4iuslikule puhtusele, h\u00fcgieenile ja lihtsale hooldusele. Tualettruum on loodud pakkuma teile maksimaalset mugavust ja meelerahu, teades, et see on alati t\u00e4iuslikult puhas.<br \/>\nElegant RimOff kombineeritud WC-potil on Geberit loputusmehhanism. Loputuspaagil on topeltloputusv\u00f5imalus, mis v\u00f5imaldab s\u00e4\u00e4sta kasutatava vee koguhulga pealt. V\u00e4ikese loputuse jaoks piisab 3 liitrist, suure jaoks kokku 6 liitrist. Paaki saab t\u00e4ita m\u00f5lemalt poolt. Paagi kaas on tugevalt kinnitatud loputusnupu kruvimehhanismiga. WC kombi Elegant RimOff WC-potil on vasest pr\u00fcgikonnektor, t\u00e4nu millele saab \u00fchendada tagumise horisontaalse ja alumise vertikaalse j\u00e4\u00e4tmep\u00f5lvega.\n<\/p>\n\t<div id=\"gap-1623363974\" class=\"gap-element clearfix\" style=\"display:block; height:auto;\">\n\t\t\n<style>\n#gap-1623363974 {\n  padding-top: 30px;\n}\n<\/style>\n\t<\/div>\n\t\n\t\t<\/div>\n\t\t\t\t\t<\/div>\n\n\t\n\n\t<div id=\"col-495980810\" class=\"col medium-3 small-12 large-3\"  >\n\t\t\t\t<div class=\"col-inner\"  >\n\t\t\t\n\t\t\t\n<h3>Paigaldusjuhend<\/h3>\n<p><a href=\"https:\/\/espak.ee\/epood\/wp-content\/uploads\/2025\/01\/mn_wc-kombi-elegant-rimoff.pdf\"target=\"_blank\" rel=\"noopener noreferrer\"><i class=\"far fa-file-pdf\"><\/i> Paigaldusjuhend (PDF)<\/a><\/p>\n<h3>Tootekataloog<\/h3>\n<p><a href=\"https:\/\/espak.ee\/epood\/wp-content\/uploads\/2022\/06\/ravak_collection_2022_ee.pdf\" target=\"_blank\" rel=\"noopener noreferrer\"><i class=\"far fa-file-pdf\"><\/i> Tootekataloog (PDF)<\/a><\/p>\n<div class=\"is-divider divider clearfix\" ><\/div>\n<p><strong>\u00dcksikasjalikuma n\u00f5u saamiseks v\u00f5tke \u00fchendust:<br \/><\/strong> Ravak Baltic UAB<br \/><a href=\"mailto:info@ravak.ee\">info@ravak.ee<\/a><\/p>\n<div class=\"is-divider divider clearfix\" ><\/div>\n\t\t<\/div>\n\t\t\t\t\t<\/div>\n\n\t\n<\/div>\n","protected":false},"excerpt":{"rendered":"","protected":false},"featured_media":222876,"comment_status":"closed","ping_status":"closed","template":"","meta":[],"product_brand":[],"product_cat":[2819,2820,2839,2841],"product_tag":[],"class_list":{"0":"post-222767","1":"product","2":"type-product","3":"status-publish","4":"has-post-thumbnail","6":"product_cat-sanitaartehnika","7":"product_cat-sanitaartehnika-sanitaartehnika","8":"product_cat-wc-potid","9":"product_cat-wc-potid-tahavooluga","10":"pa_kaubamark-ravak-baltic-uab","12":"first","13":"instock","14":"sale","15":"taxable","16":"shipping-taxable","17":"purchasable","18":"product-type-simple"},"yoast_head":"<!-- This site is optimized with the Yoast SEO plugin v26.9 - https:\/\/yoast.com\/product\/yoast-seo-wordpress\/ -->\n<title>WC-POTT KOMBI ELEGANT RIMOFF + SOFT CLOSE ISTE RAVAK - Espak E-pood<\/title>\n<meta name=\"robots\" content=\"index, follow, max-snippet:-1, max-image-preview:large, max-video-preview:-1\" \/>\n<link rel=\"canonical\" href=\"https:\/\/espak.ee\/epood\/toode\/wc-pott-kombi-elegant-rimoff-soft-close-iste-ravak\/\" \/>\n<meta property=\"og:locale\" content=\"et_EE\" \/>\n<meta property=\"og:type\" content=\"article\" \/>\n<meta property=\"og:title\" content=\"WC-POTT KOMBI ELEGANT RIMOFF + SOFT CLOSE ISTE RAVAK - Espak E-pood\" \/>\n<meta property=\"og:url\" content=\"https:\/\/espak.ee\/epood\/toode\/wc-pott-kombi-elegant-rimoff-soft-close-iste-ravak\/\" \/>\n<meta property=\"og:site_name\" content=\"Espak E-pood\" \/>\n<meta property=\"article:modified_time\" content=\"2025-04-25T17:05:59+00:00\" \/>\n<meta property=\"og:image\" content=\"https:\/\/espak.ee\/epood\/wp-content\/uploads\/2025\/01\/wc-kombi-elegant-rimoff.jpg\" \/>\n\t<meta property=\"og:image:width\" content=\"1000\" \/>\n\t<meta property=\"og:image:height\" content=\"1000\" \/>\n\t<meta property=\"og:image:type\" content=\"image\/jpeg\" \/>\n<meta name=\"twitter:card\" content=\"summary_large_image\" \/>\n<meta name=\"twitter:label1\" content=\"Est. reading time\" \/>\n\t<meta name=\"twitter:data1\" content=\"1 minut\" \/>\n<script type=\"application\/ld+json\" class=\"yoast-schema-graph\">{\"@context\":\"https:\/\/schema.org\",\"@graph\":[{\"@type\":\"WebPage\",\"@id\":\"https:\/\/espak.ee\/epood\/toode\/wc-pott-kombi-elegant-rimoff-soft-close-iste-ravak\/\",\"url\":\"https:\/\/espak.ee\/epood\/toode\/wc-pott-kombi-elegant-rimoff-soft-close-iste-ravak\/\",\"name\":\"WC-POTT KOMBI ELEGANT RIMOFF + SOFT CLOSE ISTE RAVAK - Espak E-pood\",\"isPartOf\":{\"@id\":\"https:\/\/espak.ee\/epood\/#website\"},\"primaryImageOfPage\":{\"@id\":\"https:\/\/espak.ee\/epood\/toode\/wc-pott-kombi-elegant-rimoff-soft-close-iste-ravak\/#primaryimage\"},\"image\":{\"@id\":\"https:\/\/espak.ee\/epood\/toode\/wc-pott-kombi-elegant-rimoff-soft-close-iste-ravak\/#primaryimage\"},\"thumbnailUrl\":\"https:\/\/espak.ee\/epood\/wp-content\/uploads\/2025\/01\/wc-kombi-elegant-rimoff.jpg\",\"datePublished\":\"2025-01-07T03:10:01+00:00\",\"dateModified\":\"2025-04-25T17:05:59+00:00\",\"breadcrumb\":{\"@id\":\"https:\/\/espak.ee\/epood\/toode\/wc-pott-kombi-elegant-rimoff-soft-close-iste-ravak\/#breadcrumb\"},\"inLanguage\":\"et\",\"potentialAction\":[{\"@type\":\"ReadAction\",\"target\":[\"https:\/\/espak.ee\/epood\/toode\/wc-pott-kombi-elegant-rimoff-soft-close-iste-ravak\/\"]}]},{\"@type\":\"ImageObject\",\"inLanguage\":\"et\",\"@id\":\"https:\/\/espak.ee\/epood\/toode\/wc-pott-kombi-elegant-rimoff-soft-close-iste-ravak\/#primaryimage\",\"url\":\"https:\/\/espak.ee\/epood\/wp-content\/uploads\/2025\/01\/wc-kombi-elegant-rimoff.jpg\",\"contentUrl\":\"https:\/\/espak.ee\/epood\/wp-content\/uploads\/2025\/01\/wc-kombi-elegant-rimoff.jpg\",\"width\":1000,\"height\":1000},{\"@type\":\"BreadcrumbList\",\"@id\":\"https:\/\/espak.ee\/epood\/toode\/wc-pott-kombi-elegant-rimoff-soft-close-iste-ravak\/#breadcrumb\",\"itemListElement\":[{\"@type\":\"ListItem\",\"position\":1,\"name\":\"Home\",\"item\":\"https:\/\/espak.ee\/epood\/\"},{\"@type\":\"ListItem\",\"position\":2,\"name\":\"Tootevalik\",\"item\":\"https:\/\/espak.ee\/epood\/tootevalik\/\"},{\"@type\":\"ListItem\",\"position\":3,\"name\":\"WC-POTT KOMBI ELEGANT RIMOFF + SOFT CLOSE ISTE RAVAK\"}]},{\"@type\":\"WebSite\",\"@id\":\"https:\/\/espak.ee\/epood\/#website\",\"url\":\"https:\/\/espak.ee\/epood\/\",\"name\":\"Espak E-pood\",\"description\":\"\",\"potentialAction\":[{\"@type\":\"SearchAction\",\"target\":{\"@type\":\"EntryPoint\",\"urlTemplate\":\"https:\/\/espak.ee\/epood\/?s={search_term_string}\"},\"query-input\":{\"@type\":\"PropertyValueSpecification\",\"valueRequired\":true,\"valueName\":\"search_term_string\"}}],\"inLanguage\":\"et\"}]}<\/script>\n<!-- \/ Yoast SEO plugin. -->","yoast_head_json":{"title":"WC-POTT KOMBI ELEGANT RIMOFF + SOFT CLOSE ISTE RAVAK - Espak E-pood","robots":{"index":"index","follow":"follow","max-snippet":"max-snippet:-1","max-image-preview":"max-image-preview:large","max-video-preview":"max-video-preview:-1"},"canonical":"https:\/\/espak.ee\/epood\/toode\/wc-pott-kombi-elegant-rimoff-soft-close-iste-ravak\/","og_locale":"et_EE","og_type":"article","og_title":"WC-POTT KOMBI ELEGANT RIMOFF + SOFT CLOSE ISTE RAVAK - Espak E-pood","og_url":"https:\/\/espak.ee\/epood\/toode\/wc-pott-kombi-elegant-rimoff-soft-close-iste-ravak\/","og_site_name":"Espak E-pood","article_modified_time":"2025-04-25T17:05:59+00:00","og_image":[{"width":1000,"height":1000,"url":"https:\/\/espak.ee\/epood\/wp-content\/uploads\/2025\/01\/wc-kombi-elegant-rimoff.jpg","type":"image\/jpeg"}],"twitter_card":"summary_large_image","twitter_misc":{"Est. reading time":"1 minut"},"schema":{"@context":"https:\/\/schema.org","@graph":[{"@type":"WebPage","@id":"https:\/\/espak.ee\/epood\/toode\/wc-pott-kombi-elegant-rimoff-soft-close-iste-ravak\/","url":"https:\/\/espak.ee\/epood\/toode\/wc-pott-kombi-elegant-rimoff-soft-close-iste-ravak\/","name":"WC-POTT KOMBI ELEGANT RIMOFF + SOFT CLOSE ISTE RAVAK - Espak E-pood","isPartOf":{"@id":"https:\/\/espak.ee\/epood\/#website"},"primaryImageOfPage":{"@id":"https:\/\/espak.ee\/epood\/toode\/wc-pott-kombi-elegant-rimoff-soft-close-iste-ravak\/#primaryimage"},"image":{"@id":"https:\/\/espak.ee\/epood\/toode\/wc-pott-kombi-elegant-rimoff-soft-close-iste-ravak\/#primaryimage"},"thumbnailUrl":"https:\/\/espak.ee\/epood\/wp-content\/uploads\/2025\/01\/wc-kombi-elegant-rimoff.jpg","datePublished":"2025-01-07T03:10:01+00:00","dateModified":"2025-04-25T17:05:59+00:00","breadcrumb":{"@id":"https:\/\/espak.ee\/epood\/toode\/wc-pott-kombi-elegant-rimoff-soft-close-iste-ravak\/#breadcrumb"},"inLanguage":"et","potentialAction":[{"@type":"ReadAction","target":["https:\/\/espak.ee\/epood\/toode\/wc-pott-kombi-elegant-rimoff-soft-close-iste-ravak\/"]}]},{"@type":"ImageObject","inLanguage":"et","@id":"https:\/\/espak.ee\/epood\/toode\/wc-pott-kombi-elegant-rimoff-soft-close-iste-ravak\/#primaryimage","url":"https:\/\/espak.ee\/epood\/wp-content\/uploads\/2025\/01\/wc-kombi-elegant-rimoff.jpg","contentUrl":"https:\/\/espak.ee\/epood\/wp-content\/uploads\/2025\/01\/wc-kombi-elegant-rimoff.jpg","width":1000,"height":1000},{"@type":"BreadcrumbList","@id":"https:\/\/espak.ee\/epood\/toode\/wc-pott-kombi-elegant-rimoff-soft-close-iste-ravak\/#breadcrumb","itemListElement":[{"@type":"ListItem","position":1,"name":"Home","item":"https:\/\/espak.ee\/epood\/"},{"@type":"ListItem","position":2,"name":"Tootevalik","item":"https:\/\/espak.ee\/epood\/tootevalik\/"},{"@type":"ListItem","position":3,"name":"WC-POTT KOMBI ELEGANT RIMOFF + SOFT CLOSE ISTE RAVAK"}]},{"@type":"WebSite","@id":"https:\/\/espak.ee\/epood\/#website","url":"https:\/\/espak.ee\/epood\/","name":"Espak E-pood","description":"","potentialAction":[{"@type":"SearchAction","target":{"@type":"EntryPoint","urlTemplate":"https:\/\/espak.ee\/epood\/?s={search_term_string}"},"query-input":{"@type":"PropertyValueSpecification","valueRequired":true,"valueName":"search_term_string"}}],"inLanguage":"et"}]}},"_links":{"self":[{"href":"https:\/\/espak.ee\/epood\/wp-json\/wp\/v2\/product\/222767","targetHints":{"allow":["GET"]}}],"collection":[{"href":"https:\/\/espak.ee\/epood\/wp-json\/wp\/v2\/product"}],"about":[{"href":"https:\/\/espak.ee\/epood\/wp-json\/wp\/v2\/types\/product"}],"replies":[{"embeddable":true,"href":"https:\/\/espak.ee\/epood\/wp-json\/wp\/v2\/comments?post=222767"}],"wp:featuredmedia":[{"embeddable":true,"href":"https:\/\/espak.ee\/epood\/wp-json\/wp\/v2\/media\/222876"}],"wp:attachment":[{"href":"https:\/\/espak.ee\/epood\/wp-json\/wp\/v2\/media?parent=222767"}],"wp:term":[{"taxonomy":"product_brand","embeddable":true,"href":"https:\/\/espak.ee\/epood\/wp-json\/wp\/v2\/product_brand?post=222767"},{"taxonomy":"product_cat","embeddable":true,"href":"https:\/\/espak.ee\/epood\/wp-json\/wp\/v2\/product_cat?post=222767"},{"taxonomy":"product_tag","embeddable":true,"href":"https:\/\/espak.ee\/epood\/wp-json\/wp\/v2\/product_tag?post=222767"}],"curies":[{"name":"wp","href":"https:\/\/api.w.org\/{rel}","templated":true}]}}